--
-- Host: localhost    Database: ralyxxton_wp
-- ------------------------------------------------------


--
-- Table structure for table `wp_actionscheduler_actions`
--

CREATE TABLE `wp_actionscheduler_actions` (
  `action_id` bigint unsigned NOT NULL AUTO_INCREMENT,
  `hook` varchar(191) COLLATE utf8mb4_unicode_520_ci NOT NULL,
  `status` varchar(20) COLLATE utf8mb4_unicode_520_ci NOT NULL,
  `scheduled_date_gmt` datetime DEFAULT '0000-00-00 00:00:00',
  `scheduled_date_local` datetime DEFAULT '0000-00-00 00:00:00',
  `args` varchar(191) COLLATE utf8mb4_unicode_520_ci DEFAULT NULL,
  `schedule` longtext COLLATE utf8mb4_unicode_520_ci,
  `group_id` bigint unsigned NOT NULL DEFAULT '0',
  `attempts` int NOT NULL DEFAULT '0',
  `last_attempt_gmt` datetime DEFAULT '0000-00-00 00:00:00',
  `last_attempt_local` datetime DEFAULT '0000-00-00 00:00:00',
  `claim_id` bigint unsigned NOT NULL DEFAULT '0',
  `extended_args` varchar(8000) COLLATE utf8mb4_unicode_520_ci DEFAULT NULL,
  `priority` tinyint unsigned NOT NULL DEFAULT '10',
  PRIMARY KEY (`action_id`),
  KEY `hook` (`hook`),
  KEY `status` (`status`),
  KEY `scheduled_date_gmt` (`scheduled_date_gmt`),
  KEY `args` (`args`),
  KEY `group_id` (`group_id`),
  KEY `last_attempt_gmt` (`last_attempt_gmt`),
  KEY `claim_id_status_scheduled_date_gmt` (`claim_id`,`status`,`scheduled_date_gmt`)
) ENGINE=InnoDB AUTO_INCREMENT=2494 DEFAULT CHARSET=utf8mb4 COLLATE=utf8mb4_unicode_520_ci;

--
-- Dumping data for table `wp_actionscheduler_actions`
--

INSERT INTO `wp_actionscheduler_actions` VALUES (16,'woocommerce_admin/stored_state_setup_for_products/async/run_remote_notifications','failed','2023-06-07 00:05:33','2023-06-07 00:05:33','[]','O:28:\"ActionScheduler_NullSchedule\":0:{}',0,1,'2023-06-07 00:05:48','2023-06-06 19:05:48',0,NULL,10),(2368,'wpforms_email_summaries_fetch_info_blocks','complete','2025-01-30 05:08:04','2025-01-30 05:08:04','{\"tasks_meta_id\":null}','O:32:\"ActionScheduler_IntervalSchedule\":5:{s:22:\"\0*\0scheduled_timestamp\";i:1738213684;s:18:\"\0*\0first_timestamp\";i:1686151150;s:13:\"\0*\0recurrence\";i:604800;s:49:\"\0ActionScheduler_IntervalSchedule\0start_timestamp\";i:1738213684;s:53:\"\0ActionScheduler_IntervalSchedule\0interval_in_seconds\";i:604800;}',2,1,'2025-01-30 06:34:18','2025-01-30 01:34:18',0,NULL,10),(2369,'wpforms_admin_addons_cache_update','complete','2025-01-30 08:48:50','2025-01-30 08:48:50','{\"tasks_meta_id\":27}','O:32:\"ActionScheduler_IntervalSchedule\":5:{s:22:\"\0*\0scheduled_timestamp\";i:1738226930;s:18:\"\0*\0first_timestamp\";i:1687987664;s:13:\"\0*\0recurrence\";i:604800;s:49:\"\0ActionScheduler_IntervalSchedule\0start_timestamp\";i:1738226930;s:53:\"\0ActionScheduler_IntervalSchedule\0interval_in_seconds\";i:604800;}',2,1,'2025-01-30 09:14:34','2025-01-30 04:14:34',0,NULL,10),(2370,'wpforms_admin_builder_templates_cache_update','complete','2025-01-30 08:48:50','2025-01-30 08:48:50','{\"tasks_meta_id\":28}','O:32:\"ActionScheduler_IntervalSchedule\":5:{s:22:\"\0*\0scheduled_timestamp\";i:1738226930;s:18:\"\0*\0first_timestamp\";i:1687987664;s:13:\"\0*\0recurrence\";i:604800;s:49:\"\0ActionScheduler_IntervalSchedule\0start_timestamp\";i:1738226930;s:53:\"\0ActionScheduler_IntervalSchedule\0interval_in_seconds\";i:604800;}',2,1,'2025-01-30 09:14:34','2025-01-30 04:14:34',0,NULL,10),(2384,'wpforms_process_forms_locator_scan','complete','2025-01-28 11:52:54','2025-01-28 11:52:54','{\"tasks_meta_id\":6}','O:32:\"ActionScheduler_IntervalSchedule\":5:{s:22:\"\0*\0scheduled_timestamp\";i:1738065174;s:18:\"\0*\0first_timestamp\";i:1686173472;s:13:\"\0*\0recurrence\";i:86400;s:49:\"\0ActionScheduler_IntervalSchedule\0start_timestamp\";i:1738065174;s:53:\"\0ActionScheduler_IntervalSchedule\0interval_in_seconds\";i:86400;}',2,1,'2025-01-28 12:24:16','2025-01-28 07:24:16',0,NULL,10),(2385,'woocommerce_cleanup_draft_orders','complete','2025-01-28 11:52:54','2025-01-28 11:52:54','[]','O:32:\"ActionScheduler_IntervalSchedule\":5:{s:22:\"\0*\0scheduled_timestamp\";i:1738065174;s:18:\"\0*\0first_timestamp\";i:1686096092;s:13:\"\0*\0recurrence\";i:86400;s:49:\"\0ActionScheduler_IntervalSchedule\0start_timestamp\";i:1738065174;s:53:\"\0ActionScheduler_IntervalSchedule\0interval_in_seconds\";i:86400;}',7,1,'2025-01-28 12:24:16','2025-01-28 07:24:16',0,NULL,10),(2386,'wpforms_process_forms_locator_save','complete','2025-01-28 12:24:16','2025-01-28 12:24:16','{\"tasks_meta_id\":626}','O:28:\"ActionScheduler_NullSchedule\":0:{}',2,1,'2025-01-28 12:24:16','2025-01-28 07:24:16',0,NULL,10),(2387,'wpforms_process_forms_locator_scan','complete','2025-01-29 12:24:16','2025-01-29 12:24:16','{\"tasks_meta_id\":6}','O:32:\"ActionScheduler_IntervalSchedule\":5:{s:22:\"\0*\0scheduled_timestamp\";i:1738153456;s:18:\"\0*\0first_timestamp\";i:1686173472;s:13:\"\0*\0recurrence\";i:86400;s:49:\"\0ActionScheduler_IntervalSchedule\0start_timestamp\";i:1738153456;s:53:\"\0ActionScheduler_IntervalSchedule\0interval_in_seconds\";i:86400;}',2,1,'2025-01-29 12:52:04','2025-01-29 07:52:04',0,NULL,10),(2388,'woocommerce_cleanup_draft_orders','complete','2025-01-29 12:24:16','2025-01-29 12:24:16','[]','O:32:\"ActionScheduler_IntervalSchedule\":5:{s:22:\"\0*\0scheduled_timestamp\";i:1738153456;s:18:\"\0*\0first_timestamp\";i:1686096092;s:13:\"\0*\0recurrence\";i:86400;s:49:\"\0ActionScheduler_IntervalSchedule\0start_timestamp\";i:1738153456;s:53:\"\0ActionScheduler_IntervalSchedule\0interval_in_seconds\";i:86400;}',7,1,'2025-01-29 12:52:04','2025-01-29 07:52:04',0,NULL,10),(2389,'wpforms_process_forms_locator_save','complete','2025-01-29 12:52:04','2025-01-29 12:52:04','{\"tasks_meta_id\":627}','O:28:\"ActionScheduler_NullSchedule\":0:{}',2,1,'2025-01-29 12:52:04','2025-01-29 07:52:04',0,NULL,10),(2390,'wpforms_process_forms_locator_scan','complete','2025-01-30 12:52:04','2025-01-30 12:52:04','{\"tasks_meta_id\":6}','O:32:\"ActionScheduler_IntervalSchedule\":5:{s:22:\"\0*\0scheduled_timestamp\";i:1738241524;s:18:\"\0*\0first_timestamp\";i:1686173472;s:13:\"\0*\0recurrence\";i:86400;s:49:\"\0ActionScheduler_IntervalSchedule\0start_timestamp\";i:1738241524;s:53:\"\0ActionScheduler_IntervalSchedule\0interval_in_seconds\";i:86400;}',2,1,'2025-01-30 13:26:18','2025-01-30 08:26:18',0,NULL,10),(2391,'woocommerce_cleanup_draft_orders','complete','2025-01-30 12:52:04','2025-01-30 12:52:04','[]','O:32:\"ActionScheduler_IntervalSchedule\":5:{s:22:\"\0*\0scheduled_timestamp\";i:1738241524;s:18:\"\0*\0first_timestamp\";i:1686096092;s:13:\"\0*\0recurrence\";i:86400;s:49:\"\0ActionScheduler_IntervalSchedule\0start_timestamp\";i:1738241524;s:53:\"\0ActionScheduler_IntervalSchedule\0interval_in_seconds\";i:86400;}',7,1,'2025-01-30 13:26:18','2025-01-30 08:26:18',0,NULL,10),(2392,'wpforms_email_summaries_fetch_info_blocks','complete','2025-02-06 06:34:18','2025-02-06 06:34:18','{\"tasks_meta_id\":null}','O:32:\"ActionScheduler_IntervalSchedule\":5:{s:22:\"\0*\0scheduled_timestamp\";i:1738823658;s:18:\"\0*\0first_timestamp\";i:1686151150;s:13:\"\0*\0recurrence\";i:604800;s:49:\"\0ActionScheduler_IntervalSchedule\0start_timestamp\";i:1738823658;s:53:\"\0ActionScheduler_IntervalSchedule\0interval_in_seconds\";i:604800;}',2,1,'2025-02-06 06:36:49','2025-02-06 01:36:49',0,NULL,10),(2393,'wpforms_admin_addons_cache_update','complete','2025-02-06 09:14:34','2025-02-06 09:14:34','{\"tasks_meta_id\":27}','O:32:\"ActionScheduler_IntervalSchedule\":5:{s:22:\"\0*\0scheduled_timestamp\";i:1738833274;s:18:\"\0*\0first_timestamp\";i:1687987664;s:13:\"\0*\0recurrence\";i:604800;s:49:\"\0ActionScheduler_IntervalSchedule\0start_timestamp\";i:1738833274;s:53:\"\0ActionScheduler_IntervalSchedule\0interval_in_seconds\";i:604800;}',2,1,'2025-02-06 09:14:34','2025-02-06 04:14:34',0,NULL,10),(2394,'wpforms_admin_builder_templates_cache_update','complete','2025-02-06 09:14:34','2025-02-06 09:14:34','{\"tasks_meta_id\":28}','O:32:\"ActionScheduler_IntervalSchedule\":5:{s:22:\"\0*\0scheduled_timestamp\";i:1738833274;s:18:\"\0*\0first_timestamp\";i:1687987664;s:13:\"\0*\0recurrence\";i:604800;s:49:\"\0ActionScheduler_IntervalSchedule\0start_timestamp\";i:1738833274;s:53:\"\0ActionScheduler_IntervalSchedule\0interval_in_seconds\";i:604800;}',2,1,'2025-02-06 09:14:34','2025-02-06 04:14:34',0,NULL,10),(2395,'wpforms_process_forms_locator_save','complete','2025-01-30 13:26:18','2025-01-30 13:26:18','{\"tasks_meta_id\":628}','O:28:\"ActionScheduler_NullSchedule\":0:{}',2,1,'2025-01-30 13:26:18','2025-01-30 08:26:18',0,NULL,10),(2396,'wpforms_process_forms_locator_scan','complete','2025-01-31 13:26:18','2025-01-31 13:26:18','{\"tasks_meta_id\":6}','O:32:\"ActionScheduler_IntervalSchedule\":5:{s:22:\"\0*\0scheduled_timestamp\";i:1738329978;s:18:\"\0*\0first_timestamp\";i:1686173472;s:13:\"\0*\0recurrence\";i:86400;s:49:\"\0ActionScheduler_IntervalSchedule\0start_timestamp\";i:1738329978;s:53:\"\0ActionScheduler_IntervalSchedule\0interval_in_seconds\";i:86400;}',2,1,'2025-01-31 13:27:18','2025-01-31 08:27:18',0,NULL,10),(2397,'woocommerce_cleanup_draft_orders','complete','2025-01-31 13:26:18','2025-01-31 13:26:18','[]','O:32:\"ActionScheduler_IntervalSchedule\":5:{s:22:\"\0*\0scheduled_timestamp\";i:1738329978;s:18:\"\0*\0first_timestamp\";i:1686096092;s:13:\"\0*\0recurrence\";i:86400;s:49:\"\0ActionScheduler_IntervalSchedule\0start_timestamp\";i:1738329978;s:53:\"\0ActionScheduler_IntervalSchedule\0interval_in_seconds\";i:86400;}',7,1,'2025-01-31 13:27:18','2025-01-31 08:27:18',0,NULL,10),(2398,'wpforms_process_forms_locator_save','complete','2025-01-31 13:27:18','2025-01-31 13:27:18','{\"tasks_meta_id\":629}','O:28:\"ActionScheduler_NullSchedule\":0:{}',2,1,'2025-01-31 13:27:18','2025-01-31 08:27:18',0,NULL,10),(2399,'wpforms_process_forms_locator_scan','complete','2025-02-01 13:27:18','2025-02-01 13:27:18','{\"tasks_meta_id\":6}','O:32:\"ActionScheduler_IntervalSchedule\":5:{s:22:\"\0*\0scheduled_timestamp\";i:1738416438;s:18:\"\0*\0first_timestamp\";i:1686173472;s:13:\"\0*\0recurrence\";i:86400;s:49:\"\0ActionScheduler_IntervalSchedule\0start_timestamp\";i:1738416438;s:53:\"\0ActionScheduler_IntervalSchedule\0interval_in_seconds\";i:86400;}',2,1,'2025-02-01 13:46:06','2025-02-01 08:46:06',0,NULL,10),(2400,'woocommerce_cleanup_draft_orders','complete','2025-02-01 13:27:18','2025-02-01 13:27:18','[]','O:32:\"ActionScheduler_IntervalSchedule\":5:{s:22:\"\0*\0scheduled_timestamp\";i:1738416438;s:18:\"\0*\0first_timestamp\";i:1686096092;s:13:\"\0*\0recurrence\";i:86400;s:49:\"\0ActionScheduler_IntervalSchedule\0start_timestamp\";i:1738416438;s:53:\"\0ActionScheduler_IntervalSchedule\0interval_in_seconds\";i:86400;}',7,1,'2025-02-01 13:46:06','2025-02-01 08:46:06',0,NULL,10),(2401,'wpforms_process_forms_locator_save','complete','2025-02-01 13:46:06','2025-02-01 13:46:06','{\"tasks_meta_id\":630}','O:28:\"ActionScheduler_NullSchedule\":0:{}',2,1,'2025-02-01 13:46:06','2025-02-01 08:46:06',0,NULL,10),(2402,'wpforms_process_forms_locator_scan','complete','2025-02-02 13:46:06','2025-02-02 13:46:06','{\"tasks_meta_id\":6}','O:32:\"ActionScheduler_IntervalSchedule\":5:{s:22:\"\0*\0scheduled_timestamp\";i:1738503966;s:18:\"\0*\0first_timestamp\";i:1686173472;s:13:\"\0*\0recurrence\";i:86400;s:49:\"\0ActionScheduler_IntervalSchedule\0start_timestamp\";i:1738503966;s:53:\"\0ActionScheduler_IntervalSchedule\0interval_in_seconds\";i:86400;}',2,1,'2025-02-02 14:00:41','2025-02-02 09:00:41',0,NULL,10),(2403,'woocommerce_cleanup_draft_orders','complete','2025-02-02 13:46:06','2025-02-02 13:46:06','[]','O:32:\"ActionScheduler_IntervalSchedule\":5:{s:22:\"\0*\0scheduled_timestamp\";i:1738503966;s:18:\"\0*\0first_timestamp\";i:1686096092;s:13:\"\0*\0recurrence\";i:86400;s:49:\"\0ActionScheduler_IntervalSchedule\0start_timestamp\";i:1738503966;s:53:\"\0ActionScheduler_IntervalSchedule\0interval_in_seconds\";i:86400;}',7,1,'2025-02-02 14:00:41','2025-02-02 09:00:41',0,NULL,10),(2404,'wpforms_process_forms_locator_save','complete','2025-02-02 14:00:41','2025-02-02 14:00:41','{\"tasks_meta_id\":631}','O:28:\"ActionScheduler_NullSchedule\":0:{}',2,1,'2025-02-02 14:00:41','2025-02-02 09:00:41',0,NULL,10),(2405,'wpforms_process_forms_locator_scan','complete','2025-02-03 14:00:41','2025-02-03 14:00:41','{\"tasks_meta_id\":6}','O:32:\"ActionScheduler_IntervalSchedule\":5:{s:22:\"\0*\0scheduled_timestamp\";i:1738591241;s:18:\"\0*\0first_timestamp\";i:1686173472;s:13:\"\0*\0recurrence\";i:86400;s:49:\"\0ActionScheduler_IntervalSchedule\0start_timestamp\";i:1738591241;s:53:\"\0ActionScheduler_IntervalSchedule\0interval_in_seconds\";i:86400;}',2,1,'2025-02-03 14:05:47','2025-02-03 09:05:47',0,NULL,10),(2406,'woocommerce_cleanup_draft_orders','complete','2025-02-03 14:00:41','2025-02-03 14:00:41','[]','O:32:\"ActionScheduler_IntervalSchedule\":5:{s:22:\"\0*\0scheduled_timestamp\";i:1738591241;s:18:\"\0*\0first_timestamp\";i:1686096092;s:13:\"\0*\0recurrence\";i:86400;s:49:\"\0ActionScheduler_IntervalSchedule\0start_timestamp\";i:1738591241;s:53:\"\0ActionScheduler_IntervalSchedule\0interval_in_seconds\";i:86400;}',7,1,'2025-02-03 14:05:47','2025-02-03 09:05:47',0,NULL,10),(2407,'wpforms_process_forms_locator_save','complete','2025-02-03 14:05:47','2025-02-03 14:05:47','{\"tasks_meta_id\":632}','O:28:\"ActionScheduler_NullSchedule\":0:{}',2,1,'2025-02-03 14:05:47','2025-02-03 09:05:47',0,NULL,10),(2408,'wpforms_process_forms_locator_scan','complete','2025-02-04 14:05:47','2025-02-04 14:05:47','{\"tasks_meta_id\":6}','O:32:\"ActionScheduler_IntervalSchedule\":5:{s:22:\"\0*\0scheduled_timestamp\";i:1738677947;s:18:\"\0*\0first_timestamp\";i:1686173472;s:13:\"\0*\0recurrence\";i:86400;s:49:\"\0ActionScheduler_IntervalSchedule\0start_timestamp\";i:1738677947;s:53:\"\0ActionScheduler_IntervalSchedule\0interval_in_seconds\";i:86400;}',2,1,'2025-02-04 14:16:32','2025-02-04 09:16:32',0,NULL,10),(2409,'woocommerce_cleanup_draft_orders','complete','2025-02-04 14:05:47','2025-02-04 14:05:47','[]','O:32:\"ActionScheduler_IntervalSchedule\":5:{s:22:\"\0*\0scheduled_timestamp\";i:1738677947;s:18:\"\0*\0first_timestamp\";i:1686096092;s:13:\"\0*\0recurrence\";i:86400;s:49:\"\0ActionScheduler_IntervalSchedule\0start_timestamp\";i:1738677947;s:53:\"\0ActionScheduler_IntervalSchedule\0interval_in_seconds\";i:86400;}',7,1,'2025-02-04 14:16:32','2025-02-04 09:16:32',0,NULL,10),(2410,'wpforms_process_forms_locator_save','complete','2025-02-04 14:16:32','2025-02-04 14:16:32','{\"tasks_meta_id\":633}','O:28:\"ActionScheduler_NullSchedule\":0:{}',2,1,'2025-02-04 14:16:32','2025-02-04 09:16:32',0,NULL,10),(2411,'wpforms_process_forms_locator_scan','complete','2025-02-05 14:16:32','2025-02-05 14:16:32','{\"tasks_meta_id\":6}','O:32:\"ActionScheduler_IntervalSchedule\":5:{s:22:\"\0*\0scheduled_timestamp\";i:1738764992;s:18:\"\0*\0first_timestamp\";i:1686173472;s:13:\"\0*\0recurrence\";i:86400;s:49:\"\0ActionScheduler_IntervalSchedule\0start_timestamp\";i:1738764992;s:53:\"\0ActionScheduler_IntervalSchedule\0interval_in_seconds\";i:86400;}',2,1,'2025-02-05 14:17:25','2025-02-05 09:17:25',0,NULL,10),(2412,'woocommerce_cleanup_draft_orders','complete','2025-02-05 14:16:32','2025-02-05 14:16:32','[]','O:32:\"ActionScheduler_IntervalSchedule\":5:{s:22:\"\0*\0scheduled_timestamp\";i:1738764992;s:18:\"\0*\0first_timestamp\";i:1686096092;s:13:\"\0*\0recurrence\";i:86400;s:49:\"\0ActionScheduler_IntervalSchedule\0start_timestamp\";i:1738764992;s:53:\"\0ActionScheduler_IntervalSchedule\0interval_in_seconds\";i:86400;}',7,1,'2025-02-05 14:17:25','2025-02-05 09:17:25',0,NULL,10),(2413,'wpforms_process_forms_locator_save','complete','2025-02-05 14:17:25','2025-02-05 14:17:25','{\"tasks_meta_id\":634}','O:28:\"ActionScheduler_NullSchedule\":0:{}',2,1,'2025-02-05 14:17:25','2025-02-05 09:17:25',0,NULL,10),(2414,'wpforms_process_forms_locator_scan','complete','2025-02-06 14:17:25','2025-02-06 14:17:25','{\"tasks_meta_id\":6}','O:32:\"ActionScheduler_IntervalSchedule\":5:{s:22:\"\0*\0scheduled_timestamp\";i:1738851445;s:18:\"\0*\0first_timestamp\";i:1686173472;s:13:\"\0*\0recurrence\";i:86400;s:49:\"\0ActionScheduler_IntervalSchedule\0start_timestamp\";i:1738851445;s:53:\"\0ActionScheduler_IntervalSchedule\0interval_in_seconds\";i:86400;}',2,1,'2025-02-06 14:24:53','2025-02-06 09:24:53',0,NULL,10),(2415,'woocommerce_cleanup_draft_orders','complete','2025-02-06 14:17:25','2025-02-06 14:17:25','[]','O:32:\"ActionScheduler_IntervalSchedule\":5:{s:22:\"\0*\0scheduled_timestamp\";i:1738851445;s:18:\"\0*\0first_timestamp\";i:1686096092;s:13:\"\0*\0recurrence\";i:86400;s:49:\"\0ActionScheduler_IntervalSchedule\0start_timestamp\";i:1738851445;s:53:\"\0ActionScheduler_IntervalSchedule\0interval_in_seconds\";i:86400;}',7,1,'2025-02-06 14:24:53','2025-02-06 09:24:53',0,NULL,10),(2416,'wpforms_email_summaries_fetch_info_blocks','complete','2025-02-13 06:36:49','2025-02-13 06:36:49','{\"tasks_meta_id\":null}','O:32:\"ActionScheduler_IntervalSchedule\":5:{s:22:\"\0*\0scheduled_timestamp\";i:1739428609;s:18:\"\0*\0first_timestamp\";i:1686151150;s:13:\"\0*\0recurrence\";i:604800;s:49:\"\0ActionScheduler_IntervalSchedule\0start_timestamp\";i:1739428609;s:53:\"\0ActionScheduler_IntervalSchedule\0interval_in_seconds\";i:604800;}',2,1,'2025-02-13 06:42:06','2025-02-13 01:42:06',0,NULL,10),(2417,'wpforms_admin_addons_cache_update','complete','2025-02-13 09:14:34','2025-02-13 09:14:34','{\"tasks_meta_id\":27}','O:32:\"ActionScheduler_IntervalSchedule\":5:{s:22:\"\0*\0scheduled_timestamp\";i:1739438074;s:18:\"\0*\0first_timestamp\";i:1687987664;s:13:\"\0*\0recurrence\";i:604800;s:49:\"\0ActionScheduler_IntervalSchedule\0start_timestamp\";i:1739438074;s:53:\"\0ActionScheduler_IntervalSchedule\0interval_in_seconds\";i:604800;}',2,1,'2025-02-13 09:15:58','2025-02-13 04:15:58',0,NULL,10),(2418,'wpforms_admin_builder_templates_cache_update','complete','2025-02-13 09:14:34','2025-02-13 09:14:34','{\"tasks_meta_id\":28}','O:32:\"ActionScheduler_IntervalSchedule\":5:{s:22:\"\0*\0scheduled_timestamp\";i:1739438074;s:18:\"\0*\0first_timestamp\";i:1687987664;s:13:\"\0*\0recurrence\";i:604800;s:49:\"\0ActionScheduler_IntervalSchedule\0start_timestamp\";i:1739438074;s:53:\"\0ActionScheduler_IntervalSchedule\0interval_in_seconds\";i:604800;}',2,1,'2025-02-13 09:15:59','2025-02-13 04:15:59',0,NULL,10),(2419,'wpforms_process_forms_locator_save','complete','2025-02-06 14:24:53','2025-02-06 14:24:53','{\"tasks_meta_id\":635}','O:28:\"ActionScheduler_NullSchedule\":0:{}',2,1,'2025-02-06 14:24:53','2025-02-06 09:24:53',0,NULL,10),(2420,'wpforms_process_forms_locator_scan','complete','2025-02-07 14:24:53','2025-02-07 14:24:53','{\"tasks_meta_id\":6}','O:32:\"ActionScheduler_IntervalSchedule\":5:{s:22:\"\0*\0scheduled_timestamp\";i:1738938293;s:18:\"\0*\0first_timestamp\";i:1686173472;s:13:\"\0*\0recurrence\";i:86400;s:49:\"\0ActionScheduler_IntervalSchedule\0start_timestamp\";i:1738938293;s:53:\"\0ActionScheduler_IntervalSchedule\0interval_in_seconds\";i:86400;}',2,1,'2025-02-07 14:27:52','2025-02-07 09:27:52',0,NULL,10),(2421,'woocommerce_cleanup_draft_orders','complete','2025-02-07 14:24:53','2025-02-07 14:24:53','[]','O:32:\"ActionScheduler_IntervalSchedule\":5:{s:22:\"\0*\0scheduled_timestamp\";i:1738938293;s:18:\"\0*\0first_timestamp\";i:1686096092;s:13:\"\0*\0recurrence\";i:86400;s:49:\"\0ActionScheduler_IntervalSchedule\0start_timestamp\";i:1738938293;s:53:\"\0ActionScheduler_IntervalSchedule\0interval_in_seconds\";i:86400;}',7,1,'2025-02-07 14:27:52','2025-02-07 09:27:52',0,NULL,10),(2422,'wpforms_process_forms_locator_save','complete','2025-02-07 14:27:52','2025-02-07 14:27:52','{\"tasks_meta_id\":636}','O:28:\"ActionScheduler_NullSchedule\":0:{}',2,1,'2025-02-07 14:27:53','2025-02-07 09:27:53',0,NULL,10),(2423,'wpforms_process_forms_locator_scan','complete','2025-02-08 14:27:52','2025-02-08 14:27:52','{\"tasks_meta_id\":6}','O:32:\"ActionScheduler_IntervalSchedule\":5:{s:22:\"\0*\0scheduled_timestamp\";i:1739024872;s:18:\"\0*\0first_timestamp\";i:1686173472;s:13:\"\0*\0recurrence\";i:86400;s:49:\"\0ActionScheduler_IntervalSchedule\0start_timestamp\";i:1739024872;s:53:\"\0ActionScheduler_IntervalSchedule\0interval_in_seconds\";i:86400;}',2,1,'2025-02-08 14:30:39','2025-02-08 09:30:39',0,NULL,10),(2424,'woocommerce_cleanup_draft_orders','complete','2025-02-08 14:27:52','2025-02-08 14:27:52','[]','O:32:\"ActionScheduler_IntervalSchedule\":5:{s:22:\"\0*\0scheduled_timestamp\";i:1739024872;s:18:\"\0*\0first_timestamp\";i:1686096092;s:13:\"\0*\0recurrence\";i:86400;s:49:\"\0ActionScheduler_IntervalSchedule\0start_timestamp\";i:1739024872;s:53:\"\0ActionScheduler_IntervalSchedule\0interval_in_seconds\";i:86400;}',7,1,'2025-02-08 14:30:39','2025-02-08 09:30:39',0,NULL,10),(2425,'wpforms_process_forms_locator_save','complete','2025-02-08 14:30:39','2025-02-08 14:30:39','{\"tasks_meta_id\":637}','O:28:\"ActionScheduler_NullSchedule\":0:{}',2,1,'2025-02-08 14:30:39','2025-02-08 09:30:39',0,NULL,10),(2426,'wpforms_process_forms_locator_scan','complete','2025-02-09 14:30:39','2025-02-09 14:30:39','{\"tasks_meta_id\":6}','O:32:\"ActionScheduler_IntervalSchedule\":5:{s:22:\"\0*\0scheduled_timestamp\";i:1739111439;s:18:\"\0*\0first_timestamp\";i:1686173472;s:13:\"\0*\0recurrence\";i:86400;s:49:\"\0ActionScheduler_IntervalSchedule\0start_timestamp\";i:1739111439;s:53:\"\0ActionScheduler_IntervalSchedule\0interval_in_seconds\";i:86400;}',2,1,'2025-02-09 15:01:09','2025-02-09 10:01:09',0,NULL,10),(2427,'woocommerce_cleanup_draft_orders','complete','2025-02-09 14:30:39','2025-02-09 14:30:39','[]','O:32:\"ActionScheduler_IntervalSchedule\":5:{s:22:\"\0*\0scheduled_timestamp\";i:1739111439;s:18:\"\0*\0first_timestamp\";i:1686096092;s:13:\"\0*\0recurrence\";i:86400;s:49:\"\0ActionScheduler_IntervalSchedule\0start_timestamp\";i:1739111439;s:53:\"\0ActionScheduler_IntervalSchedule\0interval_in_seconds\";i:86400;}',7,1,'2025-02-09 15:01:09','2025-02-09 10:01:09',0,NULL,10),(2428,'wpforms_process_forms_locator_save','complete','2025-02-09 15:01:09','2025-02-09 15:01:09','{\"tasks_meta_id\":638}','O:28:\"ActionScheduler_NullSchedule\":0:{}',2,1,'2025-02-09 15:01:09','2025-02-09 10:01:09',0,NULL,10),(2429,'wpforms_process_forms_locator_scan','complete','2025-02-10 15:01:09','2025-02-10 15:01:09','{\"tasks_meta_id\":6}','O:32:\"ActionScheduler_IntervalSchedule\":5:{s:22:\"\0*\0scheduled_timestamp\";i:1739199669;s:18:\"\0*\0first_timestamp\";i:1686173472;s:13:\"\0*\0recurrence\";i:86400;s:49:\"\0ActionScheduler_IntervalSchedule\0start_timestamp\";i:1739199669;s:53:\"\0ActionScheduler_IntervalSchedule\0interval_in_seconds\";i:86400;}',2,1,'2025-02-10 15:14:12','2025-02-10 10:14:12',0,NULL,10),(2430,'woocommerce_cleanup_draft_orders','complete','2025-02-10 15:01:09','2025-02-10 15:01:09','[]','O:32:\"ActionScheduler_IntervalSchedule\":5:{s:22:\"\0*\0scheduled_timestamp\";i:1739199669;s:18:\"\0*\0first_timestamp\";i:1686096092;s:13:\"\0*\0recurrence\";i:86400;s:49:\"\0ActionScheduler_IntervalSchedule\0start_timestamp\";i:1739199669;s:53:\"\0ActionScheduler_IntervalSchedule\0interval_in_seconds\";i:86400;}',7,1,'2025-02-10 15:14:12','2025-02-10 10:14:12',0,NULL,10),(2431,'wpforms_process_forms_locator_save','complete','2025-02-10 15:14:12','2025-02-10 15:14:12','{\"tasks_meta_id\":639}','O:28:\"ActionScheduler_NullSchedule\":0:{}',2,1,'2025-02-10 15:14:12','2025-02-10 10:14:12',0,NULL,10),(2432,'wpforms_process_forms_locator_scan','complete','2025-02-11 15:14:12','2025-02-11 15:14:12','{\"tasks_meta_id\":6}','O:32:\"ActionScheduler_IntervalSchedule\":5:{s:22:\"\0*\0scheduled_timestamp\";i:1739286852;s:18:\"\0*\0first_timestamp\";i:1686173472;s:13:\"\0*\0recurrence\";i:86400;s:49:\"\0ActionScheduler_IntervalSchedule\0start_timestamp\";i:1739286852;s:53:\"\0ActionScheduler_IntervalSchedule\0interval_in_seconds\";i:86400;}',2,1,'2025-02-11 15:18:18','2025-02-11 10:18:18',0,NULL,10),(2433,'woocommerce_cleanup_draft_orders','complete','2025-02-11 15:14:12','2025-02-11 15:14:12','[]','O:32:\"ActionScheduler_IntervalSchedule\":5:{s:22:\"\0*\0scheduled_timestamp\";i:1739286852;s:18:\"\0*\0first_timestamp\";i:1686096092;s:13:\"\0*\0recurrence\";i:86400;s:49:\"\0ActionScheduler_IntervalSchedule\0start_timestamp\";i:1739286852;s:53:\"\0ActionScheduler_IntervalSchedule\0interval_in_seconds\";i:86400;}',7,1,'2025-02-11 15:18:18','2025-02-11 10:18:18',0,NULL,10),(2434,'wpforms_process_forms_locator_save','complete','2025-02-11 15:18:18','2025-02-11 15:18:18','{\"tasks_meta_id\":640}','O:28:\"ActionScheduler_NullSchedule\":0:{}',2,1,'2025-02-11 15:18:19','2025-02-11 10:18:19',0,NULL,10),(2435,'wpforms_process_forms_locator_scan','complete','2025-02-12 15:18:18','2025-02-12 15:18:18','{\"tasks_meta_id\":6}','O:32:\"ActionScheduler_IntervalSchedule\":5:{s:22:\"\0*\0scheduled_timestamp\";i:1739373498;s:18:\"\0*\0first_timestamp\";i:1686173472;s:13:\"\0*\0recurrence\";i:86400;s:49:\"\0ActionScheduler_IntervalSchedule\0start_timestamp\";i:1739373498;s:53:\"\0ActionScheduler_IntervalSchedule\0interval_in_seconds\";i:86400;}',2,1,'2025-02-12 15:22:11','2025-02-12 10:22:11',0,NULL,10),(2436,'woocommerce_cleanup_draft_orders','complete','2025-02-12 15:18:18','2025-02-12 15:18:18','[]','O:32:\"ActionScheduler_IntervalSchedule\":5:{s:22:\"\0*\0scheduled_timestamp\";i:1739373498;s:18:\"\0*\0first_timestamp\";i:1686096092;s:13:\"\0*\0recurrence\";i:86400;s:49:\"\0ActionScheduler_IntervalSchedule\0start_timestamp\";i:1739373498;s:53:\"\0ActionScheduler_IntervalSchedule\0interval_in_seconds\";i:86400;}',7,1,'2025-02-12 15:22:11','2025-02-12 10:22:11',0,NULL,10),(2437,'wpforms_process_forms_locator_save','complete','2025-02-12 15:22:11','2025-02-12 15:22:11','{\"tasks_meta_id\":641}','O:28:\"ActionScheduler_NullSchedule\":0:{}',2,1,'2025-02-12 15:22:11','2025-02-12 10:22:11',0,NULL,10),(2438,'wpforms_process_forms_locator_scan','complete','2025-02-13 15:22:11','2025-02-13 15:22:11','{\"tasks_meta_id\":6}','O:32:\"ActionScheduler_IntervalSchedule\":5:{s:22:\"\0*\0scheduled_timestamp\";i:1739460131;s:18:\"\0*\0first_timestamp\";i:1686173472;s:13:\"\0*\0recurrence\";i:86400;s:49:\"\0ActionScheduler_IntervalSchedule\0start_timestamp\";i:1739460131;s:53:\"\0ActionScheduler_IntervalSchedule\0interval_in_seconds\";i:86400;}',2,1,'2025-02-13 15:26:43','2025-02-13 10:26:43',0,NULL,10),(2439,'woocommerce_cleanup_draft_orders','complete','2025-02-13 15:22:11','2025-02-13 15:22:11','[]','O:32:\"ActionScheduler_IntervalSchedule\":5:{s:22:\"\0*\0scheduled_timestamp\";i:1739460131;s:18:\"\0*\0first_timestamp\";i:1686096092;s:13:\"\0*\0recurrence\";i:86400;s:49:\"\0ActionScheduler_IntervalSchedule\0start_timestamp\";i:1739460131;s:53:\"\0ActionScheduler_IntervalSchedule\0interval_in_seconds\";i:86400;}',7,1,'2025-02-13 15:26:43','2025-02-13 10:26:43',0,NULL,10),(2440,'wpforms_email_summaries_fetch_info_blocks','complete','2025-02-20 06:42:06','2025-02-20 06:42:06','{\"tasks_meta_id\":null}','O:32:\"ActionScheduler_IntervalSchedule\":5:{s:22:\"\0*\0scheduled_timestamp\";i:1740033726;s:18:\"\0*\0first_timestamp\";i:1686151150;s:13:\"\0*\0recurrence\";i:604800;s:49:\"\0ActionScheduler_IntervalSchedule\0start_timestamp\";i:1740033726;s:53:\"\0ActionScheduler_IntervalSchedule\0interval_in_seconds\";i:604800;}',2,1,'2025-02-20 06:45:59','2025-02-20 01:45:59',0,NULL,10),(2441,'wpforms_admin_addons_cache_update','complete','2025-02-20 09:15:58','2025-02-20 09:15:58','{\"tasks_meta_id\":27}','O:32:\"ActionScheduler_IntervalSchedule\":5:{s:22:\"\0*\0scheduled_timestamp\";i:1740042958;s:18:\"\0*\0first_timestamp\";i:1687987664;s:13:\"\0*\0recurrence\";i:604800;s:49:\"\0ActionScheduler_IntervalSchedule\0start_timestamp\";i:1740042958;s:53:\"\0ActionScheduler_IntervalSchedule\0interval_in_seconds\";i:604800;}',2,1,'2025-02-20 09:21:51','2025-02-20 04:21:51',0,NULL,10),(2442,'wpforms_admin_builder_templates_cache_update','complete','2025-02-20 09:15:59','2025-02-20 09:15:59','{\"tasks_meta_id\":28}','O:32:\"ActionScheduler_IntervalSchedule\":5:{s:22:\"\0*\0scheduled_timestamp\";i:1740042959;s:18:\"\0*\0first_timestamp\";i:1687987664;s:13:\"\0*\0recurrence\";i:604800;s:49:\"\0ActionScheduler_IntervalSchedule\0start_timestamp\";i:1740042959;s:53:\"\0ActionScheduler_IntervalSchedule\0interval_in_seconds\";i:604800;}',2,1,'2025-02-20 09:21:51','2025-02-20 04:21:51',0,NULL,10),(2443,'wpforms_process_forms_locator_save','complete','2025-02-13 15:26:43','2025-02-13 15:26:43','{\"tasks_meta_id\":642}','O:28:\"ActionScheduler_NullSchedule\":0:{}',2,1,'2025-02-13 15:26:43','2025-02-13 10:26:43',0,NULL,10),(2444,'wpforms_process_forms_locator_scan','complete','2025-02-14 15:26:43','2025-02-14 15:26:43','{\"tasks_meta_id\":6}','O:32:\"ActionScheduler_IntervalSchedule\":5:{s:22:\"\0*\0scheduled_timestamp\";i:1739546803;s:18:\"\0*\0first_timestamp\";i:1686173472;s:13:\"\0*\0recurrence\";i:86400;s:49:\"\0ActionScheduler_IntervalSchedule\0start_timestamp\";i:1739546803;s:53:\"\0ActionScheduler_IntervalSchedule\0interval_in_seconds\";i:86400;}',2,1,'2025-02-14 15:56:03','2025-02-14 10:56:03',0,NULL,10),(2445,'woocommerce_cleanup_draft_orders','complete','2025-02-14 15:26:43','2025-02-14 15:26:43','[]','O:32:\"ActionScheduler_IntervalSchedule\":5:{s:22:\"\0*\0scheduled_timestamp\";i:1739546803;s:18:\"\0*\0first_timestamp\";i:1686096092;s:13:\"\0*\0recurrence\";i:86400;s:49:\"\0ActionScheduler_IntervalSchedule\0start_timestamp\";i:1739546803;s:53:\"\0ActionScheduler_IntervalSchedule\0interval_in_seconds\";i:86400;}',7,1,'2025-02-14 15:56:03','2025-02-14 10:56:03',0,NULL,10),(2446,'wpforms_process_forms_locator_save','complete','2025-02-14 15:56:03','2025-02-14 15:56:03','{\"tasks_meta_id\":643}','O:28:\"ActionScheduler_NullSchedule\":0:{}',2,1,'2025-02-14 15:56:03','2025-02-14 10:56:03',0,NULL,10),(2447,'wpforms_process_forms_locator_scan','complete','2025-02-15 15:56:03','2025-02-15 15:56:03','{\"tasks_meta_id\":6}','O:32:\"ActionScheduler_IntervalSchedule\":5:{s:22:\"\0*\0scheduled_timestamp\";i:1739634963;s:18:\"\0*\0first_timestamp\";i:1686173472;s:13:\"\0*\0recurrence\";i:86400;s:49:\"\0ActionScheduler_IntervalSchedule\0start_timestamp\";i:1739634963;s:53:\"\0ActionScheduler_IntervalSchedule\0interval_in_seconds\";i:86400;}',2,1,'2025-02-15 15:58:48','2025-02-15 10:58:48',0,NULL,10),(2448,'woocommerce_cleanup_draft_orders','complete','2025-02-15 15:56:03','2025-02-15 15:56:03','[]','O:32:\"ActionScheduler_IntervalSchedule\":5:{s:22:\"\0*\0scheduled_timestamp\";i:1739634963;s:18:\"\0*\0first_timestamp\";i:1686096092;s:13:\"\0*\0recurrence\";i:86400;s:49:\"\0ActionScheduler_IntervalSchedule\0start_timestamp\";i:1739634963;s:53:\"\0ActionScheduler_IntervalSchedule\0interval_in_seconds\";i:86400;}',7,1,'2025-02-15 15:58:48','2025-02-15 10:58:48',0,NULL,10),(2449,'wpforms_process_forms_locator_save','complete','2025-02-15 15:58:48','2025-02-15 15:58:48','{\"tasks_meta_id\":644}','O:28:\"ActionScheduler_NullSchedule\":0:{}',2,1,'2025-02-15 15:58:48','2025-02-15 10:58:48',0,NULL,10),(2450,'wpforms_process_forms_locator_scan','complete','2025-02-16 15:58:48','2025-02-16 15:58:48','{\"tasks_meta_id\":6}','O:32:\"ActionScheduler_IntervalSchedule\":5:{s:22:\"\0*\0scheduled_timestamp\";i:1739721528;s:18:\"\0*\0first_timestamp\";i:1686173472;s:13:\"\0*\0recurrence\";i:86400;s:49:\"\0ActionScheduler_IntervalSchedule\0start_timestamp\";i:1739721528;s:53:\"\0ActionScheduler_IntervalSchedule\0interval_in_seconds\";i:86400;}',2,1,'2025-02-16 16:03:58','2025-02-16 11:03:58',0,NULL,10),(2451,'woocommerce_cleanup_draft_orders','complete','2025-02-16 15:58:48','2025-02-16 15:58:48','[]','O:32:\"ActionScheduler_IntervalSchedule\":5:{s:22:\"\0*\0scheduled_timestamp\";i:1739721528;s:18:\"\0*\0first_timestamp\";i:1686096092;s:13:\"\0*\0recurrence\";i:86400;s:49:\"\0ActionScheduler_IntervalSchedule\0start_timestamp\";i:1739721528;s:53:\"\0ActionScheduler_IntervalSchedule\0interval_in_seconds\";i:86400;}',7,1,'2025-02-16 16:03:58','2025-02-16 11:03:58',0,NULL,10),(2452,'wpforms_process_forms_locator_save','complete','2025-02-16 16:03:58','2025-02-16 16:03:58','{\"tasks_meta_id\":645}','O:28:\"ActionScheduler_NullSchedule\":0:{}',2,1,'2025-02-16 16:03:58','2025-02-16 11:03:58',0,NULL,10),(2453,'wpforms_process_forms_locator_scan','complete','2025-02-17 16:03:58','2025-02-17 16:03:58','{\"tasks_meta_id\":6}','O:32:\"ActionScheduler_IntervalSchedule\":5:{s:22:\"\0*\0scheduled_timestamp\";i:1739808238;s:18:\"\0*\0first_timestamp\";i:1686173472;s:13:\"\0*\0recurrence\";i:86400;s:49:\"\0ActionScheduler_IntervalSchedule\0start_timestamp\";i:1739808238;s:53:\"\0ActionScheduler_IntervalSchedule\0interval_in_seconds\";i:86400;}',2,1,'2025-02-17 16:06:29','2025-02-17 11:06:29',0,NULL,10),(2454,'woocommerce_cleanup_draft_orders','complete','2025-02-17 16:03:58','2025-02-17 16:03:58','[]','O:32:\"ActionScheduler_IntervalSchedule\":5:{s:22:\"\0*\0scheduled_timestamp\";i:1739808238;s:18:\"\0*\0first_timestamp\";i:1686096092;s:13:\"\0*\0recurrence\";i:86400;s:49:\"\0ActionScheduler_IntervalSchedule\0start_timestamp\";i:1739808238;s:53:\"\0ActionScheduler_IntervalSchedule\0interval_in_seconds\";i:86400;}',7,1,'2025-02-17 16:06:29','2025-02-17 11:06:29',0,NULL,10),(2455,'wpforms_process_forms_locator_save','complete','2025-02-17 16:06:29','2025-02-17 16:06:29','{\"tasks_meta_id\":646}','O:28:\"ActionScheduler_NullSchedule\":0:{}',2,1,'2025-02-17 16:06:30','2025-02-17 11:06:30',0,NULL,10),(2456,'wpforms_process_forms_locator_scan','complete','2025-02-18 16:06:29','2025-02-18 16:06:29','{\"tasks_meta_id\":6}','O:32:\"ActionScheduler_IntervalSchedule\":5:{s:22:\"\0*\0scheduled_timestamp\";i:1739894789;s:18:\"\0*\0first_timestamp\";i:1686173472;s:13:\"\0*\0recurrence\";i:86400;s:49:\"\0ActionScheduler_IntervalSchedule\0start_timestamp\";i:1739894789;s:53:\"\0ActionScheduler_IntervalSchedule\0interval_in_seconds\";i:86400;}',2,1,'2025-02-18 16:15:43','2025-02-18 11:15:43',0,NULL,10),(2457,'woocommerce_cleanup_draft_orders','complete','2025-02-18 16:06:29','2025-02-18 16:06:29','[]','O:32:\"ActionScheduler_IntervalSchedule\":5:{s:22:\"\0*\0scheduled_timestamp\";i:1739894789;s:18:\"\0*\0first_timestamp\";i:1686096092;s:13:\"\0*\0recurrence\";i:86400;s:49:\"\0ActionScheduler_IntervalSchedule\0start_timestamp\";i:1739894789;s:53:\"\0ActionScheduler_IntervalSchedule\0interval_in_seconds\";i:86400;}',7,1,'2025-02-18 16:15:43','2025-02-18 11:15:43',0,NULL,10),(2458,'wpforms_process_forms_locator_save','complete','2025-02-18 16:15:43','2025-02-18 16:15:43','{\"tasks_meta_id\":647}','O:28:\"ActionScheduler_NullSchedule\":0:{}',2,1,'2025-02-18 16:15:43','2025-02-18 11:15:43',0,NULL,10),(2459,'wpforms_process_forms_locator_scan','complete','2025-02-19 16:15:43','2025-02-19 16:15:43','{\"tasks_meta_id\":6}','O:32:\"ActionScheduler_IntervalSchedule\":5:{s:22:\"\0*\0scheduled_timestamp\";i:1739981743;s:18:\"\0*\0first_timestamp\";i:1686173472;s:13:\"\0*\0recurrence\";i:86400;s:49:\"\0ActionScheduler_IntervalSchedule\0start_timestamp\";i:1739981743;s:53:\"\0ActionScheduler_IntervalSchedule\0interval_in_seconds\";i:86400;}',2,1,'2025-02-19 16:16:19','2025-02-19 11:16:19',0,NULL,10),(2460,'woocommerce_cleanup_draft_orders','complete','2025-02-19 16:15:43','2025-02-19 16:15:43','[]','O:32:\"ActionScheduler_IntervalSchedule\":5:{s:22:\"\0*\0scheduled_timestamp\";i:1739981743;s:18:\"\0*\0first_timestamp\";i:1686096092;s:13:\"\0*\0recurrence\";i:86400;s:49:\"\0ActionScheduler_IntervalSchedule\0start_timestamp\";i:1739981743;s:53:\"\0ActionScheduler_IntervalSchedule\0interval_in_seconds\";i:86400;}',7,1,'2025-02-19 16:16:19','2025-02-19 11:16:19',0,NULL,10),(2461,'wpforms_process_forms_locator_save','complete','2025-02-19 16:16:19','2025-02-19 16:16:19','{\"tasks_meta_id\":648}','O:28:\"ActionScheduler_NullSchedule\":0:{}',2,1,'2025-02-19 16:16:20','2025-02-19 11:16:20',0,NULL,10),(2462,'wpforms_process_forms_locator_scan','complete','2025-02-20 16:16:19','2025-02-20 16:16:19','{\"tasks_meta_id\":6}','O:32:\"ActionScheduler_IntervalSchedule\":5:{s:22:\"\0*\0scheduled_timestamp\";i:1740068179;s:18:\"\0*\0first_timestamp\";i:1686173472;s:13:\"\0*\0recurrence\";i:86400;s:49:\"\0ActionScheduler_IntervalSchedule\0start_timestamp\";i:1740068179;s:53:\"\0ActionScheduler_IntervalSchedule\0interval_in_seconds\";i:86400;}',2,1,'2025-02-20 16:16:40','2025-02-20 11:16:40',0,NULL,10),(2463,'woocommerce_cleanup_draft_orders','complete','2025-02-20 16:16:20','2025-02-20 16:16:20','[]','O:32:\"ActionScheduler_IntervalSchedule\":5:{s:22:\"\0*\0scheduled_timestamp\";i:1740068180;s:18:\"\0*\0first_timestamp\";i:1686096092;s:13:\"\0*\0recurrence\";i:86400;s:49:\"\0ActionScheduler_IntervalSchedule\0start_timestamp\";i:1740068180;s:53:\"\0ActionScheduler_IntervalSchedule\0interval_in_seconds\";i:86400;}',7,1,'2025-02-20 16:16:40','2025-02-20 11:16:40',0,NULL,10),(2464,'wpforms_email_summaries_fetch_info_blocks','complete','2025-02-27 06:45:59','2025-02-27 06:45:59','{\"tasks_meta_id\":null}','O:32:\"ActionScheduler_IntervalSchedule\":5:{s:22:\"\0*\0scheduled_timestamp\";i:1740638759;s:18:\"\0*\0first_timestamp\";i:1686151150;s:13:\"\0*\0recurrence\";i:604800;s:49:\"\0ActionScheduler_IntervalSchedule\0start_timestamp\";i:1740638759;s:53:\"\0ActionScheduler_IntervalSchedule\0interval_in_seconds\";i:604800;}',2,1,'2025-02-27 07:19:56','2025-02-27 02:19:56',0,NULL,10),(2465,'wpforms_admin_addons_cache_update','complete','2025-02-27 09:21:51','2025-02-27 09:21:51','{\"tasks_meta_id\":27}','O:32:\"ActionScheduler_IntervalSchedule\":5:{s:22:\"\0*\0scheduled_timestamp\";i:1740648111;s:18:\"\0*\0first_timestamp\";i:1687987664;s:13:\"\0*\0recurrence\";i:604800;s:49:\"\0ActionScheduler_IntervalSchedule\0start_timestamp\";i:1740648111;s:53:\"\0ActionScheduler_IntervalSchedule\0interval_in_seconds\";i:604800;}',2,1,'2025-02-27 09:23:25','2025-02-27 04:23:25',0,NULL,10),(2466,'wpforms_admin_builder_templates_cache_update','complete','2025-02-27 09:21:51','2025-02-27 09:21:51','{\"tasks_meta_id\":28}','O:32:\"ActionScheduler_IntervalSchedule\":5:{s:22:\"\0*\0scheduled_timestamp\";i:1740648111;s:18:\"\0*\0first_timestamp\";i:1687987664;s:13:\"\0*\0recurrence\";i:604800;s:49:\"\0ActionScheduler_IntervalSchedule\0start_timestamp\";i:1740648111;s:53:\"\0ActionScheduler_IntervalSchedule\0interval_in_seconds\";i:604800;}',2,1,'2025-02-27 09:23:26','2025-02-27 04:23:26',0,NULL,10),(2467,'wpforms_process_forms_locator_save','complete','2025-02-20 16:16:40','2025-02-20 16:16:40','{\"tasks_meta_id\":649}','O:28:\"ActionScheduler_NullSchedule\":0:{}',2,1,'2025-02-20 16:16:40','2025-02-20 11:16:40',0,NULL,10),(2468,'wpforms_process_forms_locator_scan','complete','2025-02-21 16:16:40','2025-02-21 16:16:40','{\"tasks_meta_id\":6}','O:32:\"ActionScheduler_IntervalSchedule\":5:{s:22:\"\0*\0scheduled_timestamp\";i:1740154600;s:18:\"\0*\0first_timestamp\";i:1686173472;s:13:\"\0*\0recurrence\";i:86400;s:49:\"\0ActionScheduler_IntervalSchedule\0start_timestamp\";i:1740154600;s:53:\"\0ActionScheduler_IntervalSchedule\0interval_in_seconds\";i:86400;}',2,1,'2025-02-21 16:25:35','2025-02-21 11:25:35',0,NULL,10),(2469,'woocommerce_cleanup_draft_orders','complete','2025-02-21 16:16:40','2025-02-21 16:16:40','[]','O:32:\"ActionScheduler_IntervalSchedule\":5:{s:22:\"\0*\0scheduled_timestamp\";i:1740154600;s:18:\"\0*\0first_timestamp\";i:1686096092;s:13:\"\0*\0recurrence\";i:86400;s:49:\"\0ActionScheduler_IntervalSchedule\0start_timestamp\";i:1740154600;s:53:\"\0ActionScheduler_IntervalSchedule\0interval_in_seconds\";i:86400;}',7,1,'2025-02-21 16:25:36','2025-02-21 11:25:36',0,NULL,10),(2470,'wpforms_process_forms_locator_save','complete','2025-02-21 16:25:35','2025-02-21 16:25:35','{\"tasks_meta_id\":650}','O:28:\"ActionScheduler_NullSchedule\":0:{}',2,1,'2025-02-21 16:25:36','2025-02-21 11:25:36',0,NULL,10),(2471,'wpforms_process_forms_locator_scan','complete','2025-02-22 16:25:35','2025-02-22 16:25:35','{\"tasks_meta_id\":6}','O:32:\"ActionScheduler_IntervalSchedule\":5:{s:22:\"\0*\0scheduled_timestamp\";i:1740241535;s:18:\"\0*\0first_timestamp\";i:1686173472;s:13:\"\0*\0recurrence\";i:86400;s:49:\"\0ActionScheduler_IntervalSchedule\0start_timestamp\";i:1740241535;s:53:\"\0ActionScheduler_IntervalSchedule\0interval_in_seconds\";i:86400;}',2,1,'2025-02-22 16:28:29','2025-02-22 11:28:29',0,NULL,10),(2472,'woocommerce_cleanup_draft_orders','complete','2025-02-22 16:25:36','2025-02-22 16:25:36','[]','O:32:\"ActionScheduler_IntervalSchedule\":5:{s:22:\"\0*\0scheduled_timestamp\";i:1740241536;s:18:\"\0*\0first_timestamp\";i:1686096092;s:13:\"\0*\0recurrence\";i:86400;s:49:\"\0ActionScheduler_IntervalSchedule\0start_timestamp\";i:1740241536;s:53:\"\0ActionScheduler_IntervalSchedule\0interval_in_seconds\";i:86400;}',7,1,'2025-02-22 16:28:29','2025-02-22 11:28:29',0,NULL,10),(2473,'wpforms_process_forms_locator_save','complete','2025-02-22 16:28:29','2025-02-22 16:28:29','{\"tasks_meta_id\":651}','O:28:\"ActionScheduler_NullSchedule\":0:{}',2,1,'2025-02-22 16:28:29','2025-02-22 11:28:29',0,NULL,10),(2474,'wpforms_process_forms_locator_scan','complete','2025-02-23 16:28:29','2025-02-23 16:28:29','{\"tasks_meta_id\":6}','O:32:\"ActionScheduler_IntervalSchedule\":5:{s:22:\"\0*\0scheduled_timestamp\";i:1740328109;s:18:\"\0*\0first_timestamp\";i:1686173472;s:13:\"\0*\0recurrence\";i:86400;s:49:\"\0ActionScheduler_IntervalSchedule\0start_timestamp\";i:1740328109;s:53:\"\0ActionScheduler_IntervalSchedule\0interval_in_seconds\";i:86400;}',2,1,'2025-02-23 16:35:52','2025-02-23 11:35:52',0,NULL,10),(2475,'woocommerce_cleanup_draft_orders','complete','2025-02-23 16:28:29','2025-02-23 16:28:29','[]','O:32:\"ActionScheduler_IntervalSchedule\":5:{s:22:\"\0*\0scheduled_timestamp\";i:1740328109;s:18:\"\0*\0first_timestamp\";i:1686096092;s:13:\"\0*\0recurrence\";i:86400;s:49:\"\0ActionScheduler_IntervalSchedule\0start_timestamp\";i:1740328109;s:53:\"\0ActionScheduler_IntervalSchedule\0interval_in_seconds\";i:86400;}',7,1,'2025-02-23 16:35:52','2025-02-23 11:35:52',0,NULL,10),(2476,'wpforms_process_forms_locator_save','complete','2025-02-23 16:35:52','2025-02-23 16:35:52','{\"tasks_meta_id\":652}','O:28:\"ActionScheduler_NullSchedule\":0:{}',2,1,'2025-02-23 16:35:52','2025-02-23 11:35:52',0,NULL,10),(2477,'wpforms_process_forms_locator_scan','complete','2025-02-24 16:35:52','2025-02-24 16:35:52','{\"tasks_meta_id\":6}','O:32:\"ActionScheduler_IntervalSchedule\":5:{s:22:\"\0*\0scheduled_timestamp\";i:1740414952;s:18:\"\0*\0first_timestamp\";i:1686173472;s:13:\"\0*\0recurrence\";i:86400;s:49:\"\0ActionScheduler_IntervalSchedule\0start_timestamp\";i:1740414952;s:53:\"\0ActionScheduler_IntervalSchedule\0interval_in_seconds\";i:86400;}',2,1,'2025-02-24 16:48:03','2025-02-24 11:48:03',0,NULL,10),(2478,'woocommerce_cleanup_draft_orders','complete','2025-02-24 16:35:52','2025-02-24 16:35:52','[]','O:32:\"ActionScheduler_IntervalSchedule\":5:{s:22:\"\0*\0scheduled_timestamp\";i:1740414952;s:18:\"\0*\0first_timestamp\";i:1686096092;s:13:\"\0*\0recurrence\";i:86400;s:49:\"\0ActionScheduler_IntervalSchedule\0start_timestamp\";i:1740414952;s:53:\"\0ActionScheduler_IntervalSchedule\0interval_in_seconds\";i:86400;}',7,1,'2025-02-24 16:48:03','2025-02-24 11:48:03',0,NULL,10),(2479,'wpforms_process_forms_locator_save','complete','2025-02-24 16:48:03','2025-02-24 16:48:03','{\"tasks_meta_id\":653}','O:28:\"ActionScheduler_NullSchedule\":0:{}',2,1,'2025-02-24 16:48:03','2025-02-24 11:48:03',0,NULL,10),(2480,'wpforms_process_forms_locator_scan','complete','2025-02-25 16:48:03','2025-02-25 16:48:03','{\"tasks_meta_id\":6}','O:32:\"ActionScheduler_IntervalSchedule\":5:{s:22:\"\0*\0scheduled_timestamp\";i:1740502083;s:18:\"\0*\0first_timestamp\";i:1686173472;s:13:\"\0*\0recurrence\";i:86400;s:49:\"\0ActionScheduler_IntervalSchedule\0start_timestamp\";i:1740502083;s:53:\"\0ActionScheduler_IntervalSchedule\0interval_in_seconds\";i:86400;}',2,1,'2025-02-25 17:02:21','2025-02-25 12:02:21',0,NULL,10),(2481,'woocommerce_cleanup_draft_orders','complete','2025-02-25 16:48:03','2025-02-25 16:48:03','[]','O:32:\"ActionScheduler_IntervalSchedule\":5:{s:22:\"\0*\0scheduled_timestamp\";i:1740502083;s:18:\"\0*\0first_timestamp\";i:1686096092;s:13:\"\0*\0recurrence\";i:86400;s:49:\"\0ActionScheduler_IntervalSchedule\0start_timestamp\";i:1740502083;s:53:\"\0ActionScheduler_IntervalSchedule\0interval_in_seconds\";i:86400;}',7,1,'2025-02-25 17:02:21','2025-02-25 12:02:21',0,NULL,10),(2482,'wpforms_process_forms_locator_save','complete','2025-02-25 17:02:21','2025-02-25 17:02:21','{\"tasks_meta_id\":654}','O:28:\"ActionScheduler_NullSchedule\":0:{}',2,1,'2025-02-25 17:02:21','2025-02-25 12:02:21',0,NULL,10),(2483,'wpforms_process_forms_locator_scan','complete','2025-02-26 17:02:21','2025-02-26 17:02:21','{\"tasks_meta_id\":6}','O:32:\"ActionScheduler_IntervalSchedule\":5:{s:22:\"\0*\0scheduled_timestamp\";i:1740589341;s:18:\"\0*\0first_timestamp\";i:1686173472;s:13:\"\0*\0recurrence\";i:86400;s:49:\"\0ActionScheduler_IntervalSchedule\0start_timestamp\";i:1740589341;s:53:\"\0ActionScheduler_IntervalSchedule\0interval_in_seconds\";i:86400;}',2,1,'2025-02-26 17:04:28','2025-02-26 12:04:28',0,NULL,10),(2484,'woocommerce_cleanup_draft_orders','complete','2025-02-26 17:02:21','2025-02-26 17:02:21','[]','O:32:\"ActionScheduler_IntervalSchedule\":5:{s:22:\"\0*\0scheduled_timestamp\";i:1740589341;s:18:\"\0*\0first_timestamp\";i:1686096092;s:13:\"\0*\0recurrence\";i:86400;s:49:\"\0ActionScheduler_IntervalSchedule\0start_timestamp\";i:1740589341;s:53:\"\0ActionScheduler_IntervalSchedule\0interval_in_seconds\";i:86400;}',7,1,'2025-02-26 17:04:28','2025-02-26 12:04:28',0,NULL,10),(2485,'wpforms_process_forms_locator_save','complete','2025-02-26 17:04:28','2025-02-26 17:04:28','{\"tasks_meta_id\":655}','O:28:\"ActionScheduler_NullSchedule\":0:{}',2,1,'2025-02-26 17:04:28','2025-02-26 12:04:28',0,NULL,10),(2486,'wpforms_process_forms_locator_scan','complete','2025-02-27 17:04:28','2025-02-27 17:04:28','{\"tasks_meta_id\":6}','O:32:\"ActionScheduler_IntervalSchedule\":5:{s:22:\"\0*\0scheduled_timestamp\";i:1740675868;s:18:\"\0*\0first_timestamp\";i:1686173472;s:13:\"\0*\0recurrence\";i:86400;s:49:\"\0ActionScheduler_IntervalSchedule\0start_timestamp\";i:1740675868;s:53:\"\0ActionScheduler_IntervalSchedule\0interval_in_seconds\";i:86400;}',2,1,'2025-02-27 17:05:27','2025-02-27 12:05:27',0,NULL,10),(2487,'woocommerce_cleanup_draft_orders','complete','2025-02-27 17:04:28','2025-02-27 17:04:28','[]','O:32:\"ActionScheduler_IntervalSchedule\":5:{s:22:\"\0*\0scheduled_timestamp\";i:1740675868;s:18:\"\0*\0first_timestamp\";i:1686096092;s:13:\"\0*\0recurrence\";i:86400;s:49:\"\0ActionScheduler_IntervalSchedule\0start_timestamp\";i:1740675868;s:53:\"\0ActionScheduler_IntervalSchedule\0interval_in_seconds\";i:86400;}',7,1,'2025-02-27 17:05:27','2025-02-27 12:05:27',0,NULL,10),(2488,'wpforms_email_summaries_fetch_info_blocks','pending','2025-03-06 07:19:56','2025-03-06 07:19:56','{\"tasks_meta_id\":null}','O:32:\"ActionScheduler_IntervalSchedule\":5:{s:22:\"\0*\0scheduled_timestamp\";i:1741245596;s:18:\"\0*\0first_timestamp\";i:1686151150;s:13:\"\0*\0recurrence\";i:604800;s:49:\"\0ActionScheduler_IntervalSchedule\0start_timestamp\";i:1741245596;s:53:\"\0ActionScheduler_IntervalSchedule\0interval_in_seconds\";i:604800;}',2,0,'0000-00-00 00:00:00','0000-00-00 00:00:00',0,NULL,10),(2489,'wpforms_admin_addons_cache_update','pending','2025-03-06 09:23:25','2025-03-06 09:23:25','{\"tasks_meta_id\":27}','O:32:\"ActionScheduler_IntervalSchedule\":5:{s:22:\"\0*\0scheduled_timestamp\";i:1741253005;s:18:\"\0*\0first_timestamp\";i:1687987664;s:13:\"\0*\0recurrence\";i:604800;s:49:\"\0ActionScheduler_IntervalSchedule\0start_timestamp\";i:1741253005;s:53:\"\0ActionScheduler_IntervalSchedule\0interval_in_seconds\";i:604800;}',2,0,'0000-00-00 00:00:00','0000-00-00 00:00:00',0,NULL,10),(2490,'wpforms_admin_builder_templates_cache_update','pending','2025-03-06 09:23:26','2025-03-06 09:23:26','{\"tasks_meta_id\":28}','O:32:\"ActionScheduler_IntervalSchedule\":5:{s:22:\"\0*\0scheduled_timestamp\";i:1741253006;s:18:\"\0*\0first_timestamp\";i:1687987664;s:13:\"\0*\0recurrence\";i:604800;s:49:\"\0ActionScheduler_IntervalSchedule\0start_timestamp\";i:1741253006;s:53:\"\0ActionScheduler_IntervalSchedule\0interval_in_seconds\";i:604800;}',2,0,'0000-00-00 00:00:00','0000-00-00 00:00:00',0,NULL,10),(2491,'wpforms_process_forms_locator_save','complete','2025-02-27 17:05:27','2025-02-27 17:05:27','{\"tasks_meta_id\":656}','O:28:\"ActionScheduler_NullSchedule\":0:{}',2,1,'2025-02-27 17:05:27','2025-02-27 12:05:27',0,NULL,10),(2492,'wpforms_process_forms_locator_scan','pending','2025-02-28 17:05:27','2025-02-28 17:05:27','{\"tasks_meta_id\":6}','O:32:\"ActionScheduler_IntervalSchedule\":5:{s:22:\"\0*\0scheduled_timestamp\";i:1740762327;s:18:\"\0*\0first_timestamp\";i:1686173472;s:13:\"\0*\0recurrence\";i:86400;s:49:\"\0ActionScheduler_IntervalSchedule\0start_timestamp\";i:1740762327;s:53:\"\0ActionScheduler_IntervalSchedule\0interval_in_seconds\";i:86400;}',2,0,'0000-00-00 00:00:00','0000-00-00 00:00:00',0,NULL,10),(2493,'woocommerce_cleanup_draft_orders','pending','2025-02-28 17:05:27','2025-02-28 17:05:27','[]','O:32:\"ActionScheduler_IntervalSchedule\":5:{s:22:\"\0*\0scheduled_timestamp\";i:1740762327;s:18:\"\0*\0first_timestamp\";i:1686096092;s:13:\"\0*\0recurrence\";i:86400;s:49:\"\0ActionScheduler_IntervalSchedule\0start_timestamp\";i:1740762327;s:53:\"\0ActionScheduler_IntervalSchedule\0interval_in_seconds\";i:86400;}',7,0,'0000-00-00 00:00:00','0000-00-00 00:00:00',0,NULL,10);

--
-- Table structure for table `wp_actionscheduler_claims`
--

CREATE TABLE `wp_actionscheduler_claims` (
  `claim_id` bigint unsigned NOT NULL AUTO_INCREMENT,
  `date_created_gmt` datetime DEFAULT '0000-00-00 00:00:00',
  PRIMARY KEY (`claim_id`),
  KEY `date_created_gmt` (`date_created_gmt`)
) ENGINE=InnoDB AUTO_INCREMENT=142792 DEFAULT CHARSET=utf8mb4 COLLATE=utf8mb4_unicode_520_ci;

--
-- Dumping data for table `wp_actionscheduler_claims`
--


--
-- Table structure for table `wp_actionscheduler_groups`
--

CREATE TABLE `wp_actionscheduler_groups` (
  `group_id` bigint unsigned NOT NULL AUTO_INCREMENT,
  `slug` varchar(255) COLLATE utf8mb4_unicode_520_ci NOT NULL,
  PRIMARY KEY (`group_id`),
  KEY `slug` (`slug`(191))
) ENGINE=InnoDB AUTO_INCREMENT=8 DEFAULT CHARSET=utf8mb4 COLLATE=utf8mb4_unicode_520_ci;

--
-- Dumping data for table `wp_actionscheduler_groups`
--

INSERT INTO `wp_actionscheduler_groups` VALUES (1,'action-scheduler-migration'),(2,'wpforms'),(3,'wc_update_product_lookup_tables'),(4,'woocommerce-db-updates'),(5,'wc_update_product_default_cat'),(6,'woocommerce-remote-inbox-engine'),(7,'');

--
-- Table structure for table `wp_actionscheduler_logs`
--

CREATE TABLE `wp_actionscheduler_logs` (
  `log_id` bigint unsigned NOT NULL AUTO_INCREMENT,
  `action_id` bigint unsigned NOT NULL,
  `message` text COLLATE utf8mb4_unicode_520_ci NOT NULL,
  `log_date_gmt` datetime DEFAULT '0000-00-00 00:00:00',
  `log_date_local` datetime DEFAULT '0000-00-00 00:00:00',
  PRIMARY KEY (`log_id`),
  KEY `action_id` (`action_id`),
  KEY `log_date_gmt` (`log_date_gmt`)
) ENGINE=InnoDB AUTO_INCREMENT=7445 DEFAULT CHARSET=utf8mb4 COLLATE=utf8mb4_unicode_520_ci;

--
-- Dumping data for table `wp_actionscheduler_logs`
--

INSERT INTO `wp_actionscheduler_logs` VALUES (16,16,'action created','2023-06-07 00:05:33','2023-06-07 00:05:33'),(30,16,'action started via WP Cron','2023-06-07 00:05:48','2023-06-07 00:05:48'),(31,16,'action failed via WP Cron: Scheduled action for woocommerce_admin/stored_state_setup_for_products/async/run_remote_notifications will not be executed as no callbacks are registered.','2023-06-07 00:05:48','2023-06-07 00:05:48'),(7069,2368,'action created','2025-01-23 05:08:04','2025-01-23 05:08:04'),(7072,2369,'action created','2025-01-23 08:48:50','2025-01-23 08:48:50'),(7075,2370,'action created','2025-01-23 08:48:50','2025-01-23 08:48:50'),(7115,2384,'action created','2025-01-27 11:52:54','2025-01-27 11:52:54'),(7118,2385,'action created','2025-01-27 11:52:54','2025-01-27 11:52:54'),(7121,2384,'action started via WP Cron','2025-01-28 12:24:16','2025-01-28 12:24:16'),(7122,2386,'action created','2025-01-28 12:24:16','2025-01-28 12:24:16'),(7123,2384,'action complete via WP Cron','2025-01-28 12:24:16','2025-01-28 12:24:16'),(7124,2387,'action created','2025-01-28 12:24:16','2025-01-28 12:24:16'),(7125,2385,'action started via WP Cron','2025-01-28 12:24:16','2025-01-28 12:24:16'),(7126,2385,'action complete via WP Cron','2025-01-28 12:24:16','2025-01-28 12:24:16'),(7127,2388,'action created','2025-01-28 12:24:16','2025-01-28 12:24:16'),(7128,2386,'action started via WP Cron','2025-01-28 12:24:16','2025-01-28 12:24:16'),(7129,2386,'action complete via WP Cron','2025-01-28 12:24:16','2025-01-28 12:24:16'),(7130,2387,'action started via WP Cron','2025-01-29 12:52:04','2025-01-29 12:52:04'),(7131,2389,'action created','2025-01-29 12:52:04','2025-01-29 12:52:04'),(7132,2387,'action complete via WP Cron','2025-01-29 12:52:04','2025-01-29 12:52:04'),(7133,2390,'action created','2025-01-29 12:52:04','2025-01-29 12:52:04'),(7134,2388,'action started via WP Cron','2025-01-29 12:52:04','2025-01-29 12:52:04'),(7135,2388,'action complete via WP Cron','2025-01-29 12:52:04','2025-01-29 12:52:04'),(7136,2391,'action created','2025-01-29 12:52:04','2025-01-29 12:52:04'),(7137,2389,'action started via WP Cron','2025-01-29 12:52:04','2025-01-29 12:52:04'),(7138,2389,'action complete via WP Cron','2025-01-29 12:52:04','2025-01-29 12:52:04'),(7139,2368,'action started via WP Cron','2025-01-30 06:34:18','2025-01-30 06:34:18'),(7140,2368,'action complete via WP Cron','2025-01-30 06:34:18','2025-01-30 06:34:18'),(7141,2392,'action created','2025-01-30 06:34:18','2025-01-30 06:34:18'),(7142,2369,'action started via WP Cron','2025-01-30 09:14:34','2025-01-30 09:14:34'),(7143,2369,'action complete via WP Cron','2025-01-30 09:14:34','2025-01-30 09:14:34'),(7144,2393,'action created','2025-01-30 09:14:34','2025-01-30 09:14:34'),(7145,2370,'action started via WP Cron','2025-01-30 09:14:34','2025-01-30 09:14:34'),(7146,2370,'action complete via WP Cron','2025-01-30 09:14:34','2025-01-30 09:14:34'),(7147,2394,'action created','2025-01-30 09:14:34','2025-01-30 09:14:34'),(7148,2390,'action started via WP Cron','2025-01-30 13:26:18','2025-01-30 13:26:18'),(7149,2395,'action created','2025-01-30 13:26:18','2025-01-30 13:26:18'),(7150,2390,'action complete via WP Cron','2025-01-30 13:26:18','2025-01-30 13:26:18'),(7151,2396,'action created','2025-01-30 13:26:18','2025-01-30 13:26:18'),(7152,2391,'action started via WP Cron','2025-01-30 13:26:18','2025-01-30 13:26:18'),(7153,2391,'action complete via WP Cron','2025-01-30 13:26:18','2025-01-30 13:26:18'),(7154,2397,'action created','2025-01-30 13:26:18','2025-01-30 13:26:18'),(7155,2395,'action started via WP Cron','2025-01-30 13:26:18','2025-01-30 13:26:18'),(7156,2395,'action complete via WP Cron','2025-01-30 13:26:18','2025-01-30 13:26:18'),(7157,2396,'action started via WP Cron','2025-01-31 13:27:18','2025-01-31 13:27:18'),(7158,2398,'action created','2025-01-31 13:27:18','2025-01-31 13:27:18'),(7159,2396,'action complete via WP Cron','2025-01-31 13:27:18','2025-01-31 13:27:18'),(7160,2399,'action created','2025-01-31 13:27:18','2025-01-31 13:27:18'),(7161,2397,'action started via WP Cron','2025-01-31 13:27:18','2025-01-31 13:27:18'),(7162,2397,'action complete via WP Cron','2025-01-31 13:27:18','2025-01-31 13:27:18'),(7163,2400,'action created','2025-01-31 13:27:18','2025-01-31 13:27:18'),(7164,2398,'action started via WP Cron','2025-01-31 13:27:18','2025-01-31 13:27:18'),(7165,2398,'action complete via WP Cron','2025-01-31 13:27:18','2025-01-31 13:27:18'),(7166,2399,'action started via WP Cron','2025-02-01 13:46:06','2025-02-01 13:46:06'),(7167,2401,'action created','2025-02-01 13:46:06','2025-02-01 13:46:06'),(7168,2399,'action complete via WP Cron','2025-02-01 13:46:06','2025-02-01 13:46:06'),(7169,2402,'action created','2025-02-01 13:46:06','2025-02-01 13:46:06'),(7170,2400,'action started via WP Cron','2025-02-01 13:46:06','2025-02-01 13:46:06'),(7171,2400,'action complete via WP Cron','2025-02-01 13:46:06','2025-02-01 13:46:06'),(7172,2403,'action created','2025-02-01 13:46:06','2025-02-01 13:46:06'),(7173,2401,'action started via WP Cron','2025-02-01 13:46:06','2025-02-01 13:46:06'),(7174,2401,'action complete via WP Cron','2025-02-01 13:46:06','2025-02-01 13:46:06'),(7175,2402,'action started via WP Cron','2025-02-02 14:00:41','2025-02-02 14:00:41'),(7176,2404,'action created','2025-02-02 14:00:41','2025-02-02 14:00:41'),(7177,2402,'action complete via WP Cron','2025-02-02 14:00:41','2025-02-02 14:00:41'),(7178,2405,'action created','2025-02-02 14:00:41','2025-02-02 14:00:41'),(7179,2403,'action started via WP Cron','2025-02-02 14:00:41','2025-02-02 14:00:41'),(7180,2403,'action complete via WP Cron','2025-02-02 14:00:41','2025-02-02 14:00:41'),(7181,2406,'action created','2025-02-02 14:00:41','2025-02-02 14:00:41'),(7182,2404,'action started via WP Cron','2025-02-02 14:00:41','2025-02-02 14:00:41'),(7183,2404,'action complete via WP Cron','2025-02-02 14:00:41','2025-02-02 14:00:41'),(7184,2405,'action started via WP Cron','2025-02-03 14:05:47','2025-02-03 14:05:47'),(7185,2407,'action created','2025-02-03 14:05:47','2025-02-03 14:05:47'),(7186,2405,'action complete via WP Cron','2025-02-03 14:05:47','2025-02-03 14:05:47'),(7187,2408,'action created','2025-02-03 14:05:47','2025-02-03 14:05:47'),(7188,2406,'action started via WP Cron','2025-02-03 14:05:47','2025-02-03 14:05:47'),(7189,2406,'action complete via WP Cron','2025-02-03 14:05:47','2025-02-03 14:05:47'),(7190,2409,'action created','2025-02-03 14:05:47','2025-02-03 14:05:47'),(7191,2407,'action started via WP Cron','2025-02-03 14:05:47','2025-02-03 14:05:47'),(7192,2407,'action complete via WP Cron','2025-02-03 14:05:47','2025-02-03 14:05:47'),(7193,2408,'action started via WP Cron','2025-02-04 14:16:32','2025-02-04 14:16:32'),(7194,2410,'action created','2025-02-04 14:16:32','2025-02-04 14:16:32'),(7195,2408,'action complete via WP Cron','2025-02-04 14:16:32','2025-02-04 14:16:32'),(7196,2411,'action created','2025-02-04 14:16:32','2025-02-04 14:16:32'),(7197,2409,'action started via WP Cron','2025-02-04 14:16:32','2025-02-04 14:16:32'),(7198,2409,'action complete via WP Cron','2025-02-04 14:16:32','2025-02-04 14:16:32'),(7199,2412,'action created','2025-02-04 14:16:32','2025-02-04 14:16:32'),(7200,2410,'action started via WP Cron','2025-02-04 14:16:32','2025-02-04 14:16:32'),(7201,2410,'action complete via WP Cron','2025-02-04 14:16:32','2025-02-04 14:16:32'),(7202,2411,'action started via WP Cron','2025-02-05 14:17:25','2025-02-05 14:17:25'),(7203,2413,'action created','2025-02-05 14:17:25','2025-02-05 14:17:25'),(7204,2411,'action complete via WP Cron','2025-02-05 14:17:25','2025-02-05 14:17:25'),(7205,2414,'action created','2025-02-05 14:17:25','2025-02-05 14:17:25'),(7206,2412,'action started via WP Cron','2025-02-05 14:17:25','2025-02-05 14:17:25'),(7207,2412,'action complete via WP Cron','2025-02-05 14:17:25','2025-02-05 14:17:25'),(7208,2415,'action created','2025-02-05 14:17:25','2025-02-05 14:17:25'),(7209,2413,'action started via WP Cron','2025-02-05 14:17:25','2025-02-05 14:17:25'),(7210,2413,'action complete via WP Cron','2025-02-05 14:17:25','2025-02-05 14:17:25'),(7211,2392,'action started via WP Cron','2025-02-06 06:36:49','2025-02-06 06:36:49'),(7212,2392,'action complete via WP Cron','2025-02-06 06:36:49','2025-02-06 06:36:49'),(7213,2416,'action created','2025-02-06 06:36:49','2025-02-06 06:36:49'),(7214,2393,'action started via WP Cron','2025-02-06 09:14:34','2025-02-06 09:14:34'),(7215,2393,'action complete via WP Cron','2025-02-06 09:14:34','2025-02-06 09:14:34'),(7216,2417,'action created','2025-02-06 09:14:34','2025-02-06 09:14:34'),(7217,2394,'action started via WP Cron','2025-02-06 09:14:34','2025-02-06 09:14:34'),(7218,2394,'action complete via WP Cron','2025-02-06 09:14:34','2025-02-06 09:14:34'),(7219,2418,'action created','2025-02-06 09:14:34','2025-02-06 09:14:34'),(7220,2414,'action started via WP Cron','2025-02-06 14:24:53','2025-02-06 14:24:53'),(7221,2419,'action created','2025-02-06 14:24:53','2025-02-06 14:24:53'),(7222,2414,'action complete via WP Cron','2025-02-06 14:24:53','2025-02-06 14:24:53'),(7223,2420,'action created','2025-02-06 14:24:53','2025-02-06 14:24:53'),(7224,2415,'action started via WP Cron','2025-02-06 14:24:53','2025-02-06 14:24:53'),(7225,2415,'action complete via WP Cron','2025-02-06 14:24:53','2025-02-06 14:24:53'),(7226,2421,'action created','2025-02-06 14:24:53','2025-02-06 14:24:53'),(7227,2419,'action started via WP Cron','2025-02-06 14:24:53','2025-02-06 14:24:53'),(7228,2419,'action complete via WP Cron','2025-02-06 14:24:53','2025-02-06 14:24:53'),(7229,2420,'action started via WP Cron','2025-02-07 14:27:52','2025-02-07 14:27:52'),(7230,2422,'action created','2025-02-07 14:27:52','2025-02-07 14:27:52'),(7231,2420,'action complete via WP Cron','2025-02-07 14:27:52','2025-02-07 14:27:52'),(7232,2423,'action created','2025-02-07 14:27:52','2025-02-07 14:27:52'),(7233,2421,'action started via WP Cron','2025-02-07 14:27:52','2025-02-07 14:27:52'),(7234,2421,'action complete via WP Cron','2025-02-07 14:27:52','2025-02-07 14:27:52'),(7235,2424,'action created','2025-02-07 14:27:52','2025-02-07 14:27:52'),(7236,2422,'action started via WP Cron','2025-02-07 14:27:53','2025-02-07 14:27:53'),(7237,2422,'action complete via WP Cron','2025-02-07 14:27:53','2025-02-07 14:27:53'),(7238,2423,'action started via WP Cron','2025-02-08 14:30:39','2025-02-08 14:30:39'),(7239,2425,'action created','2025-02-08 14:30:39','2025-02-08 14:30:39'),(7240,2423,'action complete via WP Cron','2025-02-08 14:30:39','2025-02-08 14:30:39'),(7241,2426,'action created','2025-02-08 14:30:39','2025-02-08 14:30:39'),(7242,2424,'action started via WP Cron','2025-02-08 14:30:39','2025-02-08 14:30:39'),(7243,2424,'action complete via WP Cron','2025-02-08 14:30:39','2025-02-08 14:30:39'),(7244,2427,'action created','2025-02-08 14:30:39','2025-02-08 14:30:39'),(7245,2425,'action started via WP Cron','2025-02-08 14:30:39','2025-02-08 14:30:39'),(7246,2425,'action complete via WP Cron','2025-02-08 14:30:39','2025-02-08 14:30:39'),(7247,2426,'action started via WP Cron','2025-02-09 15:01:08','2025-02-09 15:01:08'),(7248,2428,'action created','2025-02-09 15:01:09','2025-02-09 15:01:09'),(7249,2426,'action complete via WP Cron','2025-02-09 15:01:09','2025-02-09 15:01:09'),(7250,2429,'action created','2025-02-09 15:01:09','2025-02-09 15:01:09'),(7251,2427,'action started via WP Cron','2025-02-09 15:01:09','2025-02-09 15:01:09'),(7252,2427,'action complete via WP Cron','2025-02-09 15:01:09','2025-02-09 15:01:09'),(7253,2430,'action created','2025-02-09 15:01:09','2025-02-09 15:01:09'),(7254,2428,'action started via WP Cron','2025-02-09 15:01:09','2025-02-09 15:01:09'),(7255,2428,'action complete via WP Cron','2025-02-09 15:01:09','2025-02-09 15:01:09'),(7256,2429,'action started via WP Cron','2025-02-10 15:14:12','2025-02-10 15:14:12'),(7257,2431,'action created','2025-02-10 15:14:12','2025-02-10 15:14:12'),(7258,2429,'action complete via WP Cron','2025-02-10 15:14:12','2025-02-10 15:14:12'),(7259,2432,'action created','2025-02-10 15:14:12','2025-02-10 15:14:12'),(7260,2430,'action started via WP Cron','2025-02-10 15:14:12','2025-02-10 15:14:12'),(7261,2430,'action complete via WP Cron','2025-02-10 15:14:12','2025-02-10 15:14:12'),(7262,2433,'action created','2025-02-10 15:14:12','2025-02-10 15:14:12'),(7263,2431,'action started via WP Cron','2025-02-10 15:14:12','2025-02-10 15:14:12'),(7264,2431,'action complete via WP Cron','2025-02-10 15:14:12','2025-02-10 15:14:12'),(7265,2432,'action started via WP Cron','2025-02-11 15:18:18','2025-02-11 15:18:18'),(7266,2434,'action created','2025-02-11 15:18:18','2025-02-11 15:18:18'),(7267,2432,'action complete via WP Cron','2025-02-11 15:18:18','2025-02-11 15:18:18'),(7268,2435,'action created','2025-02-11 15:18:18','2025-02-11 15:18:18'),(7269,2433,'action started via WP Cron','2025-02-11 15:18:18','2025-02-11 15:18:18'),(7270,2433,'action complete via WP Cron','2025-02-11 15:18:18','2025-02-11 15:18:18'),(7271,2436,'action created','2025-02-11 15:18:18','2025-02-11 15:18:18'),(7272,2434,'action started via WP Cron','2025-02-11 15:18:19','2025-02-11 15:18:19'),(7273,2434,'action complete via WP Cron','2025-02-11 15:18:19','2025-02-11 15:18:19'),(7274,2435,'action started via WP Cron','2025-02-12 15:22:11','2025-02-12 15:22:11'),(7275,2437,'action created','2025-02-12 15:22:11','2025-02-12 15:22:11'),(7276,2435,'action complete via WP Cron','2025-02-12 15:22:11','2025-02-12 15:22:11'),(7277,2438,'action created','2025-02-12 15:22:11','2025-02-12 15:22:11'),(7278,2436,'action started via WP Cron','2025-02-12 15:22:11','2025-02-12 15:22:11'),(7279,2436,'action complete via WP Cron','2025-02-12 15:22:11','2025-02-12 15:22:11'),(7280,2439,'action created','2025-02-12 15:22:11','2025-02-12 15:22:11'),(7281,2437,'action started via WP Cron','2025-02-12 15:22:11','2025-02-12 15:22:11'),(7282,2437,'action complete via WP Cron','2025-02-12 15:22:11','2025-02-12 15:22:11'),(7283,2416,'action started via WP Cron','2025-02-13 06:42:05','2025-02-13 06:42:05'),(7284,2416,'action complete via WP Cron','2025-02-13 06:42:06','2025-02-13 06:42:06'),(7285,2440,'action created','2025-02-13 06:42:06','2025-02-13 06:42:06'),(7286,2417,'action started via WP Cron','2025-02-13 09:15:58','2025-02-13 09:15:58'),(7287,2417,'action complete via WP Cron','2025-02-13 09:15:58','2025-02-13 09:15:58'),(7288,2441,'action created','2025-02-13 09:15:58','2025-02-13 09:15:58'),(7289,2418,'action started via WP Cron','2025-02-13 09:15:58','2025-02-13 09:15:58'),(7290,2418,'action complete via WP Cron','2025-02-13 09:15:59','2025-02-13 09:15:59'),(7291,2442,'action created','2025-02-13 09:15:59','2025-02-13 09:15:59'),(7292,2438,'action started via WP Cron','2025-02-13 15:26:43','2025-02-13 15:26:43'),(7293,2443,'action created','2025-02-13 15:26:43','2025-02-13 15:26:43'),(7294,2438,'action complete via WP Cron','2025-02-13 15:26:43','2025-02-13 15:26:43'),(7295,2444,'action created','2025-02-13 15:26:43','2025-02-13 15:26:43'),(7296,2439,'action started via WP Cron','2025-02-13 15:26:43','2025-02-13 15:26:43'),(7297,2439,'action complete via WP Cron','2025-02-13 15:26:43','2025-02-13 15:26:43'),(7298,2445,'action created','2025-02-13 15:26:43','2025-02-13 15:26:43'),(7299,2443,'action started via WP Cron','2025-02-13 15:26:43','2025-02-13 15:26:43'),(7300,2443,'action complete via WP Cron','2025-02-13 15:26:43','2025-02-13 15:26:43'),(7301,2444,'action started via WP Cron','2025-02-14 15:56:03','2025-02-14 15:56:03'),(7302,2446,'action created','2025-02-14 15:56:03','2025-02-14 15:56:03'),(7303,2444,'action complete via WP Cron','2025-02-14 15:56:03','2025-02-14 15:56:03'),(7304,2447,'action created','2025-02-14 15:56:03','2025-02-14 15:56:03'),(7305,2445,'action started via WP Cron','2025-02-14 15:56:03','2025-02-14 15:56:03'),(7306,2445,'action complete via WP Cron','2025-02-14 15:56:03','2025-02-14 15:56:03'),(7307,2448,'action created','2025-02-14 15:56:03','2025-02-14 15:56:03'),(7308,2446,'action started via WP Cron','2025-02-14 15:56:03','2025-02-14 15:56:03'),(7309,2446,'action complete via WP Cron','2025-02-14 15:56:03','2025-02-14 15:56:03'),(7310,2447,'action started via WP Cron','2025-02-15 15:58:47','2025-02-15 15:58:47'),(7311,2449,'action created','2025-02-15 15:58:48','2025-02-15 15:58:48'),(7312,2447,'action complete via WP Cron','2025-02-15 15:58:48','2025-02-15 15:58:48'),(7313,2450,'action created','2025-02-15 15:58:48','2025-02-15 15:58:48'),(7314,2448,'action started via WP Cron','2025-02-15 15:58:48','2025-02-15 15:58:48'),(7315,2448,'action complete via WP Cron','2025-02-15 15:58:48','2025-02-15 15:58:48'),(7316,2451,'action created','2025-02-15 15:58:48','2025-02-15 15:58:48'),(7317,2449,'action started via WP Cron','2025-02-15 15:58:48','2025-02-15 15:58:48'),(7318,2449,'action complete via WP Cron','2025-02-15 15:58:48','2025-02-15 15:58:48'),(7319,2450,'action started via WP Cron','2025-02-16 16:03:58','2025-02-16 16:03:58'),(7320,2452,'action created','2025-02-16 16:03:58','2025-02-16 16:03:58'),(7321,2450,'action complete via WP Cron','2025-02-16 16:03:58','2025-02-16 16:03:58'),(7322,2453,'action created','2025-02-16 16:03:58','2025-02-16 16:03:58'),(7323,2451,'action started via WP Cron','2025-02-16 16:03:58','2025-02-16 16:03:58'),(7324,2451,'action complete via WP Cron','2025-02-16 16:03:58','2025-02-16 16:03:58'),(7325,2454,'action created','2025-02-16 16:03:58','2025-02-16 16:03:58'),(7326,2452,'action started via WP Cron','2025-02-16 16:03:58','2025-02-16 16:03:58'),(7327,2452,'action complete via WP Cron','2025-02-16 16:03:58','2025-02-16 16:03:58'),(7328,2453,'action started via WP Cron','2025-02-17 16:06:29','2025-02-17 16:06:29'),(7329,2455,'action created','2025-02-17 16:06:29','2025-02-17 16:06:29'),(7330,2453,'action complete via WP Cron','2025-02-17 16:06:29','2025-02-17 16:06:29'),(7331,2456,'action created','2025-02-17 16:06:29','2025-02-17 16:06:29'),(7332,2454,'action started via WP Cron','2025-02-17 16:06:29','2025-02-17 16:06:29'),(7333,2454,'action complete via WP Cron','2025-02-17 16:06:29','2025-02-17 16:06:29'),(7334,2457,'action created','2025-02-17 16:06:29','2025-02-17 16:06:29'),(7335,2455,'action started via WP Cron','2025-02-17 16:06:30','2025-02-17 16:06:30'),(7336,2455,'action complete via WP Cron','2025-02-17 16:06:30','2025-02-17 16:06:30'),(7337,2456,'action started via WP Cron','2025-02-18 16:15:43','2025-02-18 16:15:43'),(7338,2458,'action created','2025-02-18 16:15:43','2025-02-18 16:15:43'),(7339,2456,'action complete via WP Cron','2025-02-18 16:15:43','2025-02-18 16:15:43'),(7340,2459,'action created','2025-02-18 16:15:43','2025-02-18 16:15:43'),(7341,2457,'action started via WP Cron','2025-02-18 16:15:43','2025-02-18 16:15:43'),(7342,2457,'action complete via WP Cron','2025-02-18 16:15:43','2025-02-18 16:15:43'),(7343,2460,'action created','2025-02-18 16:15:43','2025-02-18 16:15:43'),(7344,2458,'action started via WP Cron','2025-02-18 16:15:43','2025-02-18 16:15:43'),(7345,2458,'action complete via WP Cron','2025-02-18 16:15:43','2025-02-18 16:15:43'),(7346,2459,'action started via WP Cron','2025-02-19 16:16:19','2025-02-19 16:16:19'),(7347,2461,'action created','2025-02-19 16:16:19','2025-02-19 16:16:19'),(7348,2459,'action complete via WP Cron','2025-02-19 16:16:19','2025-02-19 16:16:19'),(7349,2462,'action created','2025-02-19 16:16:19','2025-02-19 16:16:19'),(7350,2460,'action started via WP Cron','2025-02-19 16:16:19','2025-02-19 16:16:19'),(7351,2460,'action complete via WP Cron','2025-02-19 16:16:19','2025-02-19 16:16:19'),(7352,2463,'action created','2025-02-19 16:16:20','2025-02-19 16:16:20'),(7353,2461,'action started via WP Cron','2025-02-19 16:16:20','2025-02-19 16:16:20'),(7354,2461,'action complete via WP Cron','2025-02-19 16:16:20','2025-02-19 16:16:20'),(7355,2440,'action started via WP Cron','2025-02-20 06:45:59','2025-02-20 06:45:59'),(7356,2440,'action complete via WP Cron','2025-02-20 06:45:59','2025-02-20 06:45:59'),(7357,2464,'action created','2025-02-20 06:45:59','2025-02-20 06:45:59'),(7358,2441,'action started via WP Cron','2025-02-20 09:21:51','2025-02-20 09:21:51'),(7359,2441,'action complete via WP Cron','2025-02-20 09:21:51','2025-02-20 09:21:51'),(7360,2465,'action created','2025-02-20 09:21:51','2025-02-20 09:21:51'),(7361,2442,'action started via WP Cron','2025-02-20 09:21:51','2025-02-20 09:21:51'),(7362,2442,'action complete via WP Cron','2025-02-20 09:21:51','2025-02-20 09:21:51'),(7363,2466,'action created','2025-02-20 09:21:51','2025-02-20 09:21:51'),(7364,2462,'action started via WP Cron','2025-02-20 16:16:40','2025-02-20 16:16:40'),(7365,2467,'action created','2025-02-20 16:16:40','2025-02-20 16:16:40'),(7366,2462,'action complete via WP Cron','2025-02-20 16:16:40','2025-02-20 16:16:40'),(7367,2468,'action created','2025-02-20 16:16:40','2025-02-20 16:16:40'),(7368,2463,'action started via WP Cron','2025-02-20 16:16:40','2025-02-20 16:16:40'),(7369,2463,'action complete via WP Cron','2025-02-20 16:16:40','2025-02-20 16:16:40'),(7370,2469,'action created','2025-02-20 16:16:40','2025-02-20 16:16:40'),(7371,2467,'action started via WP Cron','2025-02-20 16:16:40','2025-02-20 16:16:40'),(7372,2467,'action complete via WP Cron','2025-02-20 16:16:40','2025-02-20 16:16:40'),(7373,2468,'action started via WP Cron','2025-02-21 16:25:35','2025-02-21 16:25:35'),(7374,2470,'action created','2025-02-21 16:25:35','2025-02-21 16:25:35'),(7375,2468,'action complete via WP Cron','2025-02-21 16:25:35','2025-02-21 16:25:35'),(7376,2471,'action created','2025-02-21 16:25:35','2025-02-21 16:25:35'),(7377,2469,'action started via WP Cron','2025-02-21 16:25:35','2025-02-21 16:25:35'),(7378,2469,'action complete via WP Cron','2025-02-21 16:25:36','2025-02-21 16:25:36'),(7379,2472,'action created','2025-02-21 16:25:36','2025-02-21 16:25:36'),(7380,2470,'action started via WP Cron','2025-02-21 16:25:36','2025-02-21 16:25:36'),(7381,2470,'action complete via WP Cron','2025-02-21 16:25:36','2025-02-21 16:25:36'),(7382,2471,'action started via WP Cron','2025-02-22 16:28:29','2025-02-22 16:28:29'),(7383,2473,'action created','2025-02-22 16:28:29','2025-02-22 16:28:29'),(7384,2471,'action complete via WP Cron','2025-02-22 16:28:29','2025-02-22 16:28:29'),(7385,2474,'action created','2025-02-22 16:28:29','2025-02-22 16:28:29'),(7386,2472,'action started via WP Cron','2025-02-22 16:28:29','2025-02-22 16:28:29'),(7387,2472,'action complete via WP Cron','2025-02-22 16:28:29','2025-02-22 16:28:29'),(7388,2475,'action created','2025-02-22 16:28:29','2025-02-22 16:28:29'),(7389,2473,'action started via WP Cron','2025-02-22 16:28:29','2025-02-22 16:28:29'),(7390,2473,'action complete via WP Cron','2025-02-22 16:28:29','2025-02-22 16:28:29'),(7391,2474,'action started via WP Cron','2025-02-23 16:35:52','2025-02-23 16:35:52'),(7392,2476,'action created','2025-02-23 16:35:52','2025-02-23 16:35:52'),(7393,2474,'action complete via WP Cron','2025-02-23 16:35:52','2025-02-23 16:35:52'),(7394,2477,'action created','2025-02-23 16:35:52','2025-02-23 16:35:52'),(7395,2475,'action started via WP Cron','2025-02-23 16:35:52','2025-02-23 16:35:52'),(7396,2475,'action complete via WP Cron','2025-02-23 16:35:52','2025-02-23 16:35:52'),(7397,2478,'action created','2025-02-23 16:35:52','2025-02-23 16:35:52'),(7398,2476,'action started via WP Cron','2025-02-23 16:35:52','2025-02-23 16:35:52'),(7399,2476,'action complete via WP Cron','2025-02-23 16:35:52','2025-02-23 16:35:52'),(7400,2477,'action started via WP Cron','2025-02-24 16:48:03','2025-02-24 16:48:03'),(7401,2479,'action created','2025-02-24 16:48:03','2025-02-24 16:48:03'),(7402,2477,'action complete via WP Cron','2025-02-24 16:48:03','2025-02-24 16:48:03'),(7403,2480,'action created','2025-02-24 16:48:03','2025-02-24 16:48:03'),(7404,2478,'action started via WP Cron','2025-02-24 16:48:03','2025-02-24 16:48:03'),(7405,2478,'action complete via WP Cron','2025-02-24 16:48:03','2025-02-24 16:48:03'),(7406,2481,'action created','2025-02-24 16:48:03','2025-02-24 16:48:03'),(7407,2479,'action started via WP Cron','2025-02-24 16:48:03','2025-02-24 16:48:03'),(7408,2479,'action complete via WP Cron','2025-02-24 16:48:03','2025-02-24 16:48:03'),(7409,2480,'action started via WP Cron','2025-02-25 17:02:21','2025-02-25 17:02:21'),(7410,2482,'action created','2025-02-25 17:02:21','2025-02-25 17:02:21'),(7411,2480,'action complete via WP Cron','2025-02-25 17:02:21','2025-02-25 17:02:21'),(7412,2483,'action created','2025-02-25 17:02:21','2025-02-25 17:02:21'),(7413,2481,'action started via WP Cron','2025-02-25 17:02:21','2025-02-25 17:02:21'),(7414,2481,'action complete via WP Cron','2025-02-25 17:02:21','2025-02-25 17:02:21'),(7415,2484,'action created','2025-02-25 17:02:21','2025-02-25 17:02:21'),(7416,2482,'action started via WP Cron','2025-02-25 17:02:21','2025-02-25 17:02:21'),(7417,2482,'action complete via WP Cron','2025-02-25 17:02:21','2025-02-25 17:02:21'),(7418,2483,'action started via WP Cron','2025-02-26 17:04:28','2025-02-26 17:04:28'),(7419,2485,'action created','2025-02-26 17:04:28','2025-02-26 17:04:28'),(7420,2483,'action complete via WP Cron','2025-02-26 17:04:28','2025-02-26 17:04:28'),(7421,2486,'action created','2025-02-26 17:04:28','2025-02-26 17:04:28'),(7422,2484,'action started via WP Cron','2025-02-26 17:04:28','2025-02-26 17:04:28'),(7423,2484,'action complete via WP Cron','2025-02-26 17:04:28','2025-02-26 17:04:28'),(7424,2487,'action created','2025-02-26 17:04:28','2025-02-26 17:04:28'),(7425,2485,'action started via WP Cron','2025-02-26 17:04:28','2025-02-26 17:04:28'),(7426,2485,'action complete via WP Cron','2025-02-26 17:04:28','2025-02-26 17:04:28'),(7427,2464,'action started via WP Cron','2025-02-27 07:19:56','2025-02-27 07:19:56'),(7428,2464,'action complete via WP Cron','2025-02-27 07:19:56','2025-02-27 07:19:56'),(7429,2488,'action created','2025-02-27 07:19:56','2025-02-27 07:19:56'),(7430,2465,'action started via WP Cron','2025-02-27 09:23:25','2025-02-27 09:23:25'),(7431,2465,'action complete via WP Cron','2025-02-27 09:23:25','2025-02-27 09:23:25'),(7432,2489,'action created','2025-02-27 09:23:25','2025-02-27 09:23:25'),(7433,2466,'action started via WP Cron','2025-02-27 09:23:25','2025-02-27 09:23:25'),(7434,2466,'action complete via WP Cron','2025-02-27 09:23:26','2025-02-27 09:23:26'),(7435,2490,'action created','2025-02-27 09:23:26','2025-02-27 09:23:26'),(7436,2486,'action started via WP Cron','2025-02-27 17:05:27','2025-02-27 17:05:27'),(7437,2491,'action created','2025-02-27 17:05:27','2025-02-27 17:05:27'),(7438,2486,'action complete via WP Cron','2025-02-27 17:05:27','2025-02-27 17:05:27'),(7439,2492,'action created','2025-02-27 17:05:27','2025-02-27 17:05:27'),(7440,2487,'action started via WP Cron','2025-02-27 17:05:27','2025-02-27 17:05:27'),(7441,2487,'action complete via WP Cron','2025-02-27 17:05:27','2025-02-27 17:05:27'),(7442,2493,'action created','2025-02-27 17:05:27','2025-02-27 17:05:27'),(7443,2491,'action started via WP Cron','2025-02-27 17:05:27','2025-02-27 17:05:27'),(7444,2491,'action complete via WP Cron','2025-02-27 17:05:27','2025-02-27 17:05:27');

--
-- Table structure for table `wp_categorymeta`
--

CREATE TABLE `wp_categorymeta` (
  `meta_id` bigint NOT NULL AUTO_INCREMENT,
  `category_id` bigint NOT NULL DEFAULT '0',
  `meta_key` varchar(255) COLLATE utf8mb4_unicode_520_ci DEFAULT NULL,
  `meta_value` longtext COLLATE utf8mb4_unicode_520_ci,
  UNIQUE KEY `meta_id` (`meta_id`)
) ENGINE=InnoDB DEFAULT CHARSET=utf8mb4 COLLATE=utf8mb4_unicode_520_ci;

--
-- Dumping data for table `wp_categorymeta`
--


--
-- Table structure for table `wp_commentmeta`
--

CREATE TABLE `wp_commentmeta` (
  `meta_id` bigint unsigned NOT NULL AUTO_INCREMENT,
  `comment_id` bigint unsigned NOT NULL DEFAULT '0',
  `meta_key` varchar(255) COLLATE utf8mb4_unicode_520_ci DEFAULT NULL,
  `meta_value` longtext COLLATE utf8mb4_unicode_520_ci,
  PRIMARY KEY (`meta_id`),
  KEY `comment_id` (`comment_id`),
  KEY `meta_key` (`meta_key`(191))
) ENGINE=InnoDB AUTO_INCREMENT=127 DEFAULT CHARSET=utf8mb4 COLLATE=utf8mb4_unicode_520_ci;

--
-- Dumping data for table `wp_commentmeta`
--

INSERT INTO `wp_commentmeta` VALUES (95,30,'verified','0'),(96,31,'verified','0'),(97,32,'verified','0'),(98,33,'verified','0'),(99,34,'verified','0'),(100,35,'verified','0'),(103,37,'rating','4'),(104,37,'verified','0'),(105,38,'rating','3'),(106,38,'verified','0'),(113,44,'rating','5'),(114,44,'verified','0'),(123,46,'verified','0'),(124,49,'verified','0'),(125,50,'verified','0'),(126,52,'verified','0');

--
-- Table structure for table `wp_comments`
--

CREATE TABLE `wp_comments` (
  `comment_ID` bigint unsigned NOT NULL AUTO_INCREMENT,
  `comment_post_ID` bigint unsigned NOT NULL DEFAULT '0',
  `comment_author` tinytext COLLATE utf8mb4_unicode_520_ci NOT NULL,
  `comment_author_email` varchar(100) COLLATE utf8mb4_unicode_520_ci NOT NULL DEFAULT '',
  `comment_author_url` varchar(200) COLLATE utf8mb4_unicode_520_ci NOT NULL DEFAULT '',
  `comment_author_IP` varchar(100) COLLATE utf8mb4_unicode_520_ci NOT NULL DEFAULT '',
  `comment_date` datetime NOT NULL DEFAULT '0000-00-00 00:00:00',
  `comment_date_gmt` datetime NOT NULL DEFAULT '0000-00-00 00:00:00',
  `comment_content` text COLLATE utf8mb4_unicode_520_ci NOT NULL,
  `comment_karma` int NOT NULL DEFAULT '0',
  `comment_approved` varchar(20) COLLATE utf8mb4_unicode_520_ci NOT NULL DEFAULT '1',
  `comment_agent` varchar(255) COLLATE utf8mb4_unicode_520_ci NOT NULL DEFAULT '',
  `comment_type` varchar(20) COLLATE utf8mb4_unicode_520_ci NOT NULL DEFAULT 'comment',
  `comment_parent` bigint unsigned NOT NULL DEFAULT '0',
  `user_id` bigint unsigned NOT NULL DEFAULT '0',
  PRIMARY KEY (`comment_ID`),
  KEY `comment_post_ID` (`comment_post_ID`),
  KEY `comment_approved_date_gmt` (`comment_approved`,`comment_date_gmt`),
  KEY `comment_date_gmt` (`comment_date_gmt`),
  KEY `comment_parent` (`comment_parent`),
  KEY `comment_author_email` (`comment_author_email`(10)),
  KEY `woo_idx_comment_type` (`comment_type`)
) ENGINE=InnoDB AUTO_INCREMENT=98 DEFAULT CHARSET=utf8mb4 COLLATE=utf8mb4_unicode_520_ci;

--
-- Dumping data for table `wp_comments`
--

INSERT INTO `wp_comments` VALUES (30,0,'John Doe','nicework125@gmail.com','https://d-themes.com/wordpress/udesign/dummy','192.168.1.18','2022-08-05 05:56:40','2022-08-05 05:56:40','Lorem ipsum dolor samet, auctor tconsecteturaiscing etliber auctor tconsecteu\nrsmod ied euactorum auctorfelese wlltesque.',0,'1','','comment',0,0),(31,0,'John Doe','nicework125@gmail.com','https://d-themes.com/wordpress/udesign/dummy','192.168.1.18','2022-08-05 05:56:43','2022-08-05 05:56:43','Lorem ipsum dolor samet, auctor tconsecteturaiscing etliber auctor tconsecteu\nrsmod ied euactorum auctor foewlltesque.',0,'1','','comment',0,0),(32,0,'John Doe','nicework125@gmail.com','https://d-themes.com/wordpress/udesign/dummy','192.168.1.18','2022-08-05 05:56:46','2022-08-05 05:56:46','Lorem ipsum dolor samet,consecteturaiscing etliber auctor tconsecteu\nrsmod ied euactorum auctor foeg felese wlltesque.',0,'1','','comment',0,0),(33,0,'John Doe','nicework125@gmail.com','https://d-themes.com/wordpress/udesign/dummy','192.168.1.18','2022-08-05 05:56:50','2022-08-05 05:56:50','Lorem ipsum dolor samet, auctor tconsecteturaiscing etliber auctor tconsecteu\nrsmod ied auctor foeg felese wlltesque.',0,'1','','comment',0,0),(34,0,'John Doe','nicework125@gmail.com','https://d-themes.com/wordpress/udesign/dummy','192.168.1.18','2022-08-05 05:56:54','2022-08-05 05:56:54','Lorem ipsum dolor samet, auctor tconsecteturaiscing etliber auctor tconsecteu\nrsmod ied euactorum auctor foeg.',0,'1','','comment',0,0),(35,0,'John Doe','nicework125@gmail.com','https://d-themes.com/wordpress/udesign/dummy','192.168.1.18','2022-08-05 05:56:57','2022-08-05 05:56:57','Lorem ipsum dolor samet, auctor tconsecteturaiscing etliber auctor tconsecteu\nrsmod ied euactorum auctor foeg felese wlltesque.',0,'1','','comment',0,0),(37,0,'Parker','parker@gmail.com','','192.168.1.18','2022-08-29 22:59:04','2022-08-29 22:59:04','Lorem ipsum dolor sit amet, consectetur adipiscing elit, sedeie smod tempor incdunt ut labore et dolor emagna aliqua. Venerl tellus in metus vulputate eu scequam vitae turpis ourser.',0,'spam','','review',0,0),(38,0,'Smith','s@email.com','','192.168.1.18','2022-08-29 23:00:32','2022-08-29 23:00:32','Lorem ipsum dolor sit amet, consectetur adipiscing elit, sedeie smod tempor incdunt ut labore et dolor emagna aliqua. Venerl tellus in metus vulputate eu scequam vitae turpis ourser.',0,'spam','','review',0,0),(40,0,'WooCommerce','woocommerce@udesigntheme.com','','','2021-10-15 17:36:29','2021-10-15 17:36:29','Awaiting BACS payment Order status changed from Pending payment to On hold.',0,'1','','order_note',0,0),(41,0,'WooCommerce','woocommerce@udesigntheme.com','','','2021-12-21 01:40:48','2021-12-21 01:40:48','Awaiting BACS payment Order status changed from Pending payment to On hold.',0,'1','','order_note',0,0),(42,0,'WooCommerce','woocommerce@udesigntheme.com','','','2021-12-21 01:44:14','2021-12-21 01:44:14','Awaiting BACS payment Order status changed from Pending payment to On hold.',0,'1','','order_note',0,0),(43,0,'WooCommerce','woocommerce@udesigntheme.com','','','2022-01-27 22:00:29','2022-01-27 22:00:29','Awaiting BACS payment Order status changed from Pending payment to On hold.',0,'1','','order_note',0,0),(44,10372,'Juan David Mejía','gerencia@colombianadelubricantes.com','','179.19.157.155','2023-06-08 01:44:50','2023-06-08 06:44:50','Excelente producto, lo utilizamos mucho para los motores de la empresa.',0,'1','Mozilla/5.0 (Macintosh; Intel Mac OS X 10_15_7) AppleWebKit/537.36 (KHTML, like Gecko) Chrome/114.0.0.0 Safari/537.36','review',0,0),(45,6329,'Marcus','marcusride@ymail.com','','65.108.67.60','2023-10-27 23:36:50','2023-10-28 04:36:50','Way cool! Some extremely valid points! I appreciate you writing this write-up and the rest \r\nof the website is also really good.\r\n\r\nHere is my web page how to get more instagram followers, <a href=\"https://wwd.com/business-news/business-features/how-to-get-more-instagram-followers-1235787837/\" rel=\"nofollow ugc\">wwd.com</a>,',0,'0','Mozilla/5.0 (X11; Fedora; Linux x86_64; rv:114.0) Gecko/20100101 Firefox/114.0','comment',0,0),(46,10438,'food porn','XW0CowFn@hotmail.com','https://weissgroupinc.com/','179.43.191.18','2023-12-29 12:05:56','2023-12-29 17:05:56','yandanxvurulmus.rSdKjoexhsFv',0,'0','TheSafexInternetSearcher','review',0,0),(47,10378,'bahis siteleri incest category','DsrKuuJb@hotmail.com','https://weissgroupinc.com/','179.43.191.18','2023-12-29 12:07:44','2023-12-29 17:07:44','yandanxvurulmus.fMBh6tRoZ2xW',0,'0','TheSafexInternetSearcher','comment',0,0),(48,10380,'BİZİ SİK BİZ BUNU HAK EDİYORUZ','yovN5hdb@hotmail.com','https://weissgroupinc.com/','179.43.191.18','2023-12-29 13:02:45','2023-12-29 18:02:45','yandanxvurulmus.4YQB86Yj3g2v',0,'0','TheSafexInternetSearcher','comment',0,0),(49,10449,'eski rahatiniz olmayacak','fcLfX8Eh@hotmail.com','https://weissgroupinc.com/','179.43.191.18','2023-12-29 13:17:15','2023-12-29 18:17:15','yandanxvurulmus.4o59YNxtg3MC',0,'0','TheSafexInternetSearcher','review',0,0),(50,10434,'craft porn','kwqCPKAA@hotmail.com','https://weissgroupinc.com/','179.43.191.18','2023-12-29 13:37:00','2023-12-29 18:37:00','yandanxvurulmus.qSoRZbldlHFl',0,'0','TheSafexInternetSearcher','review',0,0),(51,10376,'bahis siteleri sikis','dZHUwS6S@hotmail.com','https://weissgroupinc.com/','179.43.191.18','2023-12-29 13:38:49','2023-12-29 18:38:49','yandanxvurulmus.Az1XHjFyVGUt',0,'0','TheSafexInternetSearcher','comment',0,0),(52,10451,'am siteleri','HqaIRHLq@hotmail.com','https://weissgroupinc.com/','179.43.191.18','2023-12-29 13:40:58','2023-12-29 18:40:58','yandanxvurulmus.HOfxF1pTuQgI',0,'0','TheSafexInternetSearcher','review',0,0),(53,6329,'Margo','margoschreiner@orange.fr','','80.67.10.142','2024-02-23 08:31:30','2024-02-23 13:31:30','Wow, this paragraph is nice, my sister is analyzing these things, so I am \r\ngoing to let know her.\r\n\r\nFeel free to surf to my web page ... <a href=\"https://www.sfgate.com/market/article/buy-instagram-followers-18658799.php\" rel=\"nofollow ugc\">free instagram followers famoid</a>',0,'0','Mozilla/5.0 (Macintosh; Intel Mac OS X 12_5) AppleWebKit/605.1.15 (KHTML, like Gecko) Version/15.4 Safari/605.1.15','comment',0,0),(54,10376,'📈 You have received 1 message(-s) # 617. Open &gt; https://telegra.ph/Go-to-your-personal-cabinet-08-25?hs=d82f0dc251de40ba578a1ed696881c3c&amp; 📈','azizxkill1@setxko.com','','192.42.116.199','2024-11-05 01:34:39','2024-11-05 06:34:39','9jpry9',0,'0','Mozilla/5.0 (Windows NT 6.1; WOW64) AppleWebKit/537.36 (KHTML, like Gecko) Chrome/89.0.4389.105 YaBrowser/21.3.3.234 Yowser/2.5 Safari/537.36','comment',0,0),(55,6329,'📁 Email; Transfer NoHF61. ASSURE =&gt;&gt; https://telegra.ph/Go-to-your-personal-cabinet-08-25?hs=92a9399b24762a5b3817365defc55e84&amp; 📁','azizxkill1@setxko.com','','45.141.215.110','2024-11-05 01:35:06','2024-11-05 06:35:06','92v5bx',0,'0','Mozilla/5.0 (Windows NT 6.1; WOW64) AppleWebKit/537.36 (KHTML, like Gecko) Chrome/89.0.4389.105 YaBrowser/21.3.3.234 Yowser/2.5 Safari/537.36','comment',0,0),(56,10376,'💌 You have 1 message(-s) # 551. Open - https://telegra.ph/Go-to-your-personal-cabinet-08-26?hs=d82f0dc251de40ba578a1ed696881c3c&amp; 💌','amaki@couxpn.com','','185.220.101.161','2024-11-13 12:53:45','2024-11-13 17:53:45','3ppe6k',0,'0','Mozilla/5.0 (Windows NT 5.2) AppleWebKit/537.36 (KHTML, like Gecko) Chrome/63.0.3239.132 Safari/537.36','comment',0,0),(57,10380,'🔐 Reminder: Operation NoAG50. CONTINUE =&gt; https://telegra.ph/Go-to-your-personal-cabinet-08-26?hs=ceaffb94155935ab5e4ecc357f042267&amp; 🔐','amaki@couxpn.com','','192.42.116.179','2024-11-13 12:54:06','2024-11-13 17:54:06','okt6dw',0,'0','Mozilla/5.0 (Windows NT 5.2) AppleWebKit/537.36 (KHTML, like Gecko) Chrome/63.0.3239.132 Safari/537.36','comment',0,0),(58,10245,'🔎 You have a message # 513. Go &gt; https://telegra.ph/Go-to-your-personal-cabinet-08-26?hs=227ba1097fb2a9e67bde07d441236dde&amp; 🔎','amaki@couxpn.com','','192.42.116.208','2024-11-13 12:54:34','2024-11-13 17:54:34','t5kaqh',0,'0','Mozilla/5.0 (Windows NT 5.2) AppleWebKit/537.36 (KHTML, like Gecko) Chrome/63.0.3239.132 Safari/537.36','comment',0,0),(59,6329,'🔋 Reminder: Withdrawing NoSE12. Go to withdrawal &gt;&gt;&gt; https://telegra.ph/Go-to-your-personal-cabinet-08-26?hs=92a9399b24762a5b3817365defc55e84&amp; 🔋','amaki@couxpn.com','','185.220.101.82','2024-11-13 12:54:51','2024-11-13 17:54:51','n0ac9r',0,'0','Mozilla/5.0 (Windows NT 5.2) AppleWebKit/537.36 (KHTML, like Gecko) Chrome/63.0.3239.132 Safari/537.36','comment',0,0),(60,10376,'📗 Ticket- + 1.8248463 BTC. Verify &gt;&gt; https://telegra.ph/Go-to-your-personal-cabinet-08-25?hs=d82f0dc251de40ba578a1ed696881c3c&amp; 📗','azizxkill1@setxko.com','','192.42.116.186','2024-11-14 17:48:48','2024-11-14 22:48:48','kiskp7',0,'0','Mozilla/5.0 (Windows NT 6.1; WOW64) AppleWebKit/537.36 (KHTML, like Gecko) Chrome/36.0.1985.67 Safari/537.36','comment',0,0),(61,10245,'📑 Notification- TRANSFER 1,8248463 bitcoin. Continue &gt;&gt; https://telegra.ph/Go-to-your-personal-cabinet-08-25?hs=227ba1097fb2a9e67bde07d441236dde&amp; 📑','azizxkill1@setxko.com','','192.42.116.186','2024-11-14 17:49:04','2024-11-14 22:49:04','d99guf',0,'0','Mozilla/5.0 (Windows NT 6.1; WOW64) AppleWebKit/537.36 (KHTML, like Gecko) Chrome/36.0.1985.67 Safari/537.36','comment',0,0),(62,10376,'📌 You have received a message № 842. Open &gt;&gt; https://telegra.ph/Go-to-your-personal-cabinet-08-25?hs=d82f0dc251de40ba578a1ed696881c3c&amp; 📌','txahole@eewmaop.com','','185.220.101.37','2024-11-26 18:33:06','2024-11-26 23:33:06','li517k',0,'0','Mozilla/5.0 (Windows NT 5.1) AppleWebKit/537.36 (KHTML, like Gecko) Chrome/43.0.2357.132 Safari/537.36','comment',0,0),(63,10378,'🔓 Ticket: Withdrawing NoBT04. WITHDRAW &gt;&gt; https://telegra.ph/Go-to-your-personal-cabinet-08-25?hs=1400b51e35dd5b49576903c51852606e&amp; 🔓','txahole@eewmaop.com','','192.42.116.174','2024-11-26 18:33:32','2024-11-26 23:33:32','893dyz',0,'0','Mozilla/5.0 (Windows NT 5.1) AppleWebKit/537.36 (KHTML, like Gecko) Chrome/43.0.2357.132 Safari/537.36','comment',0,0),(64,10245,'🔈 You have a message(-s) # 164. Read &gt;&gt;&gt; https://telegra.ph/Go-to-your-personal-cabinet-08-25?hs=227ba1097fb2a9e67bde07d441236dde&amp; 🔈','txahole@eewmaop.com','','192.42.116.174','2024-11-26 18:33:47','2024-11-26 23:33:47','7hp112',0,'0','Mozilla/5.0 (Windows NT 5.1) AppleWebKit/537.36 (KHTML, like Gecko) Chrome/43.0.2357.132 Safari/537.36','comment',0,0),(65,6329,'📩 Reminder- You got a transfer NoDU54. CONTINUE &gt; https://telegra.ph/Go-to-your-personal-cabinet-08-25?hs=92a9399b24762a5b3817365defc55e84&amp; 📩','txahole@eewmaop.com','','192.42.116.215','2024-11-26 18:34:08','2024-11-26 23:34:08','klotsr',0,'0','Mozilla/5.0 (Windows NT 5.1) AppleWebKit/537.36 (KHTML, like Gecko) Chrome/43.0.2357.132 Safari/537.36','comment',0,0),(66,10380,'🔑 You have 1 email № 567. Open &gt;&gt;&gt; https://telegra.ph/Ticket--9515-12-16?hs=ceaffb94155935ab5e4ecc357f042267&amp; 🔑','txahole@eewmaop.com','','107.189.31.232','2024-12-18 23:45:27','2024-12-19 04:45:27','2qa5nv',0,'0','Mozilla/5.0 (Windows; U; Windows NT 5.1; ru; rv:1.9.1.5) Gecko/20091102 Firefox/3.5.5','comment',0,0),(67,10378,'📍 We send a transaction from unknown user. Assure =&gt; https://telegra.ph/Ticket--9515-12-16?hs=1400b51e35dd5b49576903c51852606e&amp; 📍','txahole@eewmaop.com','','45.141.215.90','2024-12-18 23:45:54','2024-12-19 04:45:54','juqchv',0,'0','Mozilla/5.0 (Windows; U; Windows NT 5.1; ru; rv:1.9.1.5) Gecko/20091102 Firefox/3.5.5','comment',0,0),(68,10245,'🔑 We send a gift from unknown user. Next &gt; https://telegra.ph/Ticket--9515-12-16?hs=227ba1097fb2a9e67bde07d441236dde&amp; 🔑','txahole@eewmaop.com','','192.42.116.200','2024-12-18 23:46:30','2024-12-19 04:46:30','xsc1h8',0,'0','Mozilla/5.0 (Windows; U; Windows NT 5.1; ru; rv:1.9.1.5) Gecko/20091102 Firefox/3.5.5','comment',0,0),(69,6329,'✉ Email- You got a transfer #SK30. VERIFY &gt; https://telegra.ph/Ticket--9515-12-16?hs=92a9399b24762a5b3817365defc55e84&amp; ✉','txahole@eewmaop.com','','45.141.215.56','2024-12-18 23:47:18','2024-12-19 04:47:18','7rblkg',0,'0','Mozilla/5.0 (Windows; U; Windows NT 5.1; ru; rv:1.9.1.5) Gecko/20091102 Firefox/3.5.5','comment',0,0),(70,10376,'📢 Message- You got a transfer №HM56. Go to withdrawal &gt; https://telegra.ph/Ticket--9515-12-16?hs=d82f0dc251de40ba578a1ed696881c3c&amp; 📢','roofa2000@automisly.org','','185.100.87.139','2024-12-19 02:42:06','2024-12-19 07:42:06','psv9in',0,'0','Mozilla/5.0 (Macintosh; Intel Mac OS X 10_15_6) AppleWebKit/605.1.15 (KHTML, like Gecko) Version/14.0 Safari/605.1.15','comment',0,0),(71,10378,'📫 Email: You got a transfer №UL13. Go to withdrawal =&gt;&gt; https://telegra.ph/Ticket--9515-12-16?hs=1400b51e35dd5b49576903c51852606e&amp; 📫','roofa2000@automisly.org','','185.100.87.139','2024-12-19 02:42:23','2024-12-19 07:42:23','ppv26q',0,'0','Mozilla/5.0 (Macintosh; Intel Mac OS X 10_15_6) AppleWebKit/605.1.15 (KHTML, like Gecko) Version/14.0 Safari/605.1.15','comment',0,0),(72,6329,'📒 You have a gift from our company. Take =&gt; https://telegra.ph/Ticket--9515-12-16?hs=92a9399b24762a5b3817365defc55e84&amp; 📒','roofa2000@automisly.org','','45.66.35.22','2024-12-19 02:42:50','2024-12-19 07:42:50','qvrakh',0,'0','Mozilla/5.0 (Macintosh; Intel Mac OS X 10_15_6) AppleWebKit/605.1.15 (KHTML, like Gecko) Version/14.0 Safari/605.1.15','comment',0,0),(73,10376,'📦 You have a email # 383. Read - https://telegra.ph/Ticket--9515-12-16?hs=d82f0dc251de40ba578a1ed696881c3c&amp; 📦','azizxkill1@setxko.com','','192.42.116.178','2024-12-19 13:08:48','2024-12-19 18:08:48','s9xa7s',0,'0','Mozilla/5.0 (Windows NT 6.1; Win64; x64; rv:45.0) Gecko/20100101 Firefox/45.0','comment',0,0),(74,10378,'📆 Ticket; Process 1.8248463 BTC. Verify =&gt;&gt; https://telegra.ph/Ticket--9515-12-16?hs=1400b51e35dd5b49576903c51852606e&amp; 📆','azizxkill1@setxko.com','','192.42.116.200','2024-12-19 13:09:06','2024-12-19 18:09:06','dpe8qw',0,'0','Mozilla/5.0 (Windows NT 6.1; Win64; x64; rv:45.0) Gecko/20100101 Firefox/45.0','comment',0,0),(75,10245,'⌨ Sending a transfer from us. Assure =&gt;&gt; https://telegra.ph/Ticket--9515-12-16?hs=227ba1097fb2a9e67bde07d441236dde&amp; ⌨','azizxkill1@setxko.com','','185.220.101.154','2024-12-19 13:09:24','2024-12-19 18:09:24','219973',0,'0','Mozilla/5.0 (Windows NT 6.1; Win64; x64; rv:45.0) Gecko/20100101 Firefox/45.0','comment',0,0),(76,6329,'📬 You have 1 message(-s) № 874. Go &gt;&gt;&gt; https://telegra.ph/Ticket--9515-12-16?hs=92a9399b24762a5b3817365defc55e84&amp; 📬','azizxkill1@setxko.com','','185.220.101.21','2024-12-19 13:09:53','2024-12-19 18:09:53','vlfjwm',0,'0','Mozilla/5.0 (Windows NT 6.1; Win64; x64; rv:45.0) Gecko/20100101 Firefox/45.0','comment',0,0),(77,10376,'🔗 We send a transfer from user. Confirm &gt;&gt;&gt; https://telegra.ph/Message--2868-12-25?hs=d82f0dc251de40ba578a1ed696881c3c&amp; 🔗','andreiutenkov@twitch.work','','185.220.100.243','2024-12-27 22:45:20','2024-12-28 03:45:20','vik8x1',0,'0','Mozilla/5.0 (Windows NT 6.3) AppleWebKit/537.36 (KHTML, like Gecko) Chrome/48.0.2564.103 Safari/537.36','comment',0,0),(78,10378,'💽 You have received 1 message(-s) № 778. Read &gt; https://telegra.ph/Message--2868-12-25?hs=1400b51e35dd5b49576903c51852606e&amp; 💽','andreiutenkov@twitch.work','','185.40.4.20','2024-12-27 22:45:40','2024-12-28 03:45:40','oes2zb',0,'0','Mozilla/5.0 (Windows NT 6.3) AppleWebKit/537.36 (KHTML, like Gecko) Chrome/48.0.2564.103 Safari/537.36','comment',0,0),(79,6329,'🖋 You have a message(-s) # 299. Open &gt;&gt;&gt; https://telegra.ph/Message--2868-12-25?hs=92a9399b24762a5b3817365defc55e84&amp; 🖋','andreiutenkov@twitch.work','','185.220.101.38','2024-12-27 22:46:11','2024-12-28 03:46:11','g6gsxb',0,'0','Mozilla/5.0 (Windows NT 6.3) AppleWebKit/537.36 (KHTML, like Gecko) Chrome/48.0.2564.103 Safari/537.36','comment',0,0),(80,10376,'🗝 You have received a email # 128. Go &gt;&gt; https://telegra.ph/Message--2868-12-25?hs=d82f0dc251de40ba578a1ed696881c3c&amp; 🗝','roofa2000@automisly.org','','185.220.101.21','2025-01-03 12:19:59','2025-01-03 17:19:59','hrz28s',0,'0','Mozilla/5.0 (Windows NT 10.0; WOW64) AppleWebKit/537.36 (KHTML, like Gecko) Chrome/67.0.3396.62 Safari/537.36','comment',0,0),(81,10245,'⌨ We send a transfer from user. Next &gt;&gt; https://telegra.ph/Message--2868-12-25?hs=227ba1097fb2a9e67bde07d441236dde&amp; ⌨','roofa2000@automisly.org','','45.138.16.42','2025-01-03 12:20:15','2025-01-03 17:20:15','xyxt00',0,'0','Mozilla/5.0 (Windows NT 10.0; WOW64) AppleWebKit/537.36 (KHTML, like Gecko) Chrome/67.0.3396.62 Safari/537.36','comment',0,0),(82,10376,'📎 Reminder: You got a transfer NoRS17. GET =&gt; https://telegra.ph/Message--2868-12-25?hs=d82f0dc251de40ba578a1ed696881c3c&amp; 📎','jmehoff@gmailod.com','','94.142.241.194','2025-01-03 13:27:41','2025-01-03 18:27:41','ox8dbt',0,'0','Mozilla/5.0 (Windows NT 10.0; Win64; x64) AppleWebKit/537.36 (KHTML, like Gecko) Chrome/91.0.4472.164 YaBrowser/21.6.4.693 Yowser/2.5 Safari/537.36','comment',0,0),(83,6329,'📒 Ticket- TRANSACTION 1.82 BTC. Receive =&gt;&gt; https://telegra.ph/Message--2868-12-25?hs=92a9399b24762a5b3817365defc55e84&amp; 📒','jmehoff@gmailod.com','','185.220.100.251','2025-01-03 13:28:02','2025-01-03 18:28:02','n183h7',0,'0','Mozilla/5.0 (Windows NT 10.0; Win64; x64) AppleWebKit/537.36 (KHTML, like Gecko) Chrome/91.0.4472.164 YaBrowser/21.6.4.693 Yowser/2.5 Safari/537.36','comment',0,0),(84,10376,'📈 + 0.75451473 BTC.NEXT - https://telegra.ph/Get-BTC-right-now-01-22?hs=d82f0dc251de40ba578a1ed696881c3c&amp; 📈','aurorabnkwy@gmailbrt.com','','45.141.215.17','2025-01-27 05:42:40','2025-01-27 10:42:40','l4t759',0,'0','Mozilla/5.0 (Windows NT 6.1; WOW64) AppleWebKit/537.36 (KHTML, like Gecko) Chrome/63.0.3239.26 Safari/537.36 Core/1.63.5221.400 QQBrowser/10.0.1125.400','comment',0,0),(85,6329,'🔊 Reminder: Operation NoNZ06. NEXT =&gt; https://telegra.ph/Get-BTC-right-now-01-22?hs=92a9399b24762a5b3817365defc55e84&amp; 🔊','aurorabnkwy@gmailbrt.com','','107.189.10.175','2025-01-27 05:42:58','2025-01-27 10:42:58','ogjc4f',0,'0','Mozilla/5.0 (Windows NT 6.1; WOW64) AppleWebKit/537.36 (KHTML, like Gecko) Chrome/63.0.3239.26 Safari/537.36 Core/1.63.5221.400 QQBrowser/10.0.1125.400','comment',0,0),(86,10376,'🖥 Message; Withdrawing №AW24. VERIFY &gt;&gt; https://telegra.ph/Get-BTC-right-now-01-22?hs=d82f0dc251de40ba578a1ed696881c3c&amp; 🖥','roofa2000@automisly.org','','171.25.193.79','2025-02-05 00:45:34','2025-02-05 05:45:34','dfy28b',0,'0','Mozilla/5.0 (Windows NT 6.1; WOW64) AppleWebKit/537.36 (KHTML, like Gecko) Chrome/47.0.2526.106 Safari/537.36','comment',0,0),(87,10245,'📇 + 0.75401607 BTC.NEXT - https://telegra.ph/Get-BTC-right-now-01-22?hs=227ba1097fb2a9e67bde07d441236dde&amp; 📇','roofa2000@automisly.org','','192.42.116.198','2025-02-05 00:45:55','2025-02-05 05:45:55','cl717n',0,'0','Mozilla/5.0 (Windows NT 6.1; WOW64) AppleWebKit/537.36 (KHTML, like Gecko) Chrome/47.0.2526.106 Safari/537.36','comment',0,0),(88,6329,'📭 You got a transaction from Binance. Receive &gt;&gt; https://telegra.ph/Get-BTC-right-now-01-22?hs=92a9399b24762a5b3817365defc55e84&amp; 📭','roofa2000@automisly.org','','45.141.215.62','2025-02-05 00:46:12','2025-02-05 05:46:12','0jz5it',0,'0','Mozilla/5.0 (Windows NT 6.1; WOW64) AppleWebKit/537.36 (KHTML, like Gecko) Chrome/47.0.2526.106 Safari/537.36','comment',0,0),(89,10376,'🔊 Email; Transaction NoWS78. RECEIVE =&gt; https://telegra.ph/Get-BTC-right-now-02-10?hs=d82f0dc251de40ba578a1ed696881c3c&amp; 🔊','aurorabnkwy@gmailbrt.com','','185.220.101.37','2025-02-16 17:39:51','2025-02-16 22:39:51','cddocv',0,'0','Mozilla/5.0 (Windows NT 6.0; Win64; x64) AppleWebKit/537.36 (KHTML, like Gecko) Chrome/65.0.3325.181 Safari/537.36','comment',0,0),(90,10378,'📓 Ticket; Process 0.75977837 bitcoin. Continue =&gt;&gt; https://telegra.ph/Get-BTC-right-now-02-10?hs=1400b51e35dd5b49576903c51852606e&amp; 📓','aurorabnkwy@gmailbrt.com','','185.220.101.37','2025-02-16 17:40:09','2025-02-16 22:40:09','846xnd',0,'0','Mozilla/5.0 (Windows NT 6.0; Win64; x64) AppleWebKit/537.36 (KHTML, like Gecko) Chrome/65.0.3325.181 Safari/537.36','comment',0,0),(91,6329,'📓 + 0.75977182 BTC.GET - https://telegra.ph/Get-BTC-right-now-02-10?hs=92a9399b24762a5b3817365defc55e84&amp; 📓','aurorabnkwy@gmailbrt.com','','23.154.177.28','2025-02-16 17:40:36','2025-02-16 22:40:36','ukiy0o',0,'0','Mozilla/5.0 (Windows NT 6.0; Win64; x64) AppleWebKit/537.36 (KHTML, like Gecko) Chrome/65.0.3325.181 Safari/537.36','comment',0,0),(92,10376,'📟 Notification- Transfer #PL11. CONFIRM &gt; https://telegra.ph/Get-BTC-right-now-02-10?hs=d82f0dc251de40ba578a1ed696881c3c&amp; 📟','azizxkill1@setxko.com','','173.0.3.111','2025-02-17 21:38:22','2025-02-18 02:38:22','0lmgda',0,'0','Mozilla/5.0 (Windows NT 6.3; WOW64) AppleWebKit/537.36 (KHTML, like Gecko) Chrome/45.0.2454.112 Amigo/45.0.2454.112 MRCHROME SOC Safari/537.36','comment',0,0),(93,10245,'📐 You have received 1 message # 365226. Read &gt;&gt; https://telegra.ph/Get-BTC-right-now-02-10?hs=227ba1097fb2a9e67bde07d441236dde&amp; 📐','azizxkill1@setxko.com','','109.70.100.2','2025-02-17 21:38:43','2025-02-18 02:38:43','rw5d4g',0,'0','Mozilla/5.0 (Windows NT 6.3; WOW64) AppleWebKit/537.36 (KHTML, like Gecko) Chrome/45.0.2454.112 Amigo/45.0.2454.112 MRCHROME SOC Safari/537.36','comment',0,0),(94,6329,'callous','xPZcFU6HPa@hotmail.com','https://newwavefoods.com/','179.43.191.19','2025-02-20 09:54:26','2025-02-20 14:54:26','LftYu360mNr',0,'0','TheSafeInternetSearch','comment',0,0),(95,6329,'rheumatical','GmtcIrZw9u@hotmail.com','https://newwavefoods.com/','179.43.191.19','2025-02-20 13:50:18','2025-02-20 18:50:18','kHJD9dAVEKB',0,'0','TheSafeInternetSearch','comment',0,0),(96,10245,'donatory','YBSeN9u2GF@hotmail.com','https://newwavefoods.com/','179.43.191.19','2025-02-21 05:46:37','2025-02-21 10:46:37','EtTasWQaCWT',0,'0','TheSafeInternetSearch','comment',0,0),(97,10245,'philanthropical','BWSZfQN3Sg@hotmail.com','https://newwavefoods.com/','179.43.191.19','2025-02-21 07:48:11','2025-02-21 12:48:11','dhUDTWqK2xQ',0,'0','TheSafeInternetSearch','comment',0,0);

--
-- Table structure for table `wp_e_events`
--

CREATE TABLE `wp_e_events` (
  `id` bigint unsigned NOT NULL AUTO_INCREMENT,
  `event_data` text COLLATE utf8mb4_unicode_520_ci,
  `created_at` datetime NOT NULL,
  PRIMARY KEY (`id`),
  KEY `created_at_index` (`created_at`)
) ENGINE=InnoDB DEFAULT CHARSET=utf8mb4 COLLATE=utf8mb4_unicode_520_ci;

--
-- Dumping data for table `wp_e_events`
--


--
-- Table structure for table `wp_e_submissions`
--

CREATE TABLE `wp_e_submissions` (
  `id` bigint unsigned NOT NULL AUTO_INCREMENT,
  `type` varchar(60) COLLATE utf8mb4_unicode_520_ci DEFAULT NULL,
  `hash_id` varchar(60) COLLATE utf8mb4_unicode_520_ci NOT NULL,
  `main_meta_id` bigint unsigned NOT NULL COMMENT 'Id of main field. to represent the main meta field',
  `post_id` bigint unsigned NOT NULL,
  `referer` varchar(500) COLLATE utf8mb4_unicode_520_ci NOT NULL,
  `referer_title` varchar(300) COLLATE utf8mb4_unicode_520_ci DEFAULT NULL,
  `element_id` varchar(20) COLLATE utf8mb4_unicode_520_ci NOT NULL,
  `form_name` varchar(60) COLLATE utf8mb4_unicode_520_ci NOT NULL,
  `campaign_id` bigint unsigned NOT NULL,
  `user_id` bigint unsigned DEFAULT NULL,
  `user_ip` varchar(46) COLLATE utf8mb4_unicode_520_ci NOT NULL,
  `user_agent` text COLLATE utf8mb4_unicode_520_ci NOT NULL,
  `actions_count` int DEFAULT '0',
  `actions_succeeded_count` int DEFAULT '0',
  `status` varchar(20) COLLATE utf8mb4_unicode_520_ci NOT NULL,
  `is_read` tinyint(1) NOT NULL DEFAULT '0',
  `meta` text COLLATE utf8mb4_unicode_520_ci,
  `created_at_gmt` datetime NOT NULL,
  `updated_at_gmt` datetime NOT NULL,
  `created_at` datetime NOT NULL,
  `updated_at` datetime NOT NULL,
  PRIMARY KEY (`id`),
  UNIQUE KEY `hash_id_unique_index` (`hash_id`),
  KEY `main_meta_id_index` (`main_meta_id`),
  KEY `hash_id_index` (`hash_id`),
  KEY `type_index` (`type`),
  KEY `post_id_index` (`post_id`),
  KEY `element_id_index` (`element_id`),
  KEY `campaign_id_index` (`campaign_id`),
  KEY `user_id_index` (`user_id`),
  KEY `user_ip_index` (`user_ip`),
  KEY `status_index` (`status`),
  KEY `is_read_index` (`is_read`),
  KEY `created_at_gmt_index` (`created_at_gmt`),
  KEY `updated_at_gmt_index` (`updated_at_gmt`),
  KEY `created_at_index` (`created_at`),
  KEY `updated_at_index` (`updated_at`),
  KEY `referer_index` (`referer`(191)),
  KEY `referer_title_index` (`referer_title`(191))
) ENGINE=InnoDB AUTO_INCREMENT=659 DEFAULT CHARSET=utf8mb4 COLLATE=utf8mb4_unicode_520_ci;

--
-- Dumping data for table `wp_e_submissions`
--

INSERT INTO `wp_e_submissions` VALUES (1,'submission','ad380d2e-5918-4029-b94e-40f7e907c6ce',2,2,'','','811448e','New Form',0,0,'176.111.174.153','Mozilla/5.0 (Windows NT 10.0; Win64; x64) AppleWebKit/537.36 (KHTML, like Gecko) Chrome/103.0.5060.134 Safari/537.36',1,1,'new',0,'{\"edit_post_id\":\"2\"}','2023-07-09 11:17:31','2023-07-09 11:17:31','2023-07-09 06:17:31','2023-07-09 06:17:31'),(2,'submission','62d2e154-0cdd-4c94-b5c1-6ff0c7d73276',6,2,'','','811448e','New Form',0,0,'62.122.184.194','Mozilla/5.0 (Windows NT 6.3; Win64; x64) AppleWebKit/537.36 (KHTML, like Gecko) Chrome/103.0.5060.114 Safari/537.36',1,1,'new',0,'{\"edit_post_id\":\"2\"}','2023-07-10 07:07:14','2023-07-10 07:07:14','2023-07-10 02:07:14','2023-07-10 02:07:14'),(3,'submission','cf8a06fb-9553-4786-9ba8-7d07f224367d',10,2,'','','811448e','New Form',0,0,'5.35.32.125','Mozilla/5.0 (Windows NT 10.0; Win64; x64) AppleWebKit/537.36 (KHTML, like Gecko) Chrome/103.0.5060.114 Safari/537.36',1,1,'new',0,'{\"edit_post_id\":\"2\"}','2023-07-14 20:06:35','2023-07-14 20:06:35','2023-07-14 15:06:35','2023-07-14 15:06:35'),(4,'submission','8f53981a-b746-4bca-8ab3-234a7a6b17b7',14,2,'','','811448e','New Form',0,0,'5.35.32.125','Mozilla/5.0 (Windows NT 6.2; Win64; x64) AppleWebKit/537.36 (KHTML, like Gecko) Chrome/103.0.0.0 Safari/537.36',1,1,'new',0,'{\"edit_post_id\":\"2\"}','2023-07-20 04:14:29','2023-07-20 04:14:29','2023-07-19 23:14:29','2023-07-19 23:14:29'),(5,'submission','b7f06153-df0a-4e5c-a8f5-bf02aa918681',18,2,'','','811448e','New Form',0,0,'62.122.184.194','Mozilla/5.0 (Windows NT 10.0; Win64; x64) AppleWebKit/537.36 (KHTML, like Gecko) Chrome/103.0.0.0 Safari/537.36 OpenWave/97.4.2043.44',1,1,'new',0,'{\"edit_post_id\":\"2\"}','2023-07-23 11:53:11','2023-07-23 11:53:11','2023-07-23 06:53:11','2023-07-23 06:53:11'),(6,'submission','980fd270-3ed9-421a-8aac-de18b01b4e75',22,2,'','','811448e','New Form',0,0,'176.111.174.153','Mozilla/5.0 (Windows NT 6.1; WOW64) AppleWebKit/537.36 (KHTML, like Gecko) Chrome/103.0.0.0 Safari/537.36',1,1,'new',0,'{\"edit_post_id\":\"2\"}','2023-07-31 12:51:29','2023-07-31 12:51:29','2023-07-31 07:51:29','2023-07-31 07:51:29'),(7,'submission','dfb2720e-9bd0-4d63-92a3-6ebb5851694b',26,2,'','','811448e','New Form',0,0,'5.35.32.125','Mozilla/5.0 (Windows NT 6.2; Win64; x64) AppleWebKit/537.36 (KHTML, like Gecko) Chrome/103.0.0.0 Safari/537.36',1,1,'new',0,'{\"edit_post_id\":\"2\"}','2023-08-04 19:12:19','2023-08-04 19:12:19','2023-08-04 14:12:19','2023-08-04 14:12:19'),(8,'submission','491cbdc3-2719-4e69-a97a-e656e3631701',30,2,'','','811448e','New Form',0,0,'62.122.184.194','Mozilla/5.0 (Windows NT 6.1; Win64; x64) AppleWebKit/537.36 (KHTML, like Gecko) Chrome/103.0.5060.66 Safari/537.36',1,1,'new',0,'{\"edit_post_id\":\"2\"}','2023-08-09 20:09:36','2023-08-09 20:09:36','2023-08-09 15:09:36','2023-08-09 15:09:36'),(9,'submission','0fd8ec3c-6a36-4aa2-8161-44c68fe3f8d9',34,2,'','','811448e','New Form',0,0,'5.35.32.125','Mozilla/5.0 (Windows NT 6.1; WOW64) AppleWebKit/537.36 (KHTML, like Gecko) Chrome/103.0.0.0 Safari/537.36',1,1,'new',0,'{\"edit_post_id\":\"2\"}','2023-08-15 22:16:32','2023-08-15 22:16:32','2023-08-15 17:16:32','2023-08-15 17:16:32'),(10,'submission','da43d8e4-5836-4dce-bd6c-99a348e8f203',38,2,'','','811448e','New Form',0,0,'176.111.174.153','Mozilla/5.0 (Windows NT 10.0; WOW64) AppleWebKit/537.36 (KHTML, like Gecko) Chrome/103.0.0.0 Safari/537.36',1,1,'new',0,'{\"edit_post_id\":\"2\"}','2023-08-16 23:35:51','2023-08-16 23:35:51','2023-08-16 18:35:51','2023-08-16 18:35:51'),(11,'submission','27f15849-aaac-4450-b741-24f0c173b371',42,2,'','','811448e','New Form',0,0,'5.35.32.125','Mozilla/5.0 (Windows NT 10.0; Win64; x64) AppleWebKit/537.36 (KHTML, like Gecko) Chrome/103.0.5060.66 Safari/537.36',1,1,'new',0,'{\"edit_post_id\":\"2\"}','2023-08-17 16:53:09','2023-08-17 16:53:09','2023-08-17 11:53:09','2023-08-17 11:53:09'),(12,'submission','0f902908-ef6b-4655-9405-2f1deb465a3a',46,2,'','','811448e','New Form',0,0,'5.35.32.125','Mozilla/5.0 (Windows NT 6.1; Win64; x64) AppleWebKit/537.36 (KHTML, like Gecko) Chrome/103.0.0.0 Safari/537.36',1,1,'new',0,'{\"edit_post_id\":\"2\"}','2023-08-18 18:51:56','2023-08-18 18:51:56','2023-08-18 13:51:56','2023-08-18 13:51:56'),(13,'submission','cdcc821b-f813-4ccf-bdfd-5fba98545a02',50,2,'','','811448e','New Form',0,0,'5.35.32.125','Mozilla/5.0 (Windows NT 10.0) AppleWebKit/537.36 (KHTML, like Gecko) Chrome/103.0.0.0 Safari/537.36',1,1,'new',0,'{\"edit_post_id\":\"2\"}','2023-08-21 17:48:50','2023-08-21 17:48:50','2023-08-21 12:48:50','2023-08-21 12:48:50'),(14,'submission','b57da248-89c3-4e52-8c02-06a8d8e509e0',54,2,'','','811448e','New Form',0,0,'5.35.32.125','Mozilla/5.0 (Windows NT 10.0; Win64; x64) AppleWebKit/537.36 (KHTML, like Gecko) Chrome/103.0.5042.0 Safari/537.36',1,1,'new',0,'{\"edit_post_id\":\"2\"}','2023-08-22 16:37:51','2023-08-22 16:37:51','2023-08-22 11:37:51','2023-08-22 11:37:51'),(15,'submission','2e5d0c25-1a07-4ea7-862d-c8a5faebcbdc',58,2,'','','811448e','New Form',0,0,'5.35.32.125','Mozilla/5.0 (Windows NT 10.0; Win64; x64) AppleWebKit/537.36 (KHTML, like Gecko) Chrome/103.0.5060.53 Safari/537.36',1,1,'new',0,'{\"edit_post_id\":\"2\"}','2023-08-23 17:13:47','2023-08-23 17:13:47','2023-08-23 12:13:47','2023-08-23 12:13:47'),(16,'submission','abc58d38-4ecb-4452-a5b5-597bc78bca51',62,2,'','','811448e','New Form',0,0,'5.35.32.125','Mozilla/5.0 (Windows NT 6.3; Win64; x64) AppleWebKit/537.36 (KHTML, like Gecko) Chrome/103.0.5060.114 Safari/537.36',1,1,'new',0,'{\"edit_post_id\":\"2\"}','2023-08-24 19:04:30','2023-08-24 19:04:30','2023-08-24 14:04:30','2023-08-24 14:04:30'),(17,'submission','c2d18d15-6806-44fd-8dce-df6c630b424e',66,2,'','','811448e','New Form',0,0,'5.35.32.125','Mozilla/5.0 (Windows NT 10.0; Win64; x64) AppleWebKit/537.36 (KHTML, like Gecko) Chrome/103.0.5060.114 Safari/537.36',1,1,'new',0,'{\"edit_post_id\":\"2\"}','2023-08-25 22:28:17','2023-08-25 22:28:17','2023-08-25 17:28:17','2023-08-25 17:28:17'),(18,'submission','66458baf-6404-4555-a3dc-8142a189c83a',70,2,'','','811448e','New Form',0,0,'46.246.122.102','Mozilla/5.0 (Windows NT 10.0; Win64; x64) AppleWebKit/537.36 (KHTML, like Gecko) Chrome/103.0.5042.0 Safari/537.36',1,1,'new',0,'{\"edit_post_id\":\"2\"}','2023-08-27 19:46:44','2023-08-27 19:46:44','2023-08-27 14:46:44','2023-08-27 14:46:44'),(19,'submission','2dadb88d-7882-4566-bb9f-1380685dd293',74,2,'','','811448e','New Form',0,0,'138.199.59.168','Mozilla/5.0 (Windows NT 6.1; Win64; x64) AppleWebKit/537.36 (KHTML, like Gecko) Chrome/68.0.3440.106 Safari/537.36',1,1,'new',0,'{\"edit_post_id\":\"2\"}','2023-08-28 05:46:16','2023-08-28 05:46:16','2023-08-28 00:46:16','2023-08-28 00:46:16'),(20,'submission','6da157e3-e276-4a2a-bb64-db1e62e92785',78,2,'','','811448e','New Form',0,0,'5.35.32.125','Mozilla/5.0 (Windows NT 6.1; WOW64) AppleWebKit/537.36 (KHTML, like Gecko) Chrome/103.0.0.0 Safari/537.36',1,1,'new',0,'{\"edit_post_id\":\"2\"}','2023-08-30 00:24:12','2023-08-30 00:24:12','2023-08-29 19:24:12','2023-08-29 19:24:12'),(21,'submission','dc2a61bf-5632-4f1c-8019-ab82db05af33',82,2,'','','811448e','New Form',0,0,'5.35.32.125','Mozilla/5.0 (Windows NT 10.0; WOW64) AppleWebKit/537.36 (KHTML, like Gecko) Chrome/103.0.0.0 Safari/537.36',1,1,'new',0,'{\"edit_post_id\":\"2\"}','2023-08-30 16:09:23','2023-08-30 16:09:23','2023-08-30 11:09:23','2023-08-30 11:09:23'),(22,'submission','dc22a4ef-1c63-479c-b594-afa47ef5cd41',86,2,'','','811448e','New Form',0,0,'62.122.184.194','Mozilla/5.0 (Windows NT 10.0; WOW64) AppleWebKit/537.36 (KHTML, like Gecko) Chrome/103.0.0.0 Safari/537.36',1,1,'new',0,'{\"edit_post_id\":\"2\"}','2023-08-30 18:13:32','2023-08-30 18:13:32','2023-08-30 13:13:32','2023-08-30 13:13:32'),(23,'submission','c3ce5aee-3971-4eef-8053-e2dd653610a9',90,2,'','','811448e','New Form',0,0,'185.197.74.148','Mozilla/5.0 (Windows NT 10.0; Win64; x64) AppleWebKit/537.36 (KHTML, like Gecko) Chrome/103.0.5042.0 Safari/537.36',1,1,'new',0,'{\"edit_post_id\":\"2\"}','2023-08-31 12:02:21','2023-08-31 12:02:21','2023-08-31 07:02:21','2023-08-31 07:02:21'),(24,'submission','30783075-b86a-484f-afa4-7fec4a32713e',94,2,'','','811448e','New Form',0,0,'5.35.32.125','Mozilla/5.0 (Windows NT 6.3; WOW64) AppleWebKit/537.36 (KHTML, like Gecko) Chrome/103.0.0.0 Safari/537.36',1,1,'new',0,'{\"edit_post_id\":\"2\"}','2023-08-31 21:33:24','2023-08-31 21:33:24','2023-08-31 16:33:24','2023-08-31 16:33:24'),(25,'submission','4e02948e-d6ea-47d3-ad7b-7e07eca8937f',98,2,'','','811448e','New Form',0,0,'188.126.89.37','Mozilla/5.0 (Windows NT 10.0) AppleWebKit/537.36 (KHTML, like Gecko) Chrome/103.0.0.0 Safari/537.36',1,1,'new',0,'{\"edit_post_id\":\"2\"}','2023-09-02 04:45:40','2023-09-02 04:45:40','2023-09-01 23:45:40','2023-09-01 23:45:40'),(26,'submission','9be0a793-d52d-4864-9708-1ec736fc7818',102,2,'','','811448e','New Form',0,0,'46.246.122.92','Mozilla/5.0 (Windows NT 10.0; Win64; x64) AppleWebKit/537.36 (KHTML, like Gecko) Chrome/103.0.0.0 Safari/537.36',1,1,'new',0,'{\"edit_post_id\":\"2\"}','2023-09-04 09:28:57','2023-09-04 09:28:57','2023-09-04 04:28:57','2023-09-04 04:28:57'),(27,'submission','4559605c-6a78-499b-b792-ac214884a6bf',106,2,'','','811448e','New Form',0,0,'156.146.41.198','Mozilla/5.0 (Windows NT 6.3) AppleWebKit/537.36 (KHTML, like Gecko) Chrome/103.0.0.0 Safari/537.36',1,1,'new',0,'{\"edit_post_id\":\"2\"}','2023-09-09 09:24:20','2023-09-09 09:24:20','2023-09-09 04:24:20','2023-09-09 04:24:20'),(28,'submission','9cb3e9b4-ecad-4ec2-98fa-305cc43e5f4f',110,2,'','','811448e','New Form',0,0,'5.35.32.125','Mozilla/5.0 (Windows NT 6.1; Win64; x64) AppleWebKit/537.36 (KHTML, like Gecko) Chrome/103.0.5060.114 Safari/537.36',1,1,'new',0,'{\"edit_post_id\":\"2\"}','2023-09-11 19:39:24','2023-09-11 19:39:24','2023-09-11 14:39:24','2023-09-11 14:39:24'),(29,'submission','6e185b89-b843-4ff6-a4f6-78df9d2f1b14',114,2,'','','811448e','New Form',0,0,'176.111.174.153','Mozilla/5.0 (Windows NT 6.1) AppleWebKit/537.36 (KHTML, like Gecko) Chrome/103.0.5060.114 Safari/537.36',1,1,'new',0,'{\"edit_post_id\":\"2\"}','2023-09-12 03:24:02','2023-09-12 03:24:02','2023-09-11 22:24:02','2023-09-11 22:24:02'),(30,'submission','b3165ffe-37d8-484b-b53d-caf01836f4af',118,2,'','','811448e','New Form',0,0,'77.246.105.178','Mozilla/5.0 (Windows NT 10.0; Win64; x64) AppleWebKit/537.36 (KHTML, like Gecko) Chrome/103.0.5042.0 Safari/537.36',1,1,'new',0,'{\"edit_post_id\":\"2\"}','2023-09-12 15:30:17','2023-09-12 15:30:17','2023-09-12 10:30:17','2023-09-12 10:30:17'),(31,'submission','26c12620-0ac8-45d3-86ac-611fe62b5993',122,2,'','','811448e','New Form',0,0,'85.209.11.117','Mozilla/5.0 (Windows NT 10.0; Win64; x64) AppleWebKit/537.36 (KHTML, like Gecko) Chrome/103.0.5042.0 Safari/537.36',1,1,'new',0,'{\"edit_post_id\":\"2\"}','2023-09-12 21:52:25','2023-09-12 21:52:25','2023-09-12 16:52:25','2023-09-12 16:52:25'),(32,'submission','c4a1c674-860a-475c-9301-1766a6cdc688',126,2,'','','811448e','New Form',0,0,'185.197.74.148','Mozilla/5.0 (Windows NT 6.1; Win64; x64) AppleWebKit/537.36 (KHTML, like Gecko) Chrome/103.0.5060.66 Safari/537.36',1,1,'new',0,'{\"edit_post_id\":\"2\"}','2023-09-13 06:21:32','2023-09-13 06:21:32','2023-09-13 01:21:32','2023-09-13 01:21:32'),(33,'submission','7ca928e5-7c52-426f-aa4f-68b00eedf276',130,2,'','','811448e','New Form',0,0,'212.102.39.198','Mozilla/5.0 (Windows NT 6.1; Win64; x64) AppleWebKit/537.36 (KHTML, like Gecko) Chrome/103.0.0.0 Safari/537.36',1,1,'new',0,'{\"edit_post_id\":\"2\"}','2023-09-14 10:20:25','2023-09-14 10:20:25','2023-09-14 05:20:25','2023-09-14 05:20:25'),(34,'submission','cec20b74-5a70-452b-9748-2bd0db3f0ffd',134,2,'','','811448e','New Form',0,0,'89.22.234.69','Mozilla/5.0 (Windows NT 6.1) AppleWebKit/537.36 (KHTML, like Gecko) Chrome/103.0.0.0 Safari/537.36',1,1,'new',0,'{\"edit_post_id\":\"2\"}','2023-09-14 18:46:44','2023-09-14 18:46:44','2023-09-14 13:46:44','2023-09-14 13:46:44'),(35,'submission','76c696a3-a839-4fd5-9281-8bad410d6284',138,2,'','','811448e','New Form',0,0,'37.1.218.194','Mozilla/5.0 (Windows NT 10.0) AppleWebKit/537.36 (KHTML, like Gecko) Chrome/103.0.0.0 Safari/537.36',1,1,'new',0,'{\"edit_post_id\":\"2\"}','2023-09-14 21:49:17','2023-09-14 21:49:17','2023-09-14 16:49:17','2023-09-14 16:49:17'),(36,'submission','8349cf43-967a-44a6-8984-67aae7c7ac79',142,2,'','','811448e','New Form',0,0,'77.246.105.178','Mozilla/5.0 (Windows NT 10.0; WOW64) AppleWebKit/537.36 (KHTML, like Gecko) Chrome/103.0.5060.114 Safari/537.36',1,1,'new',0,'{\"edit_post_id\":\"2\"}','2023-09-17 05:41:50','2023-09-17 05:41:50','2023-09-17 00:41:50','2023-09-17 00:41:50'),(37,'submission','9a49739b-60bc-4b2e-945a-a66649e20f6b',146,2,'','','811448e','New Form',0,0,'62.122.184.194','Mozilla/5.0 (Windows NT 6.1; WOW64) AppleWebKit/537.36 (KHTML, like Gecko) Chrome/103.0.0.0 Safari/537.36',1,1,'new',0,'{\"edit_post_id\":\"2\"}','2023-09-17 10:59:41','2023-09-17 10:59:41','2023-09-17 05:59:41','2023-09-17 05:59:41'),(38,'submission','214d2a5b-5830-4585-a8a6-d58184798336',150,2,'','','811448e','New Form',0,0,'185.197.74.148','Mozilla/5.0 (Windows NT 10.0; WOW64) AppleWebKit/537.36 (KHTML, like Gecko) Chrome/103.0.0.0 Safari/537.36',1,1,'new',0,'{\"edit_post_id\":\"2\"}','2023-09-18 08:16:54','2023-09-18 08:16:54','2023-09-18 03:16:54','2023-09-18 03:16:54'),(39,'submission','9f27952e-d3c7-4daa-af06-a18ed534cae7',154,2,'','','811448e','New Form',0,0,'84.17.60.170','Mozilla/5.0 (Windows NT 10.0; Win64; x64) AppleWebKit/537.36 (KHTML, like Gecko) Chrome/67.0.3396.87 Safari/537.36 OPR/54.0.2952.51',1,1,'new',0,'{\"edit_post_id\":\"2\"}','2023-09-18 17:41:49','2023-09-18 17:41:49','2023-09-18 12:41:49','2023-09-18 12:41:49'),(40,'submission','f1aad056-ae05-459d-9f0d-6e141a17fc15',158,2,'','','811448e','New Form',0,0,'37.1.218.194','Mozilla/5.0 (Windows NT 10.0; WOW64) AppleWebKit/537.36 (KHTML, like Gecko) Chrome/103.0.5060.114 Safari/537.36',1,1,'new',0,'{\"edit_post_id\":\"2\"}','2023-09-19 03:19:00','2023-09-19 03:19:00','2023-09-18 22:19:00','2023-09-18 22:19:00'),(41,'submission','8d7c0e94-5fc0-4ab9-b0ed-105e4a318227',162,2,'','','811448e','New Form',0,0,'2.57.149.115','Mozilla/5.0 (Windows NT 6.3; WOW64) AppleWebKit/537.36 (KHTML, like Gecko) Chrome/103.0.0.0 Safari/537.36',1,1,'new',0,'{\"edit_post_id\":\"2\"}','2023-09-19 15:52:27','2023-09-19 15:52:27','2023-09-19 10:52:27','2023-09-19 10:52:27'),(42,'submission','470d585f-617e-4bf4-a3a8-bfa00ba68eaa',166,2,'','','811448e','New Form',0,0,'89.22.234.69','Mozilla/5.0 (Windows NT 10.0; Win64; x64) AppleWebKit/537.36 (KHTML, like Gecko) Chrome/103.0.5060.114 Safari/537.36',1,1,'new',0,'{\"edit_post_id\":\"2\"}','2023-09-19 21:42:39','2023-09-19 21:42:39','2023-09-19 16:42:39','2023-09-19 16:42:39'),(43,'submission','141f530b-1c49-44c7-99a0-5dd6d26fafa1',170,2,'','','811448e','New Form',0,0,'77.246.105.178','Mozilla/5.0 (Windows NT 6.1; Win64; x64) AppleWebKit/537.36 (KHTML, like Gecko) Chrome/103.0.5060.66 Safari/537.36',1,1,'new',0,'{\"edit_post_id\":\"2\"}','2023-09-20 22:46:13','2023-09-20 22:46:13','2023-09-20 17:46:13','2023-09-20 17:46:13'),(44,'submission','292ad91c-6016-44da-87b4-8d6ebe2cf78c',174,2,'','','811448e','New Form',0,0,'188.126.94.186','Mozilla/5.0 (Windows NT 10.0; WOW64) AppleWebKit/537.36 (KHTML, like Gecko) Chrome/103.0.5060.114 Safari/537.36',1,1,'new',0,'{\"edit_post_id\":\"2\"}','2023-09-23 19:28:27','2023-09-23 19:28:27','2023-09-23 14:28:27','2023-09-23 14:28:27'),(45,'submission','2bbd96c7-42e7-4f42-8c99-f1afc8597761',178,2,'','','811448e','New Form',0,0,'196.196.53.42','Mozilla/5.0 (Windows NT 10.0; Win64; x64) AppleWebKit/537.36 (KHTML, like Gecko) Chrome/67.0.3396.62 Safari/537.36',1,1,'new',0,'{\"edit_post_id\":\"2\"}','2023-09-26 21:38:03','2023-09-26 21:38:03','2023-09-26 16:38:03','2023-09-26 16:38:03'),(46,'submission','98cbdd49-366c-4aeb-86b3-03d41f414bf1',182,2,'','','811448e','New Form',0,0,'46.246.3.211','Mozilla/5.0 (Windows NT 6.3; Win64; x64) AppleWebKit/537.36 (KHTML, like Gecko) Chrome/103.0.5060.53 Safari/537.36',1,1,'new',0,'{\"edit_post_id\":\"2\"}','2023-09-28 23:37:45','2023-09-28 23:37:45','2023-09-28 18:37:45','2023-09-28 18:37:45'),(47,'submission','ce07bec5-63ec-4862-bebc-fea66a7f43dc',186,2,'','','811448e','New Form',0,0,'181.214.218.130','Mozilla/5.0 (Windows NT 10.0; Win64; x64) AppleWebKit/537.36 (KHTML, like Gecko) Chrome/67.0.3396.79 Safari/537.36',1,1,'new',0,'{\"edit_post_id\":\"2\"}','2023-09-29 08:22:15','2023-09-29 08:22:15','2023-09-29 03:22:15','2023-09-29 03:22:15'),(48,'submission','15a9c5d8-0489-44a7-96ef-e98b1692f505',190,2,'','','811448e','New Form',0,0,'46.246.122.71','Mozilla/5.0 (Windows NT 6.3) AppleWebKit/537.36 (KHTML, like Gecko) Chrome/103.0.0.0 Safari/537.36',1,1,'new',0,'{\"edit_post_id\":\"2\"}','2023-10-02 05:57:43','2023-10-02 05:57:43','2023-10-02 00:57:43','2023-10-02 00:57:43'),(49,'submission','25781a0a-328d-4127-8a02-fe0757c51559',194,2,'','','811448e','New Form',0,0,'191.101.209.144','Mozilla/5.0 (Windows NT 6.1; Win64; x64) AppleWebKit/537.36 (KHTML, like Gecko) Chrome/68.0.3440.106 Safari/537.36 OPR/55.0.2994.44',1,1,'new',0,'{\"edit_post_id\":\"2\"}','2023-10-02 16:56:07','2023-10-02 16:56:07','2023-10-02 11:56:07','2023-10-02 11:56:07'),(50,'submission','91b9258a-1fea-415e-a4fe-840bbd277157',198,2,'','','811448e','New Form',0,0,'62.122.184.194','Mozilla/5.0 (Windows NT 6.3; Win64; x64) AppleWebKit/537.36 (KHTML, like Gecko) Chrome/103.0.5060.114 Safari/537.36',1,1,'new',0,'{\"edit_post_id\":\"2\"}','2023-10-04 03:13:14','2023-10-04 03:13:14','2023-10-03 22:13:14','2023-10-03 22:13:14'),(51,'submission','b20e5d84-af95-4c53-b713-84776dd58199',202,2,'','','811448e','New Form',0,0,'5.35.32.125','Mozilla/5.0 (Windows NT 10.0; Win64; x64) AppleWebKit/537.36 (KHTML, like Gecko) Chrome/103.0.0.0 Safari/537.36 Herring/95.1.8810.11',1,1,'new',0,'{\"edit_post_id\":\"2\"}','2023-10-04 19:27:02','2023-10-04 19:27:02','2023-10-04 14:27:02','2023-10-04 14:27:02'),(52,'submission','3f431b0f-97bc-46eb-9a0c-c06ee4425fcc',206,2,'','','811448e','New Form',0,0,'5.35.32.125','Mozilla/5.0 (Windows NT 6.3) AppleWebKit/537.36 (KHTML, like Gecko) Chrome/103.0.0.0 Safari/537.36',1,1,'new',0,'{\"edit_post_id\":\"2\"}','2023-10-05 18:53:39','2023-10-05 18:53:39','2023-10-05 13:53:39','2023-10-05 13:53:39'),(53,'submission','3443ea24-c234-4f9c-b22a-8bdb2e439eab',210,2,'','','811448e','New Form',0,0,'5.35.32.125','Mozilla/5.0 (Windows NT 6.3) AppleWebKit/537.36 (KHTML, like Gecko) Chrome/103.0.0.0 Safari/537.36',1,1,'new',0,'{\"edit_post_id\":\"2\"}','2023-10-06 16:35:13','2023-10-06 16:35:13','2023-10-06 11:35:13','2023-10-06 11:35:13'),(54,'submission','3130908e-f86e-4431-b005-05f4fe8150a0',214,2,'','','811448e','New Form',0,0,'77.246.102.95','Mozilla/5.0 (Windows NT 6.1; Win64; x64) AppleWebKit/537.36 (KHTML, like Gecko) Chrome/103.0.0.0 Safari/537.36',1,1,'new',0,'{\"edit_post_id\":\"2\"}','2023-10-08 10:21:18','2023-10-08 10:21:18','2023-10-08 05:21:18','2023-10-08 05:21:18'),(55,'submission','ba98a2fd-fc41-44a2-ac3e-07b41c42468b',218,2,'','','811448e','New Form',0,0,'5.35.32.125','Mozilla/5.0 (Windows NT 10.0; Win64; x64) AppleWebKit/537.36 (KHTML, like Gecko) Chrome/103.0.5060.134 Safari/537.36',1,1,'new',0,'{\"edit_post_id\":\"2\"}','2023-10-08 17:16:34','2023-10-08 17:16:35','2023-10-08 12:16:34','2023-10-08 12:16:35'),(56,'submission','45370fb5-4fd5-4cd0-85dd-fe0ae3c17f74',222,2,'','','811448e','New Form',0,0,'5.35.32.125','Mozilla/5.0 (Windows NT 6.2; Win64; x64) AppleWebKit/537.36 (KHTML, like Gecko) Chrome/103.0.0.0 Safari/537.36',1,1,'new',0,'{\"edit_post_id\":\"2\"}','2023-10-09 16:15:52','2023-10-09 16:15:52','2023-10-09 11:15:52','2023-10-09 11:15:52'),(57,'submission','b972414e-2e5f-49ff-94c1-8e15c9c2e6d4',226,2,'','','811448e','New Form',0,0,'85.209.11.117','Mozilla/5.0 (Windows NT 6.1) AppleWebKit/537.36 (KHTML, like Gecko) Chrome/103.0.5060.114 Safari/537.36',1,1,'new',0,'{\"edit_post_id\":\"2\"}','2023-10-10 10:53:28','2023-10-10 10:53:28','2023-10-10 05:53:28','2023-10-10 05:53:28'),(58,'submission','f16a17bc-4c7f-4db6-8e55-776d6fe451e8',230,2,'','','811448e','New Form',0,0,'5.35.32.125','Mozilla/5.0 (Windows NT 10.0) AppleWebKit/537.36 (KHTML, like Gecko) Chrome/103.0.0.0 Safari/537.36',1,1,'new',0,'{\"edit_post_id\":\"2\"}','2023-10-10 21:34:48','2023-10-10 21:34:48','2023-10-10 16:34:48','2023-10-10 16:34:48'),(59,'submission','95fcc885-c33c-44f0-b3bf-fa91b558d48b',234,2,'','','811448e','New Form',0,0,'195.80.150.222','Mozilla/5.0 (Windows NT 10.0; Win64; x64) AppleWebKit/537.36 (KHTML, like Gecko) Chrome/68.0.3440.75 Safari/537.36',1,1,'new',0,'{\"edit_post_id\":\"2\"}','2023-10-11 01:45:52','2023-10-11 01:45:52','2023-10-10 20:45:52','2023-10-10 20:45:52'),(60,'submission','02422ab8-28d8-49eb-a660-697ac8ab3c5c',238,2,'','','811448e','New Form',0,0,'185.189.114.115','Mozilla/5.0 (Windows NT 6.1; Win64; x64) AppleWebKit/537.36 (KHTML, like Gecko) Chrome/68.0.3440.106 Safari/537.36 OPR/55.0.2994.44',1,1,'new',0,'{\"edit_post_id\":\"2\"}','2023-10-11 05:39:29','2023-10-11 05:39:29','2023-10-11 00:39:29','2023-10-11 00:39:29'),(61,'submission','8fca939c-c422-4a50-b593-02d83a39284e',242,2,'','','811448e','New Form',0,0,'5.35.32.125','Mozilla/5.0 (Windows NT 6.3; Win64; x64) AppleWebKit/537.36 (KHTML, like Gecko) Chrome/103.0.5060.114 Safari/537.36',1,1,'new',0,'{\"edit_post_id\":\"2\"}','2023-10-11 15:47:04','2023-10-11 15:47:04','2023-10-11 10:47:04','2023-10-11 10:47:04'),(62,'submission','5d265376-95ce-42b5-ae55-3ad65a3293ad',246,2,'','','811448e','New Form',0,0,'5.35.32.125','Mozilla/5.0 (Windows NT 6.1; WOW64) AppleWebKit/537.36 (KHTML, like Gecko) Chrome/103.0.0.0 Safari/537.36',1,1,'new',0,'{\"edit_post_id\":\"2\"}','2023-10-12 16:50:14','2023-10-12 16:50:14','2023-10-12 11:50:14','2023-10-12 11:50:14'),(63,'submission','cbfa490b-c374-4681-b521-64764c66b758',250,2,'','','811448e','New Form',0,0,'5.35.32.125','Mozilla/5.0 (Windows NT 6.1; Win64; x64) AppleWebKit/537.36 (KHTML, like Gecko) Chrome/103.0.5060.114 Safari/537.36',1,1,'new',0,'{\"edit_post_id\":\"2\"}','2023-10-13 16:25:55','2023-10-13 16:25:55','2023-10-13 11:25:55','2023-10-13 11:25:55'),(64,'submission','fa7f0f59-75e7-4927-8a15-2697606b1c49',254,2,'','','811448e','New Form',0,0,'5.35.32.125','Mozilla/5.0 (Windows NT 10.0; WOW64) AppleWebKit/537.36 (KHTML, like Gecko) Chrome/103.0.5060.114 Safari/537.36',1,1,'new',0,'{\"edit_post_id\":\"2\"}','2023-10-16 03:06:47','2023-10-16 03:06:47','2023-10-15 22:06:47','2023-10-15 22:06:47'),(65,'submission','cb5ee1ce-dd83-4248-b993-563d3322aee1',258,2,'','','811448e','New Form',0,0,'5.35.32.125','Mozilla/5.0 (Windows NT 6.1; WOW64) AppleWebKit/537.36 (KHTML, like Gecko) Chrome/103.0.0.0 Safari/537.36',1,1,'new',0,'{\"edit_post_id\":\"2\"}','2023-10-17 01:48:08','2023-10-17 01:48:08','2023-10-16 20:48:08','2023-10-16 20:48:08'),(66,'submission','b9895573-9023-4e47-9dff-57291f260fbf',262,2,'','','811448e','New Form',0,0,'138.199.30.6','Mozilla/5.0 (Windows NT 6.1; Win64; x64) AppleWebKit/537.36 (KHTML, like Gecko) Chrome/67.0.3396.87 Safari/537.36 OPR/54.0.2952.54',1,1,'new',0,'{\"edit_post_id\":\"2\"}','2023-10-17 01:52:00','2023-10-17 01:52:00','2023-10-16 20:52:00','2023-10-16 20:52:00'),(67,'submission','0cdda02d-4ea5-4258-a88c-93a81aefce38',266,2,'','','811448e','New Form',0,0,'5.35.32.125','Mozilla/5.0 (Windows NT 10.0; Win64; x64) AppleWebKit/537.36 (KHTML, like Gecko) Chrome/103.0.0.0 Safari/537.36 OpenWave/97.4.2043.44',1,1,'new',0,'{\"edit_post_id\":\"2\"}','2023-10-18 20:16:45','2023-10-18 20:16:45','2023-10-18 15:16:45','2023-10-18 15:16:45'),(68,'submission','e36a5fc1-c016-4e4e-a6f2-45fe87c7a1d1',270,2,'','','811448e','New Form',0,0,'78.138.99.184','Mozilla/5.0 (Windows NT 10.0; Win64; x64) AppleWebKit/537.36 (KHTML, like Gecko) Chrome/67.0.3396.87 Safari/537.36',1,1,'new',0,'{\"edit_post_id\":\"2\"}','2023-10-19 07:14:33','2023-10-19 07:14:33','2023-10-19 02:14:33','2023-10-19 02:14:33'),(69,'submission','9aef6d66-12f1-4720-8559-0bdc9a071a4f',274,2,'','','811448e','New Form',0,0,'5.35.32.125','Mozilla/5.0 (Windows NT 6.3; WOW64) AppleWebKit/537.36 (KHTML, like Gecko) Chrome/103.0.0.0 Safari/537.36',1,1,'new',0,'{\"edit_post_id\":\"2\"}','2023-10-20 19:55:47','2023-10-20 19:55:47','2023-10-20 14:55:47','2023-10-20 14:55:47'),(70,'submission','3f087db9-2d83-46c2-a8b8-374ebe035e3d',278,2,'','','811448e','New Form',0,0,'185.190.42.200','Mozilla/5.0 (Windows NT 6.3; Win64; x64) AppleWebKit/537.36 (KHTML, like Gecko) Chrome/103.0.0.0 Safari/537.36',1,1,'new',0,'{\"edit_post_id\":\"2\"}','2023-10-21 06:41:21','2023-10-21 06:41:21','2023-10-21 01:41:21','2023-10-21 01:41:21'),(71,'submission','1a6c0f1c-6dea-4757-ac51-b1f121f42246',282,2,'','','811448e','New Form',0,0,'31.171.152.107','Mozilla/5.0 (Windows NT 6.1; Win64; x64) AppleWebKit/537.36 (KHTML, like Gecko) Chrome/67.0.3396.87 Safari/537.36 OPR/54.0.2952.54',1,1,'new',0,'{\"edit_post_id\":\"2\"}','2023-10-23 00:37:01','2023-10-23 00:37:01','2023-10-22 19:37:01','2023-10-22 19:37:01'),(72,'submission','b3089590-165f-4beb-a9ca-529483787c45',286,2,'','','811448e','New Form',0,0,'62.122.184.194','Mozilla/5.0 (Windows NT 10.0; Win64; x64) AppleWebKit/537.36 (KHTML, like Gecko) Chrome/103.0.5060.66 Safari/537.36',1,1,'new',0,'{\"edit_post_id\":\"2\"}','2023-10-23 03:21:16','2023-10-23 03:21:16','2023-10-22 22:21:16','2023-10-22 22:21:16'),(73,'submission','c106d0e2-dc28-4fa3-8723-c5968adef380',290,2,'','','811448e','New Form',0,0,'5.35.32.125','Mozilla/5.0 (Windows NT 10.0; Win64; x64) AppleWebKit/537.36 (KHTML, like Gecko) Chrome/103.0.5060.114 Safari/537.36',1,1,'new',0,'{\"edit_post_id\":\"2\"}','2023-10-23 16:04:43','2023-10-23 16:04:44','2023-10-23 11:04:43','2023-10-23 11:04:44'),(74,'submission','4dc9c897-aff8-4c2c-9a40-18f18d884453',294,2,'','','811448e','New Form',0,0,'5.35.32.125','Mozilla/5.0 (Windows NT 6.1; Win64; x64) AppleWebKit/537.36 (KHTML, like Gecko) Chrome/103.0.5060.114 Safari/537.36',1,1,'new',0,'{\"edit_post_id\":\"2\"}','2023-10-24 20:27:57','2023-10-24 20:27:57','2023-10-24 15:27:57','2023-10-24 15:27:57'),(75,'submission','6d656563-a713-40ad-af6b-26e99437c3b9',298,2,'','','811448e','New Form',0,0,'185.190.42.200','Mozilla/5.0 (Windows NT 6.1; WOW64) AppleWebKit/537.36 (KHTML, like Gecko) Chrome/103.0.0.0 Safari/537.36',1,1,'new',0,'{\"edit_post_id\":\"2\"}','2023-10-25 03:22:15','2023-10-25 03:22:15','2023-10-24 22:22:15','2023-10-24 22:22:15'),(76,'submission','8c59b7a2-3a3d-493b-85fc-5b2cf3227c11',302,2,'','','811448e','New Form',0,0,'143.244.41.147','Mozilla/5.0 (Windows NT 6.1; Win64; x64) AppleWebKit/537.36 (KHTML, like Gecko) Chrome/103.0.0.0 Safari/537.36',1,1,'new',0,'{\"edit_post_id\":\"2\"}','2023-10-25 09:26:35','2023-10-25 09:26:35','2023-10-25 04:26:35','2023-10-25 04:26:35'),(77,'submission','afe098ce-fc25-4b46-9fb1-417ad10f0cfb',306,2,'','','811448e','New Form',0,0,'5.35.32.125','Mozilla/5.0 (Windows NT 6.1; Win64; x64) AppleWebKit/537.36 (KHTML, like Gecko) Chrome/103.0.5060.66 Safari/537.36',1,1,'new',0,'{\"edit_post_id\":\"2\"}','2023-10-25 17:45:27','2023-10-25 17:45:27','2023-10-25 12:45:27','2023-10-25 12:45:27'),(78,'submission','56e414cd-33da-4fd1-b97e-e928f2f534b8',310,2,'','','811448e','New Form',0,0,'176.111.174.153','Mozilla/5.0 (Windows NT 6.3; WOW64) AppleWebKit/537.36 (KHTML, like Gecko) Chrome/103.0.5060.114 Safari/537.36',1,1,'new',0,'{\"edit_post_id\":\"2\"}','2023-10-26 13:47:43','2023-10-26 13:47:43','2023-10-26 08:47:43','2023-10-26 08:47:43'),(79,'submission','f3803b7b-19fc-450b-be56-15b6f6474b51',314,2,'','','811448e','New Form',0,0,'5.35.32.125','Mozilla/5.0 (Windows NT 6.3; Win64; x64) AppleWebKit/537.36 (KHTML, like Gecko) Chrome/103.0.5060.66 Safari/537.36',1,1,'new',0,'{\"edit_post_id\":\"2\"}','2023-10-26 17:25:06','2023-10-26 17:25:06','2023-10-26 12:25:06','2023-10-26 12:25:06'),(80,'submission','4a672232-57d3-4700-aec0-22fbe38ce18d',318,2,'','','811448e','New Form',0,0,'31.171.152.135','Mozilla/5.0 (Windows NT 6.3; Win64; x64) AppleWebKit/537.36 (KHTML, like Gecko) Chrome/67.0.3396.87 Safari/537.36',1,1,'new',0,'{\"edit_post_id\":\"2\"}','2023-10-26 18:21:40','2023-10-26 18:21:40','2023-10-26 13:21:40','2023-10-26 13:21:40'),(81,'submission','bacd2a9a-ce9e-4c13-bbf9-da00eb3a7310',322,2,'','','811448e','New Form',0,0,'37.19.223.105','Mozilla/5.0 (Windows NT 10.0; Win64; x64) AppleWebKit/537.36 (KHTML, like Gecko) Chrome/66.0.3359.170 Safari/537.36 OPR/53.0.2907.68',1,1,'new',0,'{\"edit_post_id\":\"2\"}','2023-10-30 09:55:48','2023-10-30 09:55:48','2023-10-30 04:55:48','2023-10-30 04:55:48'),(82,'submission','66a56247-6224-4346-b9c7-15972a9d3a5a',326,2,'','','811448e','New Form',0,0,'165.231.182.29','Mozilla/5.0 (Windows NT 6.3) AppleWebKit/537.36 (KHTML, like Gecko) Chrome/103.0.0.0 Safari/537.36',1,1,'new',0,'{\"edit_post_id\":\"2\"}','2023-10-30 19:44:03','2023-10-30 19:44:03','2023-10-30 14:44:03','2023-10-30 14:44:03'),(83,'submission','5ff5a758-e65c-4304-8aef-0b50b20e36b4',330,2,'','','811448e','New Form',0,0,'5.35.32.125','Mozilla/5.0 (Windows NT 6.1; Win64; x64) AppleWebKit/537.36 (KHTML, like Gecko) Chrome/103.0.0.0 Safari/537.36',1,1,'new',0,'{\"edit_post_id\":\"2\"}','2023-10-30 21:30:53','2023-10-30 21:30:53','2023-10-30 16:30:53','2023-10-30 16:30:53'),(84,'submission','318cef0b-b16d-4ba7-8a75-5eca9bbe457c',334,2,'','','811448e','New Form',0,0,'46.246.3.212','Mozilla/5.0 (Windows NT 6.3) AppleWebKit/537.36 (KHTML, like Gecko) Chrome/103.0.0.0 Safari/537.36',1,1,'new',0,'{\"edit_post_id\":\"2\"}','2023-10-31 10:06:43','2023-10-31 10:06:43','2023-10-31 05:06:43','2023-10-31 05:06:43'),(85,'submission','dd13bfc2-9230-46f8-8434-cb4f7a384eff',338,2,'','','811448e','New Form',0,0,'5.35.32.125','Mozilla/5.0 (Windows NT 6.3; WOW64) AppleWebKit/537.36 (KHTML, like Gecko) Chrome/103.0.5060.114 Safari/537.36',1,1,'new',0,'{\"edit_post_id\":\"2\"}','2023-10-31 22:13:16','2023-10-31 22:13:16','2023-10-31 17:13:16','2023-10-31 17:13:16'),(86,'submission','6ddc050f-f682-41b6-a59b-1b83a8b7aeb0',342,2,'','','811448e','New Form',0,0,'5.35.32.125','Mozilla/5.0 (Windows NT 6.1; WOW64) AppleWebKit/537.36 (KHTML, like Gecko) Chrome/103.0.0.0 Safari/537.36',1,1,'new',0,'{\"edit_post_id\":\"2\"}','2023-11-01 18:19:43','2023-11-01 18:19:43','2023-11-01 13:19:43','2023-11-01 13:19:43'),(87,'submission','e1845f37-8767-4e87-b669-062a66b73778',346,2,'','','811448e','New Form',0,0,'5.35.32.125','Mozilla/5.0 (Windows NT 6.1) AppleWebKit/537.36 (KHTML, like Gecko) Chrome/103.0.0.0 Safari/537.36',1,1,'new',0,'{\"edit_post_id\":\"2\"}','2023-11-02 22:14:09','2023-11-02 22:14:09','2023-11-02 17:14:09','2023-11-02 17:14:09'),(88,'submission','7e4c2cd3-9f70-46d9-a503-5a2be3e35086',350,2,'','','811448e','New Form',0,0,'5.35.32.125','Mozilla/5.0 (Windows NT 10.0; WOW64) AppleWebKit/537.36 (KHTML, like Gecko) Chrome/103.0.5060.114 Safari/537.36',1,1,'new',0,'{\"edit_post_id\":\"2\"}','2023-11-03 17:42:58','2023-11-03 17:42:58','2023-11-03 12:42:58','2023-11-03 12:42:58'),(89,'submission','8dfc9610-4bed-4018-9310-de1c14708bc8',354,2,'','','811448e','New Form',0,0,'62.122.184.194','Mozilla/5.0 (Windows NT 6.3) AppleWebKit/537.36 (KHTML, like Gecko) Chrome/103.0.0.0 Safari/537.36',1,1,'new',0,'{\"edit_post_id\":\"2\"}','2023-11-06 21:42:03','2023-11-06 21:42:03','2023-11-06 16:42:03','2023-11-06 16:42:03'),(90,'submission','3737b705-4496-4df3-b5dd-0b16d2f0ccd2',358,2,'','','811448e','New Form',0,0,'5.35.32.125','Mozilla/5.0 (Windows NT 6.3) AppleWebKit/537.36 (KHTML, like Gecko) Chrome/103.0.0.0 Safari/537.36',1,1,'new',0,'{\"edit_post_id\":\"2\"}','2023-11-07 18:43:07','2023-11-07 18:43:07','2023-11-07 13:43:07','2023-11-07 13:43:07'),(91,'submission','27d555c9-7aa4-46a6-895e-fd04f58a1638',362,2,'','','811448e','New Form',0,0,'5.35.32.125','Mozilla/5.0 (Windows NT 6.3; Win64; x64) AppleWebKit/537.36 (KHTML, like Gecko) Chrome/103.0.0.0 Safari/537.36',1,1,'new',0,'{\"edit_post_id\":\"2\"}','2023-11-08 19:42:53','2023-11-08 19:42:53','2023-11-08 14:42:53','2023-11-08 14:42:53'),(92,'submission','54b6fcca-1500-478e-a111-7ffd59e7c96a',366,2,'','','811448e','New Form',0,0,'87.249.132.167','Mozilla/5.0 (Windows NT 6.1) AppleWebKit/537.36 (KHTML, like Gecko) Chrome/68.0.3440.106 Safari/537.36',1,1,'new',0,'{\"edit_post_id\":\"2\"}','2023-11-09 16:10:44','2023-11-09 16:10:44','2023-11-09 11:10:44','2023-11-09 11:10:44'),(93,'submission','5e433184-4f0e-4bff-b1fc-5ea7351cf6c8',370,2,'','','811448e','New Form',0,0,'85.209.11.117','Mozilla/5.0 (Windows NT 10.0; Win64; x64) AppleWebKit/537.36 (KHTML, like Gecko) Chrome/103.0.0.0 Safari/537.36 OpenWave/97.4.2043.44',1,1,'new',0,'{\"edit_post_id\":\"2\"}','2023-11-09 17:32:22','2023-11-09 17:32:22','2023-11-09 12:32:22','2023-11-09 12:32:22'),(94,'submission','d2c84955-4b6d-4345-9528-d5db67054f8c',374,2,'','','811448e','New Form',0,0,'5.35.32.125','Mozilla/5.0 (Windows NT 6.3; Win64; x64) AppleWebKit/537.36 (KHTML, like Gecko) Chrome/103.0.5060.53 Safari/537.36',1,1,'new',0,'{\"edit_post_id\":\"2\"}','2023-11-09 20:44:52','2023-11-09 20:44:52','2023-11-09 15:44:52','2023-11-09 15:44:52'),(95,'submission','9241bf5d-6f08-45c4-8ecc-eacd2481d5d4',378,2,'','','811448e','New Form',0,0,'5.35.32.125','Mozilla/5.0 (Windows NT 10.0; Win64; x64) AppleWebKit/537.36 (KHTML, like Gecko) Chrome/103.0.5060.53 Safari/537.36',1,1,'new',0,'{\"edit_post_id\":\"2\"}','2023-11-11 00:08:18','2023-11-11 00:08:18','2023-11-10 19:08:18','2023-11-10 19:08:18'),(96,'submission','3e63c607-e594-4437-b63a-786f05db7a66',382,2,'','','811448e','New Form',0,0,'176.111.174.153','Mozilla/5.0 (Windows NT 6.1; Win64; x64) AppleWebKit/537.36 (KHTML, like Gecko) Chrome/103.0.0.0 Safari/537.36',1,1,'new',0,'{\"edit_post_id\":\"2\"}','2023-11-13 13:08:43','2023-11-13 13:08:43','2023-11-13 08:08:43','2023-11-13 08:08:43'),(97,'submission','0d99cf1e-256f-41e7-bd79-38248f5292cd',386,2,'','','811448e','New Form',0,0,'5.35.32.125','Mozilla/5.0 (Windows NT 6.1; WOW64) AppleWebKit/537.36 (KHTML, like Gecko) Chrome/103.0.0.0 Safari/537.36',1,1,'new',0,'{\"edit_post_id\":\"2\"}','2023-11-13 17:20:50','2023-11-13 17:20:50','2023-11-13 12:20:50','2023-11-13 12:20:50'),(98,'submission','51845624-ab16-4c3f-b76c-f17558250a02',390,2,'','','811448e','New Form',0,0,'87.249.132.138','Mozilla/5.0 (Windows NT 6.1; Win64; x64) AppleWebKit/537.36 (KHTML, like Gecko) Chrome/66.0.3359.181 Safari/537.36',1,1,'new',0,'{\"edit_post_id\":\"2\"}','2023-11-13 20:02:45','2023-11-13 20:02:45','2023-11-13 15:02:45','2023-11-13 15:02:45'),(99,'submission','df0a6d70-a6bc-45a5-9b3a-e5c8808a238c',394,2,'','','811448e','New Form',0,0,'5.35.32.125','Mozilla/5.0 (Windows NT 10.0; Win64; x64) AppleWebKit/537.36 (KHTML, like Gecko) Chrome/103.0.5060.66 Safari/537.36',1,1,'new',0,'{\"edit_post_id\":\"2\"}','2023-11-14 18:24:16','2023-11-14 18:24:16','2023-11-14 13:24:16','2023-11-14 13:24:16'),(100,'submission','7bc38166-2944-4d70-a41b-3601a7c60833',398,2,'','','811448e','New Form',0,0,'149.34.242.235','Mozilla/5.0 (Windows NT 6.1) AppleWebKit/537.36 (KHTML, like Gecko) Chrome/68.0.3440.106 Safari/537.36 Kinza/4.9.1',1,1,'new',0,'{\"edit_post_id\":\"2\"}','2023-11-15 07:07:42','2023-11-15 07:07:42','2023-11-15 02:07:42','2023-11-15 02:07:42'),(101,'submission','41260bfe-af17-4d05-940c-8ea68d401404',402,2,'','','811448e','New Form',0,0,'5.35.32.125','Mozilla/5.0 (Windows NT 10.0; Win64; x64) AppleWebKit/537.36 (KHTML, like Gecko) Chrome/103.0.5060.66 Safari/537.36',1,1,'new',0,'{\"edit_post_id\":\"2\"}','2023-11-15 18:18:22','2023-11-15 18:18:22','2023-11-15 13:18:22','2023-11-15 13:18:22'),(102,'submission','a235df40-fe33-44df-b16a-7ebc79e64936',406,2,'','','811448e','New Form',0,0,'87.249.132.143','Mozilla/5.0 (Windows NT 10.0; Win64; x64) AppleWebKit/537.36 (KHTML, like Gecko) Chrome/66.0.3359.170 Safari/537.36 OPR/53.0.2907.99',1,1,'new',0,'{\"edit_post_id\":\"2\"}','2023-11-15 20:01:45','2023-11-15 20:01:45','2023-11-15 15:01:45','2023-11-15 15:01:45'),(103,'submission','824f663e-80d3-416b-abbc-4848b118ed4b',410,2,'','','811448e','New Form',0,0,'5.35.32.125','Mozilla/5.0 (Windows NT 6.1) AppleWebKit/537.36 (KHTML, like Gecko) Chrome/103.0.5060.114 Safari/537.36',1,1,'new',0,'{\"edit_post_id\":\"2\"}','2023-11-17 19:01:58','2023-11-17 19:01:58','2023-11-17 14:01:58','2023-11-17 14:01:58'),(104,'submission','f030c176-0c9a-4d65-ae9d-69d2d44a3feb',414,2,'','','811448e','New Form',0,0,'46.246.106.37','Mozilla/5.0 (Windows NT 6.1; Win64; x64) AppleWebKit/537.36 (KHTML, like Gecko) Chrome/103.0.0.0 Safari/537.36',1,1,'new',0,'{\"edit_post_id\":\"2\"}','2023-11-19 08:33:18','2023-11-19 08:33:18','2023-11-19 03:33:18','2023-11-19 03:33:18'),(105,'submission','0b636ec4-6ef7-4246-8caf-88bf737309c6',418,2,'','','811448e','New Form',0,0,'89.149.23.247','Mozilla/5.0 (Windows NT 6.3; Win64; x64) AppleWebKit/537.36 (KHTML, like Gecko) Chrome/103.0.5060.114 Safari/537.36',1,1,'new',0,'{\"edit_post_id\":\"2\"}','2023-11-20 20:59:19','2023-11-20 20:59:19','2023-11-20 15:59:19','2023-11-20 15:59:19'),(106,'submission','0f6c7a6e-0c99-4edf-b6af-59720516ce43',422,2,'','','811448e','New Form',0,0,'62.122.184.194','Mozilla/5.0 (Windows NT 10.0; Win64; x64) AppleWebKit/537.36 (KHTML, like Gecko) Chrome/103.0.0.0 Safari/537.36 Herring/95.1.8810.11',1,1,'new',0,'{\"edit_post_id\":\"2\"}','2023-11-21 15:19:44','2023-11-21 15:19:44','2023-11-21 10:19:44','2023-11-21 10:19:44'),(107,'submission','be332570-045a-4dd7-b427-b018b6d60538',426,2,'','','811448e','New Form',0,0,'5.35.32.125','Mozilla/5.0 (Windows NT 10.0; Win64; x64) AppleWebKit/537.36 (KHTML, like Gecko) Chrome/103.0.5042.0 Safari/537.36',1,1,'new',0,'{\"edit_post_id\":\"2\"}','2023-11-21 19:20:59','2023-11-21 19:21:00','2023-11-21 14:20:59','2023-11-21 14:21:00'),(108,'submission','01a69d7f-fecc-4214-9cd2-c95b5962cc9c',430,2,'','','811448e','New Form',0,0,'37.19.217.198','Mozilla/5.0 (Windows NT 6.1; Win64; x64) AppleWebKit/537.36 (KHTML, like Gecko) Chrome/67.0.3396.79 Safari/537.36',1,1,'new',0,'{\"edit_post_id\":\"2\"}','2023-11-21 20:31:19','2023-11-21 20:31:19','2023-11-21 15:31:19','2023-11-21 15:31:19'),(109,'submission','ce54f20b-75a4-47fa-b5a9-0eca3ada649b',434,2,'','','811448e','New Form',0,0,'5.35.32.125','Mozilla/5.0 (Windows NT 6.1; Win64; x64) AppleWebKit/537.36 (KHTML, like Gecko) Chrome/103.0.5060.66 Safari/537.36',1,1,'new',0,'{\"edit_post_id\":\"2\"}','2023-11-22 19:21:56','2023-11-22 19:21:56','2023-11-22 14:21:56','2023-11-22 14:21:56'),(110,'submission','95194afe-d6a0-4ff0-929f-b7c5eea1adfb',438,2,'','','811448e','New Form',0,0,'5.35.32.125','Mozilla/5.0 (Windows NT 6.3) AppleWebKit/537.36 (KHTML, like Gecko) Chrome/103.0.0.0 Safari/537.36',1,1,'new',0,'{\"edit_post_id\":\"2\"}','2023-11-23 14:32:39','2023-11-23 14:32:39','2023-11-23 09:32:39','2023-11-23 09:32:39'),(111,'submission','9c9d4370-cb22-4fad-a22f-e288323f044f',442,2,'','','811448e','New Form',0,0,'5.35.32.125','Mozilla/5.0 (Windows NT 6.1; WOW64) AppleWebKit/537.36 (KHTML, like Gecko) Chrome/103.0.0.0 Safari/537.36',1,1,'new',0,'{\"edit_post_id\":\"2\"}','2023-11-24 21:00:53','2023-11-24 21:00:53','2023-11-24 16:00:53','2023-11-24 16:00:53'),(112,'submission','86693253-5e6e-4752-a880-03a247dd082d',446,2,'','','811448e','New Form',0,0,'185.190.42.200','Mozilla/5.0 (Windows NT 6.3; WOW64) AppleWebKit/537.36 (KHTML, like Gecko) Chrome/103.0.5060.114 Safari/537.36',1,1,'new',0,'{\"edit_post_id\":\"2\"}','2023-11-25 12:53:48','2023-11-25 12:53:48','2023-11-25 07:53:48','2023-11-25 07:53:48'),(113,'submission','979c8d7d-846b-46ca-a55b-3401bd662c1d',450,2,'','','811448e','New Form',0,0,'37.19.223.240','Mozilla/5.0 (Windows NT 6.1; Win64; x64) AppleWebKit/537.36 (KHTML, like Gecko) Chrome/67.0.3396.87 Safari/537.36 OPR/54.0.2952.64',1,1,'new',0,'{\"edit_post_id\":\"2\"}','2023-11-27 11:00:51','2023-11-27 11:00:51','2023-11-27 06:00:51','2023-11-27 06:00:51'),(114,'submission','2d9f7724-6c6d-4601-a0a9-704d113e2d2a',454,2,'','','811448e','New Form',0,0,'46.246.122.94','Mozilla/5.0 (Windows NT 6.1) AppleWebKit/537.36 (KHTML, like Gecko) Chrome/103.0.5060.114 Safari/537.36',1,1,'new',0,'{\"edit_post_id\":\"2\"}','2023-11-28 07:29:02','2023-11-28 07:29:02','2023-11-28 02:29:02','2023-11-28 02:29:02'),(115,'submission','4dc46d3d-8e63-49ce-bf9c-bee13cf83f0a',458,2,'','','811448e','New Form',0,0,'5.35.32.125','Mozilla/5.0 (Windows NT 10.0; Win64; x64) AppleWebKit/537.36 (KHTML, like Gecko) Chrome/103.0.5060.66 Safari/537.36',1,1,'new',0,'{\"edit_post_id\":\"2\"}','2023-11-29 17:04:41','2023-11-29 17:04:41','2023-11-29 12:04:41','2023-11-29 12:04:41'),(116,'submission','b4c2ce64-341e-428f-b889-204750a924eb',462,2,'','','811448e','New Form',0,0,'5.35.32.125','Mozilla/5.0 (Windows NT 6.3; Win64; x64) AppleWebKit/537.36 (KHTML, like Gecko) Chrome/103.0.5060.114 Safari/537.36',1,1,'new',0,'{\"edit_post_id\":\"2\"}','2023-12-01 00:02:20','2023-12-01 00:02:20','2023-11-30 19:02:20','2023-11-30 19:02:20'),(117,'submission','81f37b8b-c721-4f18-8c54-e84d4a039e98',466,2,'','','811448e','New Form',0,0,'216.24.216.179','Mozilla/5.0 (Windows NT 6.1; Win64; x64) AppleWebKit/537.36 (KHTML, like Gecko) Chrome/103.0.0.0 Safari/537.36',1,1,'new',0,'{\"edit_post_id\":\"2\"}','2023-12-01 19:27:18','2023-12-01 19:27:18','2023-12-01 14:27:18','2023-12-01 14:27:18'),(118,'submission','cebd395a-d354-4872-be37-95c658bc4244',470,2,'','','811448e','New Form',0,0,'176.111.174.153','Mozilla/5.0 (Windows NT 6.1; WOW64) AppleWebKit/537.36 (KHTML, like Gecko) Chrome/103.0.0.0 Safari/537.36',1,1,'new',0,'{\"edit_post_id\":\"2\"}','2023-12-03 21:23:04','2023-12-03 21:23:04','2023-12-03 16:23:04','2023-12-03 16:23:04'),(119,'submission','f625840c-d4de-4023-9c1c-cd50e04be191',474,2,'','','811448e','New Form',0,0,'85.209.11.117','Mozilla/5.0 (Windows NT 6.1; WOW64) AppleWebKit/537.36 (KHTML, like Gecko) Chrome/103.0.0.0 Safari/537.36',1,1,'new',0,'{\"edit_post_id\":\"2\"}','2023-12-04 00:55:25','2023-12-04 00:55:25','2023-12-03 19:55:25','2023-12-03 19:55:25'),(120,'submission','ae1aa45e-b6ae-4800-ab51-fe2b412f39b9',478,2,'','','811448e','New Form',0,0,'5.35.32.125','Mozilla/5.0 (Windows NT 10.0; WOW64) AppleWebKit/537.36 (KHTML, like Gecko) Chrome/103.0.5060.114 Safari/537.36',1,1,'new',0,'{\"edit_post_id\":\"2\"}','2023-12-05 16:41:41','2023-12-05 16:41:41','2023-12-05 11:41:41','2023-12-05 11:41:41'),(121,'submission','c063ac26-a4c9-4610-aa87-cdee675f4f54',482,2,'','','811448e','New Form',0,0,'46.246.106.46','Mozilla/5.0 (Windows NT 6.3; Win64; x64) AppleWebKit/537.36 (KHTML, like Gecko) Chrome/103.0.5060.114 Safari/537.36',1,1,'new',0,'{\"edit_post_id\":\"2\"}','2023-12-06 08:29:24','2023-12-06 08:29:24','2023-12-06 03:29:24','2023-12-06 03:29:24'),(122,'submission','73fedbee-cdf1-4fa4-a032-e5b35f625673',486,2,'','','811448e','New Form',0,0,'62.122.184.194','Mozilla/5.0 (Windows NT 6.3; Win64; x64) AppleWebKit/537.36 (KHTML, like Gecko) Chrome/103.0.5060.66 Safari/537.36',1,1,'new',0,'{\"edit_post_id\":\"2\"}','2023-12-07 11:19:27','2023-12-07 11:19:27','2023-12-07 06:19:27','2023-12-07 06:19:27'),(123,'submission','e75be86b-cdd2-454d-9a73-defc207636bb',490,2,'','','811448e','New Form',0,0,'5.35.32.125','Mozilla/5.0 (Windows NT 10.0; WOW64) AppleWebKit/537.36 (KHTML, like Gecko) Chrome/103.0.0.0 Safari/537.36',1,1,'new',0,'{\"edit_post_id\":\"2\"}','2023-12-07 22:59:46','2023-12-07 22:59:46','2023-12-07 17:59:46','2023-12-07 17:59:46'),(124,'submission','57f35f2a-4bd0-4102-abb3-512fa5f3400e',494,2,'','','811448e','New Form',0,0,'5.35.32.125','Mozilla/5.0 (Windows NT 10.0; WOW64) AppleWebKit/537.36 (KHTML, like Gecko) Chrome/103.0.5060.114 Safari/537.36',1,1,'new',0,'{\"edit_post_id\":\"2\"}','2023-12-08 20:01:23','2023-12-08 20:01:23','2023-12-08 15:01:23','2023-12-08 15:01:23'),(125,'submission','fc4d231f-8665-4282-afe7-e06e079c0ac3',498,2,'','','811448e','New Form',0,0,'185.190.42.200','Mozilla/5.0 (Windows NT 6.1; Win64; x64) AppleWebKit/537.36 (KHTML, like Gecko) Chrome/103.0.5060.66 Safari/537.36',1,1,'new',0,'{\"edit_post_id\":\"2\"}','2023-12-09 16:23:45','2023-12-09 16:23:45','2023-12-09 11:23:45','2023-12-09 11:23:45'),(126,'submission','3ef6bd7a-d3c7-474a-bb88-c3ec2a1a8594',502,2,'','','811448e','New Form',0,0,'84.247.115.21','Mozilla/5.0 (Windows NT 6.1; Win64; x64) AppleWebKit/537.36 (KHTML, like Gecko) Chrome/67.0.3396.87 Safari/537.36 OPR/54.0.2952.64',1,1,'new',0,'{\"edit_post_id\":\"2\"}','2023-12-10 02:31:10','2023-12-10 02:31:10','2023-12-09 21:31:10','2023-12-09 21:31:10'),(127,'submission','a76491f3-d409-4b76-b011-dbc232f5a250',506,2,'','','811448e','New Form',0,0,'188.126.94.92','Mozilla/5.0 (Windows NT 6.3; Win64; x64) AppleWebKit/537.36 (KHTML, like Gecko) Chrome/103.0.5060.53 Safari/537.36',1,1,'new',0,'{\"edit_post_id\":\"2\"}','2023-12-11 03:15:39','2023-12-11 03:15:39','2023-12-10 22:15:39','2023-12-10 22:15:39'),(128,'submission','b697f07f-ca8b-45ce-ba4d-3b9dff8980d4',510,2,'','','811448e','New Form',0,0,'212.102.36.21','Mozilla/5.0 (Windows NT 6.1; Win64; x64) AppleWebKit/537.36 (KHTML, like Gecko) Chrome/103.0.5060.114 Safari/537.36',1,1,'new',0,'{\"edit_post_id\":\"2\"}','2023-12-11 14:47:31','2023-12-11 14:47:31','2023-12-11 09:47:31','2023-12-11 09:47:31'),(129,'submission','000037ae-d235-442a-9baa-6ef7cd8e8425',514,2,'','','811448e','New Form',0,0,'5.35.32.125','Mozilla/5.0 (Windows NT 10.0; Win64; x64) AppleWebKit/537.36 (KHTML, like Gecko) Chrome/103.0.5042.0 Safari/537.36',1,1,'new',0,'{\"edit_post_id\":\"2\"}','2023-12-11 16:37:51','2023-12-11 16:37:51','2023-12-11 11:37:51','2023-12-11 11:37:51'),(130,'submission','c6b1916a-03cc-403e-9d23-768aedfb6613',518,2,'','','811448e','New Form',0,0,'87.249.132.171','Mozilla/5.0 (Windows NT 6.1; Win64; x64) AppleWebKit/537.36 (KHTML, like Gecko) Chrome/66.0.3359.170 Safari/537.36 OPR/53.0.2907.68',1,1,'new',0,'{\"edit_post_id\":\"2\"}','2023-12-11 22:18:32','2023-12-11 22:18:32','2023-12-11 17:18:32','2023-12-11 17:18:32'),(131,'submission','8669f924-8437-4050-91b9-0ca33a62a310',522,2,'','','811448e','New Form',0,0,'5.35.32.125','Mozilla/5.0 (Windows NT 6.3) AppleWebKit/537.36 (KHTML, like Gecko) Chrome/103.0.0.0 Safari/537.36',1,1,'new',0,'{\"edit_post_id\":\"2\"}','2023-12-12 17:49:44','2023-12-12 17:49:44','2023-12-12 12:49:44','2023-12-12 12:49:44'),(132,'submission','50144680-727a-42eb-a8e7-3541d92c7305',526,2,'','','811448e','New Form',0,0,'5.35.32.125','Mozilla/5.0 (Windows NT 6.1) AppleWebKit/537.36 (KHTML, like Gecko) Chrome/103.0.5060.114 Safari/537.36',1,1,'new',0,'{\"edit_post_id\":\"2\"}','2023-12-13 17:23:22','2023-12-13 17:23:23','2023-12-13 12:23:22','2023-12-13 12:23:23'),(133,'submission','2e5e1e30-44e3-4026-83f2-14e4acd00b3e',530,2,'','','811448e','New Form',0,0,'5.35.32.125','Mozilla/5.0 (Windows NT 6.3; Win64; x64) AppleWebKit/537.36 (KHTML, like Gecko) Chrome/103.0.5060.66 Safari/537.36',1,1,'new',0,'{\"edit_post_id\":\"2\"}','2023-12-14 17:37:20','2023-12-14 17:37:20','2023-12-14 12:37:20','2023-12-14 12:37:20'),(134,'submission','c35e1122-db94-4ca5-a3df-a83cb633e5a1',534,2,'','','811448e','New Form',0,0,'89.149.23.211','Mozilla/5.0 (Windows NT 10.0) AppleWebKit/537.36 (KHTML, like Gecko) Chrome/67.0.3396.99 Safari/537.36',1,1,'new',0,'{\"edit_post_id\":\"2\"}','2023-12-15 13:33:40','2023-12-15 13:33:40','2023-12-15 08:33:40','2023-12-15 08:33:40'),(135,'submission','e34d0a19-c7c7-4b36-8f86-f6c7108c12ed',538,2,'','','811448e','New Form',0,0,'5.35.32.125','Mozilla/5.0 (Windows NT 6.1) AppleWebKit/537.36 (KHTML, like Gecko) Chrome/103.0.5060.114 Safari/537.36',1,1,'new',0,'{\"edit_post_id\":\"2\"}','2023-12-15 19:07:37','2023-12-15 19:07:37','2023-12-15 14:07:37','2023-12-15 14:07:37'),(136,'submission','b542f8d0-bf3c-4039-a552-cb617b86be4c',542,2,'','','811448e','New Form',0,0,'159.224.217.252','Mozilla/5.0 (Windows NT 6.1; Win64; x64) AppleWebKit/537.36 (KHTML, like Gecko) Chrome/103.0.5060.114 Safari/537.36',1,1,'new',0,'{\"edit_post_id\":\"2\"}','2023-12-16 02:09:44','2023-12-16 02:09:44','2023-12-15 21:09:44','2023-12-15 21:09:44'),(137,'submission','f40d3630-b2cb-452e-a620-00874ec4f1cf',546,2,'','','811448e','New Form',0,0,'37.19.223.231','Mozilla/5.0 (Windows NT 6.1; Win64; x64) AppleWebKit/537.36 (KHTML, like Gecko) Chrome/67.0.3396.99 Safari/537.36',1,1,'new',0,'{\"edit_post_id\":\"2\"}','2023-12-16 05:06:10','2023-12-16 05:06:10','2023-12-16 00:06:10','2023-12-16 00:06:10'),(138,'submission','1bcec4f9-e16c-4b12-bca1-f4238885b29b',550,2,'','','811448e','New Form',0,0,'191.96.168.34','Mozilla/5.0 (Windows NT 10.0; Win64; x64) AppleWebKit/537.36 (KHTML, like Gecko) Chrome/103.0.5060.66 Safari/537.36',1,1,'new',0,'{\"edit_post_id\":\"2\"}','2023-12-18 14:11:02','2023-12-18 14:11:02','2023-12-18 09:11:02','2023-12-18 09:11:02'),(139,'submission','b5c07622-bccd-4a5a-92c1-b2ec5449ef3f',554,2,'','','811448e','New Form',0,0,'5.35.32.125','Mozilla/5.0 (Windows NT 6.3) AppleWebKit/537.36 (KHTML, like Gecko) Chrome/103.0.0.0 Safari/537.36',1,1,'new',0,'{\"edit_post_id\":\"2\"}','2023-12-18 18:01:28','2023-12-18 18:01:28','2023-12-18 13:01:28','2023-12-18 13:01:28'),(140,'submission','507308b6-45e5-496b-a422-8838238c3243',558,2,'','','811448e','New Form',0,0,'193.176.86.62','Mozilla/5.0 (Windows NT 6.3; Win64; x64) AppleWebKit/537.36 (KHTML, like Gecko) Chrome/67.0.3396.79 Safari/537.36',1,1,'new',0,'{\"edit_post_id\":\"2\"}','2023-12-19 08:21:08','2023-12-19 08:21:08','2023-12-19 03:21:08','2023-12-19 03:21:08'),(141,'submission','bf447dd9-86c0-4a9f-9525-f60079fb6e10',562,2,'','','811448e','New Form',0,0,'185.197.74.148','Mozilla/5.0 (Windows NT 6.3; Win64; x64) AppleWebKit/537.36 (KHTML, like Gecko) Chrome/103.0.5060.66 Safari/537.36',1,1,'new',0,'{\"edit_post_id\":\"2\"}','2023-12-19 09:13:54','2023-12-19 09:13:54','2023-12-19 04:13:54','2023-12-19 04:13:54'),(142,'submission','83f41b29-699f-48fb-b405-b3023f1f8f60',566,2,'','','811448e','New Form',0,0,'5.35.32.125','Mozilla/5.0 (Windows NT 10.0; Win64; x64) AppleWebKit/537.36 (KHTML, like Gecko) Chrome/103.0.0.0 Safari/537.36 Herring/95.1.8810.11',1,1,'new',0,'{\"edit_post_id\":\"2\"}','2023-12-19 12:57:25','2023-12-19 12:57:25','2023-12-19 07:57:25','2023-12-19 07:57:25'),(143,'submission','f6e4b6af-40c3-4612-ba4a-0fe9b4af56cb',570,2,'','','811448e','New Form',0,0,'5.35.32.125','Mozilla/5.0 (Windows NT 6.3; Win64; x64) AppleWebKit/537.36 (KHTML, like Gecko) Chrome/103.0.5060.53 Safari/537.36',1,1,'new',0,'{\"edit_post_id\":\"2\"}','2023-12-20 04:58:13','2023-12-20 04:58:13','2023-12-19 23:58:13','2023-12-19 23:58:13'),(144,'submission','3b77c1cc-b5c0-42b9-935b-7982f6ab0f94',574,2,'','','811448e','New Form',0,0,'176.111.174.153','Mozilla/5.0 (Windows NT 6.1) AppleWebKit/537.36 (KHTML, like Gecko) Chrome/103.0.0.0 Safari/537.36',1,1,'new',0,'{\"edit_post_id\":\"2\"}','2023-12-22 15:10:23','2023-12-22 15:10:23','2023-12-22 10:10:23','2023-12-22 10:10:23'),(145,'submission','123753e9-4e3e-497e-8587-11efd215196f',578,2,'','','811448e','New Form',0,0,'5.35.32.125','Mozilla/5.0 (Windows NT 6.1; Win64; x64) AppleWebKit/537.36 (KHTML, like Gecko) Chrome/103.0.0.0 Safari/537.36',1,1,'new',0,'{\"edit_post_id\":\"2\"}','2023-12-23 02:05:37','2023-12-23 02:05:37','2023-12-22 21:05:37','2023-12-22 21:05:37'),(146,'submission','b8c48af4-7bdd-42c4-b459-071e924b959e',582,2,'','','811448e','New Form',0,0,'62.122.184.194','Mozilla/5.0 (Windows NT 10.0) AppleWebKit/537.36 (KHTML, like Gecko) Chrome/103.0.0.0 Safari/537.36',1,1,'new',0,'{\"edit_post_id\":\"2\"}','2023-12-23 12:41:10','2023-12-23 12:41:10','2023-12-23 07:41:10','2023-12-23 07:41:10'),(147,'submission','012417d5-5351-46d6-9f38-dc28234890c7',586,2,'','','811448e','New Form',0,0,'159.224.217.252','Mozilla/5.0 (Windows NT 6.3; Win64; x64) AppleWebKit/537.36 (KHTML, like Gecko) Chrome/83.0.4103.61 Safari/537.36',1,1,'new',0,'{\"edit_post_id\":\"2\"}','2023-12-25 00:40:48','2023-12-25 00:40:48','2023-12-24 19:40:48','2023-12-24 19:40:48'),(148,'submission','3baeb65b-1264-437d-a516-0d18f835011a',590,2,'','','811448e','New Form',0,0,'159.224.217.252','Mozilla/5.0 (Windows NT 10.0; Win64; x64) AppleWebKit/537.36 (KHTML, like Gecko) Chrome/83.0.4099.2 Safari/537.36',1,1,'new',0,'{\"edit_post_id\":\"2\"}','2023-12-25 18:47:27','2023-12-25 18:47:27','2023-12-25 13:47:27','2023-12-25 13:47:27'),(149,'submission','fce67a5f-b10f-45e3-ac31-8c8c36442eb9',594,2,'','','811448e','New Form',0,0,'5.35.32.125','Mozilla/5.0 (Windows NT 10.0; Win64; x64) AppleWebKit/537.36 (KHTML, like Gecko) Chrome/103.0.5060.114 Safari/537.36',1,1,'new',0,'{\"edit_post_id\":\"2\"}','2023-12-25 23:43:58','2023-12-25 23:43:58','2023-12-25 18:43:58','2023-12-25 18:43:58'),(150,'submission','453cc722-1794-42ac-b93b-52e3130c5bd4',598,2,'','','811448e','New Form',0,0,'85.209.11.117','Mozilla/5.0 (Windows NT 10.0; Win64; x64) AppleWebKit/537.36 (KHTML, like Gecko) Chrome/103.0.0.0 Safari/537.36',1,1,'new',0,'{\"edit_post_id\":\"2\"}','2023-12-26 07:03:05','2023-12-26 07:03:05','2023-12-26 02:03:05','2023-12-26 02:03:05'),(151,'submission','b70d8d01-08c6-4c33-a9bd-413a3a1234eb',602,2,'','','811448e','New Form',0,0,'5.35.32.125','Mozilla/5.0 (Windows NT 6.3; Win64; x64) AppleWebKit/537.36 (KHTML, like Gecko) Chrome/103.0.5060.53 Safari/537.36',1,1,'new',0,'{\"edit_post_id\":\"2\"}','2023-12-26 20:42:53','2023-12-26 20:42:53','2023-12-26 15:42:53','2023-12-26 15:42:53'),(152,'submission','863de83c-d51e-4dfc-a1b2-9533d48a3d97',606,2,'','','811448e','New Form',0,0,'185.190.42.200','Mozilla/5.0 (Windows NT 10.0; WOW64) AppleWebKit/537.36 (KHTML, like Gecko) Chrome/103.0.0.0 Safari/537.36',1,1,'new',0,'{\"edit_post_id\":\"2\"}','2023-12-27 02:55:50','2023-12-27 02:55:50','2023-12-26 21:55:50','2023-12-26 21:55:50'),(153,'submission','fc7901fb-39ac-476c-b847-4653f82b1b5f',610,2,'','','811448e','New Form',0,0,'94.23.61.200','Mozilla/5.0 (Windows NT 10.0; Win64; x64) AppleWebKit/537.36 (KHTML, like Gecko) Chrome/103.0.5060.114 Safari/537.36',1,1,'new',0,'{\"edit_post_id\":\"2\"}','2023-12-27 07:11:02','2023-12-27 07:11:02','2023-12-27 02:11:02','2023-12-27 02:11:02'),(154,'submission','7fc19547-76f3-45b5-8e13-dd4c8855e1be',614,2,'','','811448e','New Form',0,0,'94.23.61.200','Mozilla/5.0 (Windows NT 6.3; Win64; x64) AppleWebKit/537.36 (KHTML, like Gecko) Chrome/103.0.5060.53 Safari/537.36',1,1,'new',0,'{\"edit_post_id\":\"2\"}','2023-12-27 07:17:27','2023-12-27 07:17:27','2023-12-27 02:17:27','2023-12-27 02:17:27'),(155,'submission','482d67a8-1ce8-4459-a161-84521c090d5c',618,2,'','','811448e','New Form',0,0,'5.35.32.125','Mozilla/5.0 (Windows NT 10.0; Win64; x64) AppleWebKit/537.36 (KHTML, like Gecko) Chrome/103.0.5060.114 Safari/537.36',1,1,'new',0,'{\"edit_post_id\":\"2\"}','2023-12-27 19:14:17','2023-12-27 19:14:17','2023-12-27 14:14:17','2023-12-27 14:14:17'),(156,'submission','a8090dcc-77d4-498a-b642-67e618ecf1b8',622,2,'','','811448e','New Form',0,0,'38.180.57.105','Mozilla/5.0 (Windows NT 10.0; Win64; x64) AppleWebKit/537.36 (KHTML, like Gecko) Chrome/103.0.5042.0 Safari/537.36',1,1,'new',0,'{\"edit_post_id\":\"2\"}','2023-12-28 06:57:41','2023-12-28 06:57:41','2023-12-28 01:57:41','2023-12-28 01:57:41'),(157,'submission','70bfbb28-0ea4-482e-8be9-7008ab4683ac',626,2,'','','811448e','New Form',0,0,'5.35.32.125','Mozilla/5.0 (Windows NT 6.1; Win64; x64) AppleWebKit/537.36 (KHTML, like Gecko) Chrome/103.0.0.0 Safari/537.36',1,1,'new',0,'{\"edit_post_id\":\"2\"}','2023-12-28 16:28:04','2023-12-28 16:28:04','2023-12-28 11:28:04','2023-12-28 11:28:04'),(158,'submission','731763e0-c542-4a69-a561-d5243833b6a7',630,2,'','','811448e','New Form',0,0,'37.19.223.213','Mozilla/5.0 (Windows NT 10.0; Win64; x64) AppleWebKit/537.36 (KHTML, like Gecko) Chrome/67.0.3396.87 Safari/537.36 OPR/54.0.2952.51',1,1,'new',0,'{\"edit_post_id\":\"2\"}','2023-12-29 14:34:35','2023-12-29 14:34:35','2023-12-29 09:34:35','2023-12-29 09:34:35'),(159,'submission','d8c021d9-2b41-496d-ac3f-32fc5168b595',634,2,'','','811448e','New Form',0,0,'5.35.32.125','Mozilla/5.0 (Windows NT 6.1; WOW64) AppleWebKit/537.36 (KHTML, like Gecko) Chrome/103.0.0.0 Safari/537.36',1,1,'new',0,'{\"edit_post_id\":\"2\"}','2023-12-29 17:54:59','2023-12-29 17:54:59','2023-12-29 12:54:59','2023-12-29 12:54:59'),(160,'submission','30fb0db0-924a-4258-902b-49bf11a2c74d',638,2,'','','811448e','New Form',0,0,'185.107.44.150','Mozilla/5.0 (Windows NT 6.1) AppleWebKit/537.36 (KHTML, like Gecko) Chrome/103.0.0.0 Safari/537.36',1,1,'new',0,'{\"edit_post_id\":\"2\"}','2023-12-31 00:36:40','2023-12-31 00:36:40','2023-12-30 19:36:40','2023-12-30 19:36:40'),(161,'submission','2da00fda-8947-4f47-b00f-25739ed51881',642,2,'','','811448e','New Form',0,0,'185.107.44.46','Mozilla/5.0 (Windows NT 6.1; Win64; x64) AppleWebKit/537.36 (KHTML, like Gecko) Chrome/103.0.0.0 Safari/537.36',1,1,'new',0,'{\"edit_post_id\":\"2\"}','2024-01-01 09:57:25','2024-01-01 09:57:25','2024-01-01 04:57:25','2024-01-01 04:57:25'),(162,'submission','c2dfbc6e-ee58-4c45-b6f2-caa0dbf87b75',646,2,'','','811448e','New Form',0,0,'5.35.32.125','Mozilla/5.0 (Windows NT 6.1; Win64; x64) AppleWebKit/537.36 (KHTML, like Gecko) Chrome/103.0.5060.114 Safari/537.36',1,1,'new',0,'{\"edit_post_id\":\"2\"}','2024-01-03 12:22:23','2024-01-03 12:22:23','2024-01-03 07:22:23','2024-01-03 07:22:23'),(163,'submission','4b25d5ad-6726-4369-8407-7e96fc7a50ab',650,2,'','','811448e','New Form',0,0,'5.35.32.125','Mozilla/5.0 (Windows NT 6.1; Win64; x64) AppleWebKit/537.36 (KHTML, like Gecko) Chrome/103.0.0.0 Safari/537.36',1,1,'new',0,'{\"edit_post_id\":\"2\"}','2024-01-05 14:22:55','2024-01-05 14:22:55','2024-01-05 09:22:55','2024-01-05 09:22:55'),(164,'submission','e4eb9cb3-c27f-44bd-a691-d4653c5a0327',654,2,'','','811448e','New Form',0,0,'45.132.194.62','Mozilla/5.0 (Windows NT 6.1) AppleWebKit/537.36 (KHTML, like Gecko) Chrome/68.0.3440.106 Safari/537.36',1,1,'new',0,'{\"edit_post_id\":\"2\"}','2024-01-06 06:15:45','2024-01-06 06:15:45','2024-01-06 01:15:45','2024-01-06 01:15:45'),(165,'submission','d3288dc7-c7f4-43f3-8e9e-9c2adb550250',658,2,'','','811448e','New Form',0,0,'181.215.176.145','Mozilla/5.0 (Windows NT 6.1; Win64; x64) AppleWebKit/537.36 (KHTML, like Gecko) Chrome/68.0.3440.106 Safari/537.36 OPR/55.0.2994.44',1,1,'new',0,'{\"edit_post_id\":\"2\"}','2024-01-06 19:52:24','2024-01-06 19:52:24','2024-01-06 14:52:24','2024-01-06 14:52:24'),(166,'submission','037f8235-4ba2-480d-b967-5f61f1602984',662,2,'','','811448e','New Form',0,0,'5.35.32.125','Mozilla/5.0 (Windows NT 6.3; Win64; x64) AppleWebKit/537.36 (KHTML, like Gecko) Chrome/103.0.5060.66 Safari/537.36',1,1,'new',0,'{\"edit_post_id\":\"2\"}','2024-01-08 18:56:01','2024-01-08 18:56:01','2024-01-08 13:56:01','2024-01-08 13:56:01'),(167,'submission','5ea5446d-bbf3-4fbd-bc4f-aed07bd5b85a',666,2,'','','811448e','New Form',0,0,'185.107.83.7','Mozilla/5.0 (Windows NT 10.0; Win64; x64) AppleWebKit/537.36 (KHTML, like Gecko) Chrome/103.0.5060.53 Safari/537.36',1,1,'new',0,'{\"edit_post_id\":\"2\"}','2024-01-09 15:50:14','2024-01-09 15:50:15','2024-01-09 10:50:14','2024-01-09 10:50:15'),(168,'submission','2e456582-7e03-4121-8c3b-2e271a0400d0',670,2,'','','811448e','New Form',0,0,'138.199.63.31','Mozilla/5.0 (Windows NT 5.1) AppleWebKit/537.36 (KHTML, like Gecko) Chrome/49.0.2623.112 Safari/537.36',1,1,'new',0,'{\"edit_post_id\":\"2\"}','2024-01-10 05:18:34','2024-01-10 05:18:34','2024-01-10 00:18:34','2024-01-10 00:18:34'),(169,'submission','bd2066d2-2db3-4202-99e5-c732cbc8fba3',674,2,'','','811448e','New Form',0,0,'188.126.94.187','Mozilla/5.0 (Windows NT 10.0; Win64; x64) AppleWebKit/537.36 (KHTML, like Gecko) Chrome/103.0.5060.66 Safari/537.36',1,1,'new',0,'{\"edit_post_id\":\"2\"}','2024-01-10 08:34:21','2024-01-10 08:34:21','2024-01-10 03:34:21','2024-01-10 03:34:21'),(170,'submission','ef41ce4f-ef33-4f87-9b2f-1ae29218604d',678,2,'','','811448e','New Form',0,0,'62.122.184.194','Mozilla/5.0 (Windows NT 6.3; Win64; x64) AppleWebKit/537.36 (KHTML, like Gecko) Chrome/103.0.5060.114 Safari/537.36',1,1,'new',0,'{\"edit_post_id\":\"2\"}','2024-01-10 18:18:00','2024-01-10 18:18:00','2024-01-10 13:18:00','2024-01-10 13:18:00'),(171,'submission','c976ac4e-39d3-4932-ad03-66e336141af2',682,2,'','','811448e','New Form',0,0,'5.35.32.125','Mozilla/5.0 (Windows NT 10.0; Win64; x64) AppleWebKit/537.36 (KHTML, like Gecko) Chrome/103.0.0.0 Safari/537.36 OpenWave/97.4.2043.44',1,1,'new',0,'{\"edit_post_id\":\"2\"}','2024-01-10 18:58:55','2024-01-10 18:58:55','2024-01-10 13:58:55','2024-01-10 13:58:55'),(172,'submission','f068b862-b471-44f0-aec2-7e070ee9970d',686,2,'','','811448e','New Form',0,0,'78.138.99.188','Mozilla/5.0 (Windows NT 6.1; Win64; x64) AppleWebKit/537.36 (KHTML, like Gecko) Chrome/66.0.3359.170 Safari/537.36 OPR/53.0.2907.99',1,1,'new',0,'{\"edit_post_id\":\"2\"}','2024-01-10 22:31:07','2024-01-10 22:31:07','2024-01-10 17:31:07','2024-01-10 17:31:07'),(173,'submission','f3f5de59-ba9e-48c8-a0b8-aa11a5254355',690,2,'','','811448e','New Form',0,0,'81.181.56.97','Mozilla/5.0 (Windows NT 10.0; Win64; x64) AppleWebKit/537.36 (KHTML, like Gecko) Chrome/58.0.3029.110 Safari/537.36 Edge/16.16299',1,1,'new',0,'{\"edit_post_id\":\"2\"}','2024-01-11 09:50:56','2024-01-11 09:50:56','2024-01-11 04:50:56','2024-01-11 04:50:56'),(174,'submission','3ab55961-3b1d-4281-9624-885695c51a73',694,2,'','','811448e','New Form',0,0,'84.38.188.16','Mozilla/5.0 (Windows NT 10.0; Win64; x64) AppleWebKit/537.36 (KHTML, like Gecko) Chrome/103.0.0.0 Safari/537.36 OpenWave/97.4.2043.44',1,1,'new',0,'{\"edit_post_id\":\"2\"}','2024-01-11 10:42:05','2024-01-11 10:42:05','2024-01-11 05:42:05','2024-01-11 05:42:05'),(175,'submission','09bb420f-4423-4b52-b953-cd44b557bb4c',698,2,'','','811448e','New Form',0,0,'5.35.32.125','Mozilla/5.0 (Windows NT 6.3) AppleWebKit/537.36 (KHTML, like Gecko) Chrome/103.0.0.0 Safari/537.36',1,1,'new',0,'{\"edit_post_id\":\"2\"}','2024-01-11 17:08:49','2024-01-11 17:08:49','2024-01-11 12:08:49','2024-01-11 12:08:49'),(176,'submission','7cd1b397-3ccd-4575-84d2-647165a408b7',702,2,'','','811448e','New Form',0,0,'190.2.132.127','Mozilla/5.0 (Windows NT 10.0) AppleWebKit/537.36 (KHTML, like Gecko) Chrome/103.0.0.0 Safari/537.36',1,1,'new',0,'{\"edit_post_id\":\"2\"}','2024-01-11 21:13:15','2024-01-11 21:13:15','2024-01-11 16:13:15','2024-01-11 16:13:15'),(177,'submission','04396f0a-bce3-4d1c-b58f-347a788bf541',706,2,'','','811448e','New Form',0,0,'5.35.32.125','Mozilla/5.0 (Windows NT 6.2; Win64; x64) AppleWebKit/537.36 (KHTML, like Gecko) Chrome/103.0.0.0 Safari/537.36',1,1,'new',0,'{\"edit_post_id\":\"2\"}','2024-01-12 17:40:54','2024-01-12 17:40:54','2024-01-12 12:40:54','2024-01-12 12:40:54'),(178,'submission','a3754ffd-5372-4461-896a-edcaae5a5e89',710,2,'','','811448e','New Form',0,0,'104.28.198.247','Mozilla/5.0 (Windows NT 10.0; WOW64) AppleWebKit/537.36 (KHTML, like Gecko) Chrome/103.0.0.0 Safari/537.36',1,1,'new',0,'{\"edit_post_id\":\"2\"}','2024-01-13 15:43:23','2024-01-13 15:43:23','2024-01-13 10:43:23','2024-01-13 10:43:23'),(179,'submission','911dab3a-c903-45fb-9132-f6c3c64079c1',714,2,'','','811448e','New Form',0,0,'5.35.32.125','Mozilla/5.0 (Windows NT 10.0; WOW64) AppleWebKit/537.36 (KHTML, like Gecko) Chrome/103.0.0.0 Safari/537.36',1,1,'new',0,'{\"edit_post_id\":\"2\"}','2024-01-13 20:55:51','2024-01-13 20:55:51','2024-01-13 15:55:51','2024-01-13 15:55:51'),(180,'submission','6c035171-5c89-4629-a220-73f05cea8a01',718,2,'','','811448e','New Form',0,0,'85.209.11.117','Mozilla/5.0 (Windows NT 10.0; Win64; x64) AppleWebKit/537.36 (KHTML, like Gecko) Chrome/103.0.5060.114 Safari/537.36',1,1,'new',0,'{\"edit_post_id\":\"2\"}','2024-01-14 06:24:41','2024-01-14 06:24:41','2024-01-14 01:24:41','2024-01-14 01:24:41'),(181,'submission','62ff7296-9dd3-4cb1-9749-7ddb6248856c',722,2,'','','811448e','New Form',0,0,'185.107.44.97','Mozilla/5.0 (Windows NT 10.0; Win64; x64) AppleWebKit/537.36 (KHTML, like Gecko) Chrome/103.0.0.0 Safari/537.36',1,1,'new',0,'{\"edit_post_id\":\"2\"}','2024-01-14 08:29:29','2024-01-14 08:29:29','2024-01-14 03:29:29','2024-01-14 03:29:29'),(182,'submission','1c630c13-9ff7-4576-8237-a4ea286b8037',726,2,'','','811448e','New Form',0,0,'5.35.32.125','Mozilla/5.0 (Windows NT 10.0; Win64; x64) AppleWebKit/537.36 (KHTML, like Gecko) Chrome/103.0.5060.134 Safari/537.36',1,1,'new',0,'{\"edit_post_id\":\"2\"}','2024-01-15 16:34:46','2024-01-15 16:34:46','2024-01-15 11:34:46','2024-01-15 11:34:46'),(183,'submission','00134354-a60a-47f7-baf4-15884eb2c4dd',730,2,'','','811448e','New Form',0,0,'104.28.230.246','Mozilla/5.0 (Windows NT 6.1; Win64; x64) AppleWebKit/537.36 (KHTML, like Gecko) Chrome/103.0.0.0 Safari/537.36',1,1,'new',0,'{\"edit_post_id\":\"2\"}','2024-01-15 21:23:47','2024-01-15 21:23:47','2024-01-15 16:23:47','2024-01-15 16:23:47'),(184,'submission','0b74f044-0dc9-477e-b290-fe4e18078a10',734,2,'','','811448e','New Form',0,0,'5.35.32.125','Mozilla/5.0 (Windows NT 6.1; WOW64) AppleWebKit/537.36 (KHTML, like Gecko) Chrome/103.0.0.0 Safari/537.36',1,1,'new',0,'{\"edit_post_id\":\"2\"}','2024-01-16 19:03:08','2024-01-16 19:03:08','2024-01-16 14:03:08','2024-01-16 14:03:08'),(185,'submission','99c3a26e-ca7e-4e68-9070-fc50ad789a2f',738,2,'','','811448e','New Form',0,0,'5.35.32.125','Mozilla/5.0 (Windows NT 6.1; Win64; x64) AppleWebKit/537.36 (KHTML, like Gecko) Chrome/103.0.5060.66 Safari/537.36',1,1,'new',0,'{\"edit_post_id\":\"2\"}','2024-01-17 18:14:26','2024-01-17 18:14:26','2024-01-17 13:14:26','2024-01-17 13:14:26'),(186,'submission','de16ad67-1ebf-4eb8-ac35-19497388c10b',742,2,'','','811448e','New Form',0,0,'176.111.174.153','Mozilla/5.0 (Windows NT 6.3; Win64; x64) AppleWebKit/537.36 (KHTML, like Gecko) Chrome/103.0.5060.53 Safari/537.36',1,1,'new',0,'{\"edit_post_id\":\"2\"}','2024-01-17 20:58:02','2024-01-17 20:58:02','2024-01-17 15:58:02','2024-01-17 15:58:02'),(187,'submission','14189c7d-2b94-4c7d-93cf-394a9a5ee5b4',746,2,'','','811448e','New Form',0,0,'84.17.48.127','Mozilla/5.0 (Windows NT 10.0; Win64; x64) AppleWebKit/537.36 (KHTML, like Gecko) Chrome/68.0.3440.106 Safari/537.36 OPR/55.0.2994.44',1,1,'new',0,'{\"edit_post_id\":\"2\"}','2024-01-18 06:15:02','2024-01-18 06:15:02','2024-01-18 01:15:02','2024-01-18 01:15:02'),(188,'submission','06a5d3a3-819b-4b77-88ab-8fbc1fe76db8',750,2,'','','811448e','New Form',0,0,'185.107.44.97','Mozilla/5.0 (Windows NT 10.0; Win64; x64) AppleWebKit/537.36 (KHTML, like Gecko) Chrome/103.0.5060.114 Safari/537.36',1,1,'new',0,'{\"edit_post_id\":\"2\"}','2024-01-18 13:09:17','2024-01-18 13:09:18','2024-01-18 08:09:17','2024-01-18 08:09:18'),(189,'submission','333e0e50-2c99-4477-969d-c760626ccf48',754,2,'','','811448e','New Form',0,0,'5.35.32.125','Mozilla/5.0 (Windows NT 6.1) AppleWebKit/537.36 (KHTML, like Gecko) Chrome/103.0.5060.114 Safari/537.36',1,1,'new',0,'{\"edit_post_id\":\"2\"}','2024-01-18 18:12:14','2024-01-18 18:12:14','2024-01-18 13:12:14','2024-01-18 13:12:14'),(190,'submission','439c72ed-9c59-458c-9b8d-449deb22b6e5',758,2,'','','811448e','New Form',0,0,'5.35.32.125','Mozilla/5.0 (Windows NT 10.0; Win64; x64) AppleWebKit/537.36 (KHTML, like Gecko) Chrome/103.0.5042.0 Safari/537.36',1,1,'new',0,'{\"edit_post_id\":\"2\"}','2024-01-19 19:15:25','2024-01-19 19:15:25','2024-01-19 14:15:25','2024-01-19 14:15:25'),(191,'submission','e21f8b62-a287-4f54-b7bf-d00803b3e40f',762,2,'','','811448e','New Form',0,0,'146.70.86.115','Mozilla/5.0 (Windows NT 10.0; WOW64) AppleWebKit/537.36 (KHTML, like Gecko) Chrome/103.0.5060.114 Safari/537.36',1,1,'new',0,'{\"edit_post_id\":\"2\"}','2024-01-20 13:47:45','2024-01-20 13:47:45','2024-01-20 08:47:45','2024-01-20 08:47:45'),(192,'submission','3759795d-1a97-4c6a-8795-6df19ce5086e',766,2,'','','811448e','New Form',0,0,'158.69.119.17','Mozilla/5.0 (Windows NT 6.3; Win64; x64) AppleWebKit/537.36 (KHTML, like Gecko) Chrome/103.0.5060.53 Safari/537.36',1,1,'new',0,'{\"edit_post_id\":\"2\"}','2024-01-21 19:27:59','2024-01-21 19:27:59','2024-01-21 14:27:59','2024-01-21 14:27:59'),(193,'submission','4baab24b-afb0-4ad5-b024-db248fdd1b5e',770,2,'','','811448e','New Form',0,0,'158.69.119.17','Mozilla/5.0 (Windows NT 6.3; WOW64) AppleWebKit/537.36 (KHTML, like Gecko) Chrome/103.0.0.0 Safari/537.36',1,1,'new',0,'{\"edit_post_id\":\"2\"}','2024-01-21 19:36:32','2024-01-21 19:36:32','2024-01-21 14:36:32','2024-01-21 14:36:32'),(194,'submission','026c5932-4ef2-487a-9865-80250651a654',774,2,'','','811448e','New Form',0,0,'89.149.37.61','Mozilla/5.0 (Windows NT 6.1) AppleWebKit/537.36 (KHTML, like Gecko) Chrome/103.0.0.0 Safari/537.36',1,1,'new',0,'{\"edit_post_id\":\"2\"}','2024-01-23 04:43:12','2024-01-23 04:43:12','2024-01-22 23:43:12','2024-01-22 23:43:12'),(195,'submission','dcb14846-df41-4c74-8982-59647d1e4250',778,2,'','','811448e','New Form',0,0,'85.209.11.117','Mozilla/5.0 (Windows NT 6.1) AppleWebKit/537.36 (KHTML, like Gecko) Chrome/103.0.0.0 Safari/537.36',1,1,'new',0,'{\"edit_post_id\":\"2\"}','2024-01-23 21:37:11','2024-01-23 21:37:11','2024-01-23 16:37:11','2024-01-23 16:37:11'),(196,'submission','300fe853-225b-455e-9355-2712b35a9d3c',782,2,'','','811448e','New Form',0,0,'37.115.216.61','Mozilla/5.0 (Windows NT 10.0; Win64; x64) AppleWebKit/537.36 (KHTML, like Gecko) Chrome/83.0.4086.0 Safari/537.36',1,1,'new',0,'{\"edit_post_id\":\"2\"}','2024-01-23 22:40:04','2024-01-23 22:40:04','2024-01-23 17:40:04','2024-01-23 17:40:04'),(197,'submission','fb3a6424-0aca-4c52-8abb-b65fc65bb962',786,2,'','','811448e','New Form',0,0,'5.35.32.125','Mozilla/5.0 (Windows NT 6.3; WOW64) AppleWebKit/537.36 (KHTML, like Gecko) Chrome/103.0.5060.114 Safari/537.36',1,1,'new',0,'{\"edit_post_id\":\"2\"}','2024-01-24 12:55:43','2024-01-24 12:55:43','2024-01-24 07:55:43','2024-01-24 07:55:43'),(198,'submission','729aad6e-de45-4801-a674-1c22e01ee0ce',790,2,'','','811448e','New Form',0,0,'185.107.83.6','Mozilla/5.0 (Windows NT 6.1; WOW64) AppleWebKit/537.36 (KHTML, like Gecko) Chrome/103.0.0.0 Safari/537.36',1,1,'new',0,'{\"edit_post_id\":\"2\"}','2024-01-24 19:31:28','2024-01-24 19:31:28','2024-01-24 14:31:28','2024-01-24 14:31:28'),(199,'submission','93131257-4abc-4f62-977d-4fe241d0465b',794,2,'','','811448e','New Form',0,0,'5.35.32.125','Mozilla/5.0 (Windows NT 6.3; Win64; x64) AppleWebKit/537.36 (KHTML, like Gecko) Chrome/103.0.5060.53 Safari/537.36',1,1,'new',0,'{\"edit_post_id\":\"2\"}','2024-01-25 13:49:33','2024-01-25 13:49:33','2024-01-25 08:49:33','2024-01-25 08:49:33'),(200,'submission','3782bb6c-4457-472b-ba9c-6ff40358812d',798,2,'','','811448e','New Form',0,0,'37.19.223.23','Mozilla/5.0 (Windows NT 10.0; Win64; x64) AppleWebKit/537.36 (KHTML, like Gecko) Chrome/66.0.3359.181 Safari/537.36',1,1,'new',0,'{\"edit_post_id\":\"2\"}','2024-01-26 06:28:05','2024-01-26 06:28:05','2024-01-26 01:28:05','2024-01-26 01:28:05'),(201,'submission','758e6ee3-0856-4c86-9330-40e0ce4af3de',802,2,'','','811448e','New Form',0,0,'185.107.44.166','Mozilla/5.0 (Windows NT 6.3; Win64; x64) AppleWebKit/537.36 (KHTML, like Gecko) Chrome/103.0.5060.53 Safari/537.36',1,1,'new',0,'{\"edit_post_id\":\"2\"}','2024-01-26 13:46:26','2024-01-26 13:46:26','2024-01-26 08:46:26','2024-01-26 08:46:26'),(202,'submission','3b3e4898-eafd-4181-b4b0-2b1a3b11fb82',806,2,'','','811448e','New Form',0,0,'5.35.32.125','Mozilla/5.0 (Windows NT 6.1; WOW64) AppleWebKit/537.36 (KHTML, like Gecko) Chrome/103.0.0.0 Safari/537.36',1,1,'new',0,'{\"edit_post_id\":\"2\"}','2024-01-26 18:47:31','2024-01-26 18:47:31','2024-01-26 13:47:31','2024-01-26 13:47:31'),(203,'submission','8f180269-8e3c-4824-aabb-e6d82787b4d2',810,2,'','','811448e','New Form',0,0,'5.35.32.125','Mozilla/5.0 (Windows NT 10.0; Win64; x64) AppleWebKit/537.36 (KHTML, like Gecko) Chrome/103.0.5060.53 Safari/537.36',1,1,'new',0,'{\"edit_post_id\":\"2\"}','2024-01-27 23:18:33','2024-01-27 23:18:33','2024-01-27 18:18:33','2024-01-27 18:18:33'),(204,'submission','dd17dcf9-b928-4d7c-a96a-9e3d51eb6dde',814,2,'','','811448e','New Form',0,0,'5.35.32.125','Mozilla/5.0 (Windows NT 6.3; Win64; x64) AppleWebKit/537.36 (KHTML, like Gecko) Chrome/103.0.0.0 Safari/537.36',1,1,'new',0,'{\"edit_post_id\":\"2\"}','2024-01-28 21:23:13','2024-01-28 21:23:13','2024-01-28 16:23:13','2024-01-28 16:23:13'),(205,'submission','1de0a33e-c0d4-459c-8af6-42f312d7371a',818,2,'','','811448e','New Form',0,0,'5.35.32.125','Mozilla/5.0 (Windows NT 10.0) AppleWebKit/537.36 (KHTML, like Gecko) Chrome/103.0.0.0 Safari/537.36',1,1,'new',0,'{\"edit_post_id\":\"2\"}','2024-01-29 13:22:36','2024-01-29 13:22:36','2024-01-29 08:22:36','2024-01-29 08:22:36'),(206,'submission','260a025a-9058-4319-9fb8-51383df7cb0f',822,2,'','','811448e','New Form',0,0,'146.70.86.122','Mozilla/5.0 (Windows NT 6.3; WOW64) AppleWebKit/537.36 (KHTML, like Gecko) Chrome/103.0.5060.114 Safari/537.36',1,1,'new',0,'{\"edit_post_id\":\"2\"}','2024-01-29 17:06:16','2024-01-29 17:06:16','2024-01-29 12:06:16','2024-01-29 12:06:16'),(207,'submission','6b1edda0-fd06-489c-a964-cf718659cea1',826,2,'','','811448e','New Form',0,0,'5.35.32.125','Mozilla/5.0 (Windows NT 6.3; WOW64) AppleWebKit/537.36 (KHTML, like Gecko) Chrome/103.0.5060.114 Safari/537.36',1,1,'new',0,'{\"edit_post_id\":\"2\"}','2024-01-30 17:59:23','2024-01-30 17:59:23','2024-01-30 12:59:23','2024-01-30 12:59:23'),(208,'submission','c945799d-f5d4-45cb-9559-f8341e864def',830,2,'','','811448e','New Form',0,0,'62.122.184.194','Mozilla/5.0 (Windows NT 10.0; Win64; x64) AppleWebKit/537.36 (KHTML, like Gecko) Chrome/103.0.5060.53 Safari/537.36',1,1,'new',0,'{\"edit_post_id\":\"2\"}','2024-01-31 13:34:28','2024-01-31 13:34:28','2024-01-31 08:34:28','2024-01-31 08:34:28'),(209,'submission','3e488c56-3478-47cd-badb-b31c67120299',834,2,'','','811448e','New Form',0,0,'146.70.86.122','Mozilla/5.0 (Windows NT 10.0) AppleWebKit/537.36 (KHTML, like Gecko) Chrome/103.0.0.0 Safari/537.36',1,1,'new',0,'{\"edit_post_id\":\"2\"}','2024-02-01 01:24:52','2024-02-01 01:24:52','2024-01-31 20:24:52','2024-01-31 20:24:52'),(210,'submission','11eedbe1-8952-41d4-9d27-fdbd562d875c',838,2,'','','811448e','New Form',0,0,'181.215.176.159','Mozilla/5.0 (Windows NT 10.0) AppleWebKit/537.36 (KHTML, like Gecko) Chrome/67.0.3396.99 Safari/537.36',1,1,'new',0,'{\"edit_post_id\":\"2\"}','2024-02-02 05:31:19','2024-02-02 05:31:19','2024-02-02 00:31:19','2024-02-02 00:31:19'),(211,'submission','4508d132-a799-405a-93b5-6763df0b64ac',842,2,'','','811448e','New Form',0,0,'146.70.86.122','Mozilla/5.0 (Windows NT 6.1; Win64; x64) AppleWebKit/537.36 (KHTML, like Gecko) Chrome/103.0.5060.114 Safari/537.36',1,1,'new',0,'{\"edit_post_id\":\"2\"}','2024-02-02 14:16:37','2024-02-02 14:16:37','2024-02-02 09:16:37','2024-02-02 09:16:37'),(212,'submission','d1976553-b953-469a-bba0-d6b789f3fe2b',846,2,'','','811448e','New Form',0,0,'62.122.184.194','Mozilla/5.0 (Windows NT 6.1; Win64; x64) AppleWebKit/537.36 (KHTML, like Gecko) Chrome/103.0.0.0 Safari/537.36',1,1,'new',0,'{\"edit_post_id\":\"2\"}','2024-02-03 22:39:37','2024-02-03 22:39:37','2024-02-03 17:39:37','2024-02-03 17:39:37'),(213,'submission','96eb7053-59e6-425c-a3e7-99dc2b301aff',850,2,'','','811448e','New Form',0,0,'37.19.223.251','Mozilla/5.0 (Windows NT 6.1; Win64; x64) AppleWebKit/537.36 (KHTML, like Gecko) Chrome/67.0.3396.87 Safari/537.36 OPR/54.0.2952.54',1,1,'new',0,'{\"edit_post_id\":\"2\"}','2024-02-05 08:17:06','2024-02-05 08:17:06','2024-02-05 03:17:06','2024-02-05 03:17:06'),(214,'submission','3dda1eae-3ccc-4c3c-baed-49a393449191',854,2,'','','811448e','New Form',0,0,'77.247.178.147','Mozilla/5.0 (Windows NT 10.0; Win64; x64) AppleWebKit/537.36 (KHTML, like Gecko) Chrome/103.0.0.0 Safari/537.36 OpenWave/97.4.2043.44',1,1,'new',0,'{\"edit_post_id\":\"2\"}','2024-02-05 14:20:42','2024-02-05 14:20:42','2024-02-05 09:20:42','2024-02-05 09:20:42'),(215,'submission','89d80b83-3727-45dc-9f98-365f76b130d1',858,2,'','','811448e','New Form',0,0,'138.199.63.35','Mozilla/5.0 (Windows NT 6.3; Win64; x64) AppleWebKit/537.36 (KHTML, like Gecko) Chrome/68.0.3440.84 Safari/537.36',1,1,'new',0,'{\"edit_post_id\":\"2\"}','2024-02-06 19:20:28','2024-02-06 19:20:28','2024-02-06 14:20:28','2024-02-06 14:20:28'),(216,'submission','756fd02b-50d1-4c89-a94c-1194071c5b72',862,2,'','','811448e','New Form',0,0,'138.199.36.236','Mozilla/5.0 (Windows NT 10.0; Win64; x64) AppleWebKit/537.36 (KHTML, like Gecko) Chrome/67.0.3396.87 Safari/537.36',1,1,'new',0,'{\"edit_post_id\":\"2\"}','2024-02-07 04:05:50','2024-02-07 04:05:50','2024-02-06 23:05:50','2024-02-06 23:05:50'),(217,'submission','1b325229-0b6d-498c-8395-9dc5eb9151d2',866,2,'','','811448e','New Form',0,0,'62.122.184.194','Mozilla/5.0 (Windows NT 10.0; Win64; x64) AppleWebKit/537.36 (KHTML, like Gecko) Chrome/103.0.0.0 Safari/537.36 OpenWave/97.4.2043.44',1,1,'new',0,'{\"edit_post_id\":\"2\"}','2024-02-09 22:12:42','2024-02-09 22:12:42','2024-02-09 17:12:42','2024-02-09 17:12:42'),(218,'submission','031b2cac-b457-4e61-9e0f-eda4587e6a71',870,2,'','','811448e','New Form',0,0,'176.111.174.153','Mozilla/5.0 (Windows NT 6.3; Win64; x64) AppleWebKit/537.36 (KHTML, like Gecko) Chrome/103.0.0.0 Safari/537.36',1,1,'new',0,'{\"edit_post_id\":\"2\"}','2024-02-10 01:11:49','2024-02-10 01:11:49','2024-02-09 20:11:49','2024-02-09 20:11:49'),(219,'submission','58e0eb79-6386-4056-a381-783ceeffc72f',874,2,'','','811448e','New Form',0,0,'46.246.8.21','Mozilla/5.0 (Windows NT 10.0; Win64; x64) AppleWebKit/537.36 (KHTML, like Gecko) Chrome/103.0.5060.66 Safari/537.36',1,1,'new',0,'{\"edit_post_id\":\"2\"}','2024-02-10 05:04:28','2024-02-10 05:04:28','2024-02-10 00:04:28','2024-02-10 00:04:28'),(220,'submission','3d21817a-644c-4626-ac7a-3068a9cafb14',878,2,'','','811448e','New Form',0,0,'185.197.74.148','Mozilla/5.0 (Windows NT 10.0; Win64; x64) AppleWebKit/537.36 (KHTML, like Gecko) Chrome/120.0.0.0 Safari/537.36',1,1,'new',0,'{\"edit_post_id\":\"2\"}','2024-02-10 15:33:24','2024-02-10 15:33:24','2024-02-10 10:33:24','2024-02-10 10:33:24'),(221,'submission','a8c33d6b-16c0-4830-a005-5a7e97c5fd5b',882,2,'','','811448e','New Form',0,0,'5.35.32.125','Mozilla/5.0 (Windows NT 6.3; WOW64) AppleWebKit/537.36 (KHTML, like Gecko) Chrome/103.0.0.0 Safari/537.36',1,1,'new',0,'{\"edit_post_id\":\"2\"}','2024-02-11 18:12:29','2024-02-11 18:12:29','2024-02-11 13:12:29','2024-02-11 13:12:29'),(222,'submission','c79689ac-6823-420b-b114-a38e36c66c03',886,2,'','','811448e','New Form',0,0,'85.209.11.117','Mozilla/5.0 (Windows NT 6.1; Win64; x64) AppleWebKit/537.36 (KHTML, like Gecko) Chrome/103.0.5060.114 Safari/537.36',1,1,'new',0,'{\"edit_post_id\":\"2\"}','2024-02-11 22:06:05','2024-02-11 22:06:05','2024-02-11 17:06:05','2024-02-11 17:06:05'),(223,'submission','37e92a06-221b-4137-893d-a1984c95f0f3',890,2,'','','811448e','New Form',0,0,'5.35.32.125','Mozilla/5.0 (Windows NT 10.0; Win64; x64) AppleWebKit/537.36 (KHTML, like Gecko) Chrome/103.0.0.0 Safari/537.36 Herring/95.1.8810.11',1,1,'new',0,'{\"edit_post_id\":\"2\"}','2024-02-12 23:09:29','2024-02-12 23:09:29','2024-02-12 18:09:29','2024-02-12 18:09:29'),(224,'submission','96a73acb-df21-4ce4-bfb0-144c595de098',894,2,'','','811448e','New Form',0,0,'85.209.11.117','Mozilla/5.0 (Windows NT 10.0; Win64; x64) AppleWebKit/537.36 (KHTML, like Gecko) Chrome/103.0.5060.53 Safari/537.36',1,1,'new',0,'{\"edit_post_id\":\"2\"}','2024-02-13 07:35:25','2024-02-13 07:35:25','2024-02-13 02:35:25','2024-02-13 02:35:25'),(225,'submission','351859a4-ac2f-441a-8c2b-d40b9431f1d0',898,2,'https://lubricantesralyxxton.com/','','811448e','New Form',0,0,'5.59.251.211','Mozilla/5.0 (Windows NT 6.3; Win64; x64) AppleWebKit/537.36 (KHTML, like Gecko) Chrome/61.0.3163.100 Safari/537.36',1,1,'new',0,'{\"edit_post_id\":\"2\"}','2024-02-13 14:41:32','2024-02-13 14:41:32','2024-02-13 09:41:32','2024-02-13 09:41:32'),(226,'submission','c505d529-07c1-43d1-885c-b6760d7597d5',902,2,'','','811448e','New Form',0,0,'5.35.32.125','Mozilla/5.0 (Windows NT 10.0; WOW64) AppleWebKit/537.36 (KHTML, like Gecko) Chrome/103.0.5060.114 Safari/537.36',1,1,'new',0,'{\"edit_post_id\":\"2\"}','2024-02-13 18:50:31','2024-02-13 18:50:31','2024-02-13 13:50:31','2024-02-13 13:50:31'),(227,'submission','205ab98a-ec8c-44ae-8014-9bee0513c447',906,2,'','','811448e','New Form',0,0,'87.249.132.44','Mozilla/5.0 (Windows NT 6.1) AppleWebKit/537.36 (KHTML, like Gecko) Chrome/66.0.3359.181 Safari/537.36',1,1,'new',0,'{\"edit_post_id\":\"2\"}','2024-02-14 01:28:41','2024-02-14 01:28:41','2024-02-13 20:28:41','2024-02-13 20:28:41'),(228,'submission','8f5df7fa-72d9-444e-ab63-5d420844a83f',910,2,'','','811448e','New Form',0,0,'5.35.32.125','Mozilla/5.0 (Windows NT 6.3; Win64; x64) AppleWebKit/537.36 (KHTML, like Gecko) Chrome/103.0.0.0 Safari/537.36',1,1,'new',0,'{\"edit_post_id\":\"2\"}','2024-02-14 15:54:34','2024-02-14 15:54:34','2024-02-14 10:54:34','2024-02-14 10:54:34'),(229,'submission','d82325ea-9823-4162-a817-3b94f7e3ed0e',914,2,'','','811448e','New Form',0,0,'85.209.11.117','Mozilla/5.0 (Windows NT 10.0; Win64; x64) AppleWebKit/537.36 (KHTML, like Gecko) Chrome/120.0.0.0 Iron Safari/537.36',1,1,'new',0,'{\"edit_post_id\":\"2\"}','2024-02-14 20:35:34','2024-02-14 20:35:34','2024-02-14 15:35:34','2024-02-14 15:35:34'),(230,'submission','4ff28f14-94d4-4289-9f16-d59f9bde3602',918,2,'','','811448e','New Form',0,0,'5.35.32.125','Mozilla/5.0 (Windows NT 6.3; Win64; x64) AppleWebKit/537.36 (KHTML, like Gecko) Chrome/103.0.5060.114 Safari/537.36',1,1,'new',0,'{\"edit_post_id\":\"2\"}','2024-02-15 14:30:22','2024-02-15 14:30:22','2024-02-15 09:30:22','2024-02-15 09:30:22'),(231,'submission','3441a385-7c8b-47df-8aeb-f782a3362a15',922,2,'','','811448e','New Form',0,0,'195.78.54.151','Mozilla/5.0 (Windows NT 6.3; WOW64) AppleWebKit/537.36 (KHTML, like Gecko) Chrome/103.0.5060.114 Safari/537.36',1,1,'new',0,'{\"edit_post_id\":\"2\"}','2024-02-16 04:08:05','2024-02-16 04:08:05','2024-02-15 23:08:05','2024-02-15 23:08:05'),(232,'submission','3ee4c6d2-4298-4fef-be4f-1806a35ab6b0',926,2,'','','811448e','New Form',0,0,'62.122.184.194','Mozilla/5.0 (Windows NT 6.2; Win64; x64) AppleWebKit/537.36 (KHTML, like Gecko) Chrome/103.0.0.0 Safari/537.36',1,1,'new',0,'{\"edit_post_id\":\"2\"}','2024-02-16 13:01:15','2024-02-16 13:01:15','2024-02-16 08:01:15','2024-02-16 08:01:15'),(233,'submission','95a2e908-ba4c-4910-be65-9fa0c76a49af',930,2,'','','811448e','New Form',0,0,'5.35.32.125','Mozilla/5.0 (Windows NT 10.0; Win64; x64) AppleWebKit/537.36 (KHTML, like Gecko) Chrome/103.0.5060.134 Safari/537.36',1,1,'new',0,'{\"edit_post_id\":\"2\"}','2024-02-16 19:18:22','2024-02-16 19:18:22','2024-02-16 14:18:22','2024-02-16 14:18:22'),(234,'submission','6e43c6cf-1bdf-4ad6-8759-17c8906c68bd',934,2,'','','811448e','New Form',0,0,'5.35.32.125','Mozilla/5.0 (Windows NT 10.0; WOW64) AppleWebKit/537.36 (KHTML, like Gecko) Chrome/103.0.0.0 Safari/537.36',1,1,'new',0,'{\"edit_post_id\":\"2\"}','2024-02-18 19:33:15','2024-02-18 19:33:15','2024-02-18 14:33:15','2024-02-18 14:33:15'),(235,'submission','055ae574-3514-4b60-a448-c23749390fe5',938,2,'','','811448e','New Form',0,0,'5.35.32.125','Mozilla/5.0 (Windows NT 6.1; WOW64) AppleWebKit/537.36 (KHTML, like Gecko) Chrome/103.0.0.0 Safari/537.36',1,1,'new',0,'{\"edit_post_id\":\"2\"}','2024-02-19 15:29:01','2024-02-19 15:29:01','2024-02-19 10:29:01','2024-02-19 10:29:01'),(236,'submission','bd627226-3794-4ec1-8fd2-60dedb7b92c0',942,2,'','','811448e','New Form',0,0,'5.35.32.125','Mozilla/5.0 (Windows NT 6.2; Win64; x64) AppleWebKit/537.36 (KHTML, like Gecko) Chrome/103.0.0.0 Safari/537.36',1,1,'new',0,'{\"edit_post_id\":\"2\"}','2024-02-20 10:49:51','2024-02-20 10:49:51','2024-02-20 05:49:51','2024-02-20 05:49:51'),(237,'submission','6b723f9b-5297-4bf0-bd3c-9bbb719045d8',946,2,'','','811448e','New Form',0,0,'5.35.32.125','Mozilla/5.0 (Windows NT 6.3; Win64; x64) AppleWebKit/537.36 (KHTML, like Gecko) Chrome/103.0.0.0 Safari/537.36',1,1,'new',0,'{\"edit_post_id\":\"2\"}','2024-02-20 22:30:17','2024-02-20 22:30:17','2024-02-20 17:30:17','2024-02-20 17:30:17'),(238,'submission','38347feb-41bc-444d-a64d-dfad2ec32b08',950,2,'','','811448e','New Form',0,0,'62.122.184.194','Mozilla/5.0 (Windows NT 6.1; Win64; x64) AppleWebKit/537.36 (KHTML, like Gecko) Chrome/103.0.0.0 Safari/537.36',1,1,'new',0,'{\"edit_post_id\":\"2\"}','2024-02-23 01:06:31','2024-02-23 01:06:31','2024-02-22 20:06:31','2024-02-22 20:06:31'),(239,'submission','8ea2739d-9740-4e19-aa07-6049b7f7a456',954,2,'','','811448e','New Form',0,0,'81.181.56.29','Mozilla/5.0 (Windows NT 10.0; Win64; x64) AppleWebKit/537.36 (KHTML, like Gecko) Chrome/67.0.3396.87 Safari/537.36 OPR/54.0.2952.51',1,1,'new',0,'{\"edit_post_id\":\"2\"}','2024-02-23 14:58:15','2024-02-23 14:58:15','2024-02-23 09:58:15','2024-02-23 09:58:15'),(240,'submission','11cb523e-1bdc-4ad1-91ad-a7019d2d098c',958,2,'','','811448e','New Form',0,0,'62.122.184.194','Mozilla/5.0 (Windows NT 10.0; Win64; x64) AppleWebKit/537.36 (KHTML, like Gecko) Chrome/103.0.0.0 Safari/537.36 OpenWave/97.4.2043.44',1,1,'new',0,'{\"edit_post_id\":\"2\"}','2024-02-25 17:30:35','2024-02-25 17:30:35','2024-02-25 12:30:35','2024-02-25 12:30:35'),(241,'submission','3c0b2931-f48e-4437-8788-39f7f14b7868',962,2,'','','811448e','New Form',0,0,'188.126.89.56','Mozilla/5.0 (Windows NT 6.1; Win64; x64) AppleWebKit/537.36 (KHTML, like Gecko) Chrome/103.0.5060.66 Safari/537.36',1,1,'new',0,'{\"edit_post_id\":\"2\"}','2024-02-26 13:03:59','2024-02-26 13:03:59','2024-02-26 08:03:59','2024-02-26 08:03:59'),(242,'submission','09c132d8-1f58-4945-aec1-233be1213a98',966,2,'','','811448e','New Form',0,0,'85.209.11.117','Mozilla/5.0 (Windows NT 10.0; Win64; x64) AppleWebKit/537.36 (KHTML, like Gecko) Chrome/120.0.0.0 Iron Safari/537.36',1,1,'new',0,'{\"edit_post_id\":\"2\"}','2024-02-26 16:42:15','2024-02-26 16:42:15','2024-02-26 11:42:15','2024-02-26 11:42:15'),(243,'submission','8e9f8ebc-9c6d-4168-aa73-ca9a96d72626',970,2,'','','811448e','New Form',0,0,'5.35.32.125','Mozilla/5.0 (Windows NT 6.1) AppleWebKit/537.36 (KHTML, like Gecko) Chrome/103.0.0.0 Safari/537.36',1,1,'new',0,'{\"edit_post_id\":\"2\"}','2024-02-27 13:56:53','2024-02-27 13:56:53','2024-02-27 08:56:53','2024-02-27 08:56:53'),(244,'submission','b1b6ec8e-0f25-4673-bf29-6cf34bcee238',974,2,'','','811448e','New Form',0,0,'91.205.168.27','Mozilla/5.0 (Windows NT 10.0; Win64; x64) AppleWebKit/537.36 (KHTML, like Gecko) Chrome/111.0.0.0 Safari/537.36',1,1,'new',0,'{\"edit_post_id\":\"2\"}','2024-02-28 02:20:07','2024-02-28 02:20:07','2024-02-27 21:20:07','2024-02-27 21:20:07'),(245,'submission','a16ef92c-3a50-496a-9202-0c2a41fb36e5',978,2,'','','811448e','New Form',0,0,'181.215.176.248','Mozilla/5.0 (Windows NT 6.1; Win64; x64) AppleWebKit/537.36 (KHTML, like Gecko) Chrome/67.0.3396.87 Safari/537.36',1,1,'new',0,'{\"edit_post_id\":\"2\"}','2024-03-02 05:08:06','2024-03-02 05:08:06','2024-03-02 00:08:06','2024-03-02 00:08:06'),(246,'submission','7df8b7d7-290b-4c8c-ab68-800e00149ecf',982,2,'','','811448e','New Form',0,0,'176.111.174.153','Mozilla/5.0 (Windows NT 6.1; WOW64) AppleWebKit/537.36 (KHTML, like Gecko) Chrome/103.0.0.0 Safari/537.36',1,1,'new',0,'{\"edit_post_id\":\"2\"}','2024-03-02 13:58:10','2024-03-02 13:58:10','2024-03-02 08:58:10','2024-03-02 08:58:10'),(247,'submission','0d84a7d4-c9e7-4094-b718-4295feccb934',986,2,'','','811448e','New Form',0,0,'87.249.132.182','Mozilla/5.0 (Windows NT 6.3; Win64; x64) AppleWebKit/537.36 (KHTML, like Gecko) Chrome/67.0.3396.87 Safari/537.36',1,1,'new',0,'{\"edit_post_id\":\"2\"}','2024-03-04 17:35:56','2024-03-04 17:35:56','2024-03-04 12:35:56','2024-03-04 12:35:56'),(248,'submission','22c79087-33be-46cc-8ad3-64342cfdb451',990,2,'','','811448e','New Form',0,0,'83.217.9.94','Mozilla/5.0 (Windows NT 11.0; WOW64) AppleWebKit/537.36 (KHTML, like Gecko) Chrome/114.0.5814.214 Safari/537.36',1,1,'new',0,'{\"edit_post_id\":\"2\"}','2024-03-05 19:09:51','2024-03-05 19:09:51','2024-03-05 14:09:51','2024-03-05 14:09:51'),(249,'submission','d7c81f62-7ec0-4aa3-b23b-d418f499d232',994,2,'','','811448e','New Form',0,0,'5.35.32.125','Mozilla/5.0 (Windows NT 10.0) AppleWebKit/537.36 (KHTML, like Gecko) Chrome/103.0.0.0 Safari/537.36',1,1,'new',0,'{\"edit_post_id\":\"2\"}','2024-03-06 17:25:42','2024-03-06 17:25:42','2024-03-06 12:25:42','2024-03-06 12:25:42'),(250,'submission','77231f86-703b-43cb-bfa5-7dc968d7a4eb',998,2,'','','811448e','New Form',0,0,'62.122.184.194','Mozilla/5.0 (Windows NT 6.1; Win64; x64) AppleWebKit/537.36 (KHTML, like Gecko) Chrome/103.0.0.0 Safari/537.36',1,1,'new',0,'{\"edit_post_id\":\"2\"}','2024-03-06 23:35:18','2024-03-06 23:35:18','2024-03-06 18:35:18','2024-03-06 18:35:18'),(251,'submission','06de8ca3-d021-4fce-b44b-1577ad589e4c',1002,2,'','','811448e','New Form',0,0,'84.17.51.25','Mozilla/5.0 (Windows NT 10.0; Win64; x64) AppleWebKit/537.36 (KHTML, like Gecko) Chrome/66.0.3359.170 Safari/537.36 OPR/53.0.2907.68',1,1,'new',0,'{\"edit_post_id\":\"2\"}','2024-03-07 06:25:39','2024-03-07 06:25:39','2024-03-07 01:25:39','2024-03-07 01:25:39'),(252,'submission','1e60c8d9-dbc8-43ee-9103-43ce27fe1007',1006,2,'','','811448e','New Form',0,0,'81.181.56.22','Mozilla/5.0 (Windows NT 6.1; WOW64) AppleWebKit/537.36 (KHTML, like Gecko) Chrome/67.0.3396.87 Safari/537.36 OPR/54.0.2952.64 (Edition Yx)',1,1,'new',0,'{\"edit_post_id\":\"2\"}','2024-03-08 15:52:31','2024-03-08 15:52:31','2024-03-08 10:52:31','2024-03-08 10:52:31'),(253,'submission','aae03a1a-541f-4366-abd4-2cff135434e1',1010,2,'','','811448e','New Form',0,0,'46.246.122.85','Mozilla/5.0 (Windows NT 6.1; Win64; x64) AppleWebKit/537.36 (KHTML, like Gecko) Chrome/103.0.5060.114 Safari/537.36',1,1,'new',0,'{\"edit_post_id\":\"2\"}','2024-03-11 08:49:18','2024-03-11 08:49:18','2024-03-11 03:49:18','2024-03-11 03:49:18'),(254,'submission','79a35c9c-947c-46a5-9387-9c99cadc9b57',1014,2,'','','811448e','New Form',0,0,'159.224.217.252','Mozilla/5.0 (Windows NT 10.0) AppleWebKit/537.36 (KHTML, like Gecko) Chrome/110.0.0.0 Safari/537.36',1,1,'new',0,'{\"edit_post_id\":\"2\"}','2024-03-12 10:03:10','2024-03-12 10:03:10','2024-03-12 05:03:10','2024-03-12 05:03:10'),(255,'submission','1c1abe6c-6b22-4eda-8b3f-39680f4ff8c5',1018,2,'https://lubricantesralyxxton.com/','','811448e','New Form',0,0,'212.102.33.183','Mozilla/5.0 (Windows NT 10.0; Win64; x64) AppleWebKit/537.36 (KHTML, like Gecko) Chrome/114.0.0.0 YaBrowser/22.7.0 Yowser/2.5 Safari/537.36',1,1,'new',0,'{\"edit_post_id\":\"2\"}','2024-03-13 10:41:28','2024-03-13 10:41:28','2024-03-13 05:41:28','2024-03-13 05:41:28'),(256,'submission','29d4ee0e-5baa-4a9d-8a2c-b227fee80afa',1022,2,'','','811448e','New Form',0,0,'62.122.184.194','Mozilla/5.0 (Windows NT 10.0; Win64; x64) AppleWebKit/537.36 (KHTML, like Gecko) Chrome/103.0.0.0 Safari/537.36 OpenWave/97.4.2043.44',1,1,'new',0,'{\"edit_post_id\":\"2\"}','2024-03-13 22:20:15','2024-03-13 22:20:15','2024-03-13 17:20:15','2024-03-13 17:20:15'),(257,'submission','56c1758c-e9c0-42c8-b6fa-4acaaa77905c',1026,2,'','','811448e','New Form',0,0,'85.209.11.117','Mozilla/5.0 (Windows NT 6.1; Win64; x64) AppleWebKit/537.36 (KHTML, like Gecko) Chrome/109.0.5414.120 Safari/537.36',1,1,'new',0,'{\"edit_post_id\":\"2\"}','2024-03-15 03:09:32','2024-03-15 03:09:32','2024-03-14 22:09:32','2024-03-14 22:09:32'),(258,'submission','22603ff8-94a3-4283-abe2-bc0fdd9fe53e',1030,2,'','','811448e','New Form',0,0,'37.19.223.98','Mozilla/5.0 (Windows NT 10.0; Win64; x64) AppleWebKit/537.36 (KHTML, like Gecko) Chrome/67.0.3396.79 Safari/537.36',1,1,'new',0,'{\"edit_post_id\":\"2\"}','2024-03-16 06:51:01','2024-03-16 06:51:02','2024-03-16 01:51:01','2024-03-16 01:51:02'),(259,'submission','4ad622d2-9b15-4de0-b29a-7d1a9a6af8a9',1034,2,'','','811448e','New Form',0,0,'62.122.184.194','Mozilla/5.0 (Windows NT 6.3; Win64; x64) AppleWebKit/537.36 (KHTML, like Gecko) Chrome/103.0.0.0 Safari/537.36',1,1,'new',0,'{\"edit_post_id\":\"2\"}','2024-03-17 22:32:19','2024-03-17 22:32:19','2024-03-17 17:32:19','2024-03-17 17:32:19'),(260,'submission','9a8a24a2-e405-4eb8-9f4e-8ad4adedab44',1038,2,'','','811448e','New Form',0,0,'109.68.116.59','Mozilla/5.0 (Windows NT 10.0; Win64; x64) AppleWebKit/537.36 (KHTML, like Gecko) Chrome/120.0.0.0 Iron Safari/537.36',1,1,'new',0,'{\"edit_post_id\":\"2\"}','2024-03-18 01:01:59','2024-03-18 01:01:59','2024-03-17 20:01:59','2024-03-17 20:01:59'),(261,'submission','d7281af0-d1f5-4eea-bfa7-3628b397b63d',1042,2,'','','811448e','New Form',0,0,'159.224.217.252','Mozilla/5.0 (Windows NT 10.0; Win64; x64) AppleWebKit/537.36 (KHTML, like Gecko) Chrome/120.0.6099.71 Safari/537.36',1,1,'new',0,'{\"edit_post_id\":\"2\"}','2024-03-18 04:57:45','2024-03-18 04:57:45','2024-03-17 23:57:45','2024-03-17 23:57:45'),(262,'submission','6dfe6d8a-0449-448e-b89b-60c8f658a2a6',1046,2,'','','811448e','New Form',0,0,'5.35.32.125','Mozilla/5.0 (Windows NT 6.1; WOW64) AppleWebKit/537.36 (KHTML, like Gecko) Chrome/103.0.0.0 Safari/537.36',1,1,'new',0,'{\"edit_post_id\":\"2\"}','2024-03-19 23:36:34','2024-03-19 23:36:34','2024-03-19 18:36:34','2024-03-19 18:36:34'),(263,'submission','00737d43-bc37-4f10-9ef6-ef1661ec0068',1050,2,'','','811448e','New Form',0,0,'159.224.217.252','Mozilla/5.0 (Windows NT 6.3; Win64; x64) AppleWebKit/537.36 (KHTML, like Gecko) Chrome/113.0.0.0 Safari/537.36',1,1,'new',0,'{\"edit_post_id\":\"2\"}','2024-03-20 10:24:56','2024-03-20 10:24:56','2024-03-20 05:24:56','2024-03-20 05:24:56'),(264,'submission','8ca509d7-2879-4013-ad94-4823e2614521',1054,2,'','','811448e','New Form',0,0,'93.100.144.207','Mozilla/5.0 (Windows NT 10.0; Win64; x64) AppleWebKit/537.36 (KHTML, like Gecko) Chrome/121.0.0.0 Safari/537.36',1,1,'new',0,'{\"edit_post_id\":\"2\"}','2024-03-20 14:09:03','2024-03-20 14:09:03','2024-03-20 09:09:03','2024-03-20 09:09:03'),(265,'submission','a201b950-2029-4afa-b084-13230f10ada2',1058,2,'','','811448e','New Form',0,0,'151.106.12.250','Mozilla/5.0 (Windows NT 6.1; Win64; x64) AppleWebKit/537.36 (KHTML, like Gecko) Chrome/114.0.5735.289 Safari/537.36',1,1,'new',0,'{\"edit_post_id\":\"2\"}','2024-03-21 01:08:34','2024-03-21 01:08:34','2024-03-20 20:08:34','2024-03-20 20:08:34'),(266,'submission','cf5736fc-9e7c-4cf7-8025-e60fdfb4251c',1062,2,'','','811448e','New Form',0,0,'62.122.184.194','Mozilla/5.0 (Windows NT 10.0; Win64; x64) AppleWebKit/537.36 (KHTML, like Gecko) Chrome/103.0.5060.114 Safari/537.36',1,1,'new',0,'{\"edit_post_id\":\"2\"}','2024-03-21 17:02:38','2024-03-21 17:02:38','2024-03-21 12:02:38','2024-03-21 12:02:38'),(267,'submission','0cb1f20b-8b6e-4215-847c-04ddf67ee9b6',1066,2,'','','811448e','New Form',0,0,'185.190.42.200','Mozilla/5.0 (Windows NT 10.0; Win64; x64) AppleWebKit/537.36 (KHTML, like Gecko) Chrome/113.0.0.0 Safari/537.36',1,1,'new',0,'{\"edit_post_id\":\"2\"}','2024-03-22 11:12:32','2024-03-22 11:12:32','2024-03-22 06:12:32','2024-03-22 06:12:32'),(268,'submission','d1902661-de61-4b41-970a-f99ccffde590',1070,2,'','','811448e','New Form',0,0,'176.193.38.6','Mozilla/5.0 (Windows NT 10.0; WOW64) AppleWebKit/537.36 (KHTML, like Gecko) Chrome/103.0.5060.114 Safari/537.36',1,1,'new',0,'{\"edit_post_id\":\"2\"}','2024-03-23 12:38:15','2024-03-23 12:38:15','2024-03-23 07:38:15','2024-03-23 07:38:15'),(269,'submission','6795ebe7-010f-495e-a23d-078da4b8b07c',1074,2,'','','811448e','New Form',0,0,'159.224.217.252','Mozilla/5.0 (Windows NT 10.0; Win64; x64) AppleWebKit/537.36 (KHTML, like Gecko) Chrome/114.0.5735.289 Safari/537.36',1,1,'new',0,'{\"edit_post_id\":\"2\"}','2024-03-25 02:41:11','2024-03-25 02:41:11','2024-03-24 21:41:11','2024-03-24 21:41:11'),(270,'submission','f61c7dda-3f94-4920-adf7-43da838961df',1078,2,'','','811448e','New Form',0,0,'5.35.32.125','Mozilla/5.0 (Windows NT 10.0; WOW64) AppleWebKit/537.36 (KHTML, like Gecko) Chrome/103.0.5060.114 Safari/537.36',1,1,'new',0,'{\"edit_post_id\":\"2\"}','2024-03-27 01:38:25','2024-03-27 01:38:25','2024-03-26 20:38:25','2024-03-26 20:38:25'),(271,'submission','029427cf-03ec-4359-87f2-301127f41406',1082,2,'','','811448e','New Form',0,0,'188.126.94.209','Mozilla/5.0 (Windows NT 10.0; Win64; x64) AppleWebKit/537.36 (KHTML, like Gecko) Chrome/114.0.5735.289 Safari/537.36',1,1,'new',0,'{\"edit_post_id\":\"2\"}','2024-03-27 15:42:06','2024-03-27 15:42:06','2024-03-27 10:42:06','2024-03-27 10:42:06'),(272,'submission','4b5397ae-7b64-437f-9e60-168104aaef37',1086,2,'','','811448e','New Form',0,0,'138.199.26.78','Mozilla/5.0 (Windows NT 10.0; Win64; x64) AppleWebKit/537.36 (KHTML, like Gecko) Chrome/120.0.0.0 Safari/537.36',1,1,'new',0,'{\"edit_post_id\":\"2\"}','2024-03-27 22:06:29','2024-03-27 22:06:29','2024-03-27 17:06:29','2024-03-27 17:06:29'),(273,'submission','469d043a-1d12-413a-b1a1-d3cf8de358e8',1090,2,'','','811448e','New Form',0,0,'5.35.32.125','Mozilla/5.0 (Windows NT 10.0; Win64; x64) AppleWebKit/537.36 (KHTML, like Gecko) Chrome/103.0.5060.114 Safari/537.36',1,1,'new',0,'{\"edit_post_id\":\"2\"}','2024-03-28 12:37:06','2024-03-28 12:37:06','2024-03-28 07:37:06','2024-03-28 07:37:06'),(274,'submission','4013f784-e549-4a8d-b9ed-ed5366f1851c',1094,2,'','','811448e','New Form',0,0,'5.35.32.125','Mozilla/5.0 (Windows NT 6.3; WOW64) AppleWebKit/537.36 (KHTML, like Gecko) Chrome/103.0.5060.114 Safari/537.36',1,1,'new',0,'{\"edit_post_id\":\"2\"}','2024-03-29 14:28:34','2024-03-29 14:28:34','2024-03-29 09:28:34','2024-03-29 09:28:34'),(275,'submission','a8fc2c7c-4b88-44e1-83a1-2b7ca1b7a464',1098,2,'','','811448e','New Form',0,0,'176.111.174.153','Mozilla/5.0 (Windows NT 10.0; Win64; x64) AppleWebKit/537.36 (KHTML, like Gecko) Chrome/103.0.5060.134 Safari/537.36',1,1,'new',0,'{\"edit_post_id\":\"2\"}','2024-04-01 02:50:13','2024-04-01 02:50:13','2024-03-31 21:50:13','2024-03-31 21:50:13'),(276,'submission','18fdaba5-ad69-4374-a9f4-d555cefa329e',1102,2,'','','811448e','New Form',0,0,'5.35.32.125','Mozilla/5.0 (Windows NT 6.1) AppleWebKit/537.36 (KHTML, like Gecko) Chrome/103.0.5060.114 Safari/537.36',1,1,'new',0,'{\"edit_post_id\":\"2\"}','2024-04-01 09:25:53','2024-04-01 09:25:53','2024-04-01 04:25:53','2024-04-01 04:25:53'),(277,'submission','2d77d54d-e69e-4590-a137-1ebf7ba0e8e8',1106,2,'','','811448e','New Form',0,0,'138.199.36.245','Mozilla/5.0 (Windows NT 6.1) AppleWebKit/537.36 (KHTML, like Gecko) Chrome/103.0.5060.114 Safari/537.36',1,1,'new',0,'{\"edit_post_id\":\"2\"}','2024-04-01 14:50:54','2024-04-01 14:50:54','2024-04-01 09:50:54','2024-04-01 09:50:54'),(278,'submission','29fdc129-e95d-43a1-8b88-c89fecae1928',1110,2,'','','811448e','New Form',0,0,'85.209.11.117','Mozilla/5.0 (Windows NT 6.3; Win64; x64) AppleWebKit/537.36 (KHTML, like Gecko) Chrome/109.0.0.0 Safari/537.36',1,1,'new',0,'{\"edit_post_id\":\"2\"}','2024-04-01 19:09:26','2024-04-01 19:09:27','2024-04-01 14:09:26','2024-04-01 14:09:27'),(279,'submission','7351647f-3ff6-4124-9155-c6eb2ff01cf0',1114,2,'','','811448e','New Form',0,0,'84.17.48.2','Mozilla/5.0 (Windows NT 10.0; Win64; x64) AppleWebKit/537.36 (KHTML, like Gecko) Chrome/120.0.0.0 Safari/537.36',1,1,'new',0,'{\"edit_post_id\":\"2\"}','2024-04-02 02:32:20','2024-04-02 02:32:20','2024-04-01 21:32:20','2024-04-01 21:32:20'),(280,'submission','3db4c6d5-89e1-4403-b836-03ef651d1036',1118,2,'','','811448e','New Form',0,0,'5.35.32.125','Mozilla/5.0 (Windows NT 6.3; Win64; x64) AppleWebKit/537.36 (KHTML, like Gecko) Chrome/103.0.5060.53 Safari/537.36',1,1,'new',0,'{\"edit_post_id\":\"2\"}','2024-04-02 17:15:27','2024-04-02 17:15:27','2024-04-02 12:15:27','2024-04-02 12:15:27'),(281,'submission','97e32d11-2c36-4170-9dcd-035298c3ebb4',1122,2,'','','811448e','New Form',0,0,'5.35.32.125','Mozilla/5.0 (Windows NT 6.3; WOW64) AppleWebKit/537.36 (KHTML, like Gecko) Chrome/103.0.0.0 Safari/537.36',1,1,'new',0,'{\"edit_post_id\":\"2\"}','2024-04-03 16:21:55','2024-04-03 16:21:55','2024-04-03 11:21:55','2024-04-03 11:21:55'),(282,'submission','4696c18a-fb67-421e-adfe-1e34014a190d',1126,2,'','','811448e','New Form',0,0,'84.17.47.102','Mozilla/5.0 (Windows NT 6.1; WOW64) AppleWebKit/537.36 (KHTML, like Gecko) Chrome/103.0.0.0 Safari/537.36',1,1,'new',0,'{\"edit_post_id\":\"2\"}','2024-04-04 04:15:12','2024-04-04 04:15:12','2024-04-03 23:15:12','2024-04-03 23:15:12'),(283,'submission','d5bc50f6-4d8b-4239-946e-a981a48c7a38',1130,2,'','','811448e','New Form',0,0,'84.17.43.24','Mozilla/5.0 (Windows NT 10.0; Win64; x64) AppleWebKit/537.36 (KHTML, like Gecko) Chrome/114.0.5735.289 Safari/537.36',1,1,'new',0,'{\"edit_post_id\":\"2\"}','2024-04-04 05:28:07','2024-04-04 05:28:07','2024-04-04 00:28:07','2024-04-04 00:28:07'),(284,'submission','ce18f8dd-4fce-441a-97db-ddfe31a9cb27',1134,2,'','','811448e','New Form',0,0,'84.38.188.16','Mozilla/5.0 (Windows NT 6.1; WOW64) AppleWebKit/537.36 (KHTML, like Gecko) Chrome/103.0.0.0 Safari/537.36',1,1,'new',0,'{\"edit_post_id\":\"2\"}','2024-04-04 06:19:18','2024-04-04 06:19:18','2024-04-04 01:19:18','2024-04-04 01:19:18'),(285,'submission','762c8e5b-d254-4ca1-bf02-0dd2da2a9371',1138,2,'','','811448e','New Form',0,0,'62.122.184.194','Mozilla/5.0 (Windows NT 10.0; Win64; x64) AppleWebKit/537.36 (KHTML, like Gecko) Chrome/103.0.0.0 Safari/537.36',1,1,'new',0,'{\"edit_post_id\":\"2\"}','2024-04-04 08:11:44','2024-04-04 08:11:44','2024-04-04 03:11:44','2024-04-04 03:11:44'),(286,'submission','8937c600-9052-42eb-be50-ba846689d94e',1142,2,'','','811448e','New Form',0,0,'5.35.32.125','Mozilla/5.0 (Windows NT 6.3; WOW64) AppleWebKit/537.36 (KHTML, like Gecko) Chrome/103.0.5060.114 Safari/537.36',1,1,'new',0,'{\"edit_post_id\":\"2\"}','2024-04-04 14:38:17','2024-04-04 14:38:17','2024-04-04 09:38:17','2024-04-04 09:38:17'),(287,'submission','087a40e1-c63a-4888-92e6-b7d9f266181a',1146,2,'','','811448e','New Form',0,0,'62.122.184.194','Mozilla/5.0 (Windows NT 6.1; Win64; x64) AppleWebKit/537.36 (KHTML, like Gecko) Chrome/103.0.5060.114 Safari/537.36',1,1,'new',0,'{\"edit_post_id\":\"2\"}','2024-04-04 16:28:19','2024-04-04 16:28:19','2024-04-04 11:28:19','2024-04-04 11:28:19'),(288,'submission','139f4330-4ae1-4b12-bff2-61221812f566',1150,2,'','','811448e','New Form',0,0,'188.126.94.209','Mozilla/5.0 (Windows NT 10.0; Win64; x64) AppleWebKit/537.36 (KHTML, like Gecko) Chrome/120.0.6099.71 Safari/537.36',1,1,'new',0,'{\"edit_post_id\":\"2\"}','2024-04-06 21:26:08','2024-04-06 21:26:08','2024-04-06 16:26:08','2024-04-06 16:26:08'),(289,'submission','b22c331f-4ab7-4a35-816d-1f1f41f934ae',1154,2,'','','811448e','New Form',0,0,'84.247.116.8','Mozilla/5.0 (Windows NT 10.0; Win64; x64) AppleWebKit/537.36 (KHTML, like Gecko) Chrome/103.0.0.0 Safari/537.36 Herring/95.1.8810.11',1,1,'new',0,'{\"edit_post_id\":\"2\"}','2024-04-06 22:12:49','2024-04-06 22:12:49','2024-04-06 17:12:49','2024-04-06 17:12:49'),(290,'submission','6e2c2836-d629-4798-81ed-a2e002c9d474',1158,2,'','','811448e','New Form',0,0,'191.96.168.86','Mozilla/5.0 (Windows NT 6.1; Win64; x64) AppleWebKit/537.36 (KHTML, like Gecko) Chrome/103.0.0.0 Safari/537.36',1,1,'new',0,'{\"edit_post_id\":\"2\"}','2024-04-09 11:55:23','2024-04-09 11:55:23','2024-04-09 06:55:23','2024-04-09 06:55:23'),(291,'submission','bf1e91df-73b9-47a9-bd64-5dd887b7c4aa',1162,2,'','','811448e','New Form',0,0,'84.17.49.95','Mozilla/5.0 (Windows NT 10.0; Win64; x64) AppleWebKit/537.36 (KHTML, like Gecko) Chrome/122.0.0.0 Safari/537.36',1,1,'new',0,'{\"edit_post_id\":\"2\"}','2024-04-12 02:54:42','2024-04-12 02:54:42','2024-04-11 21:54:42','2024-04-11 21:54:42'),(292,'submission','f2d18c10-b98c-4e2f-8ab7-03061e3b4520',1166,2,'','','811448e','New Form',0,0,'83.97.73.239','Mozilla/5.0 (Windows NT 10.0; Win64; x64) AppleWebKit/537.36 (KHTML, like Gecko) Chrome/121.0.0.0 Safari/537.36',1,1,'new',0,'{\"edit_post_id\":\"2\"}','2024-04-12 03:27:13','2024-04-12 03:27:13','2024-04-11 22:27:13','2024-04-11 22:27:13'),(293,'submission','e099d92d-df7a-47a0-9518-262a285fb43a',1170,2,'','','811448e','New Form',0,0,'89.149.24.221','Mozilla/5.0 (Windows NT 10.0; Win64; x64) AppleWebKit/537.36 (KHTML, like Gecko) Chrome/103.0.0.0 Safari/537.36',1,1,'new',0,'{\"edit_post_id\":\"2\"}','2024-04-12 20:25:56','2024-04-12 20:25:56','2024-04-12 15:25:56','2024-04-12 15:25:56'),(294,'submission','0ab7c4f2-9d11-423b-91d5-8183245e5de1',1174,2,'','','811448e','New Form',0,0,'62.122.184.194','Mozilla/5.0 (Windows NT 10.0; Win64; x64) AppleWebKit/537.36 (KHTML, like Gecko) Chrome/103.0.5060.66 Safari/537.36',1,1,'new',0,'{\"edit_post_id\":\"2\"}','2024-04-14 09:50:13','2024-04-14 09:50:13','2024-04-14 04:50:13','2024-04-14 04:50:13'),(295,'submission','ba10faf7-8685-4f5b-97c3-0c70f333d79d',1178,2,'','','811448e','New Form',0,0,'5.35.32.125','Mozilla/5.0 (Windows NT 6.3; Win64; x64) AppleWebKit/537.36 (KHTML, like Gecko) Chrome/103.0.5060.53 Safari/537.36',1,1,'new',0,'{\"edit_post_id\":\"2\"}','2024-04-17 14:20:26','2024-04-17 14:20:26','2024-04-17 09:20:26','2024-04-17 09:20:26'),(296,'submission','fc99ff9d-ed30-4392-be08-8ef6830874e5',1182,2,'','','811448e','New Form',0,0,'85.209.11.117','Mozilla/5.0 (Windows NT 10.0; Win64; x64) AppleWebKit/537.36 (KHTML, like Gecko) Chrome/120.0.0.0 Safari/537.36',1,1,'new',0,'{\"edit_post_id\":\"2\"}','2024-04-18 22:04:18','2024-04-18 22:04:18','2024-04-18 17:04:18','2024-04-18 17:04:18'),(297,'submission','5524bcd0-b3d0-4bc2-8930-9071542458b7',1186,2,'','','811448e','New Form',0,0,'84.38.188.16','Mozilla/5.0 (Windows NT 6.3; WOW64) AppleWebKit/537.36 (KHTML, like Gecko) Chrome/103.0.5060.114 Safari/537.36',1,1,'new',0,'{\"edit_post_id\":\"2\"}','2024-04-20 03:41:03','2024-04-20 03:41:03','2024-04-19 22:41:03','2024-04-19 22:41:03'),(298,'submission','4f875215-e6a5-40bf-89a2-4342250ab47c',1190,2,'','','811448e','New Form',0,0,'84.17.48.170','Mozilla/5.0 (Windows NT 6.1; Win64; x64) AppleWebKit/537.36 (KHTML, like Gecko) Chrome/109.0.0.0 Safari/537.36',1,1,'new',0,'{\"edit_post_id\":\"2\"}','2024-04-20 07:14:08','2024-04-20 07:14:08','2024-04-20 02:14:08','2024-04-20 02:14:08'),(299,'submission','5ddf0947-7bfa-45d6-a522-a1a0e340ec13',1194,2,'','','811448e','New Form',0,0,'83.97.73.239','Mozilla/5.0 (Windows NT 10.0; Win64; x64) AppleWebKit/537.36 (KHTML, like Gecko) Chrome/118.0.0.0 Safari/537.36',1,1,'new',0,'{\"edit_post_id\":\"2\"}','2024-04-21 01:05:56','2024-04-21 01:05:56','2024-04-20 20:05:56','2024-04-20 20:05:56'),(300,'submission','0ee96c3b-00d1-4992-a39e-14c99ef40b2c',1198,2,'','','811448e','New Form',0,0,'176.111.174.153','Mozilla/5.0 (Windows NT 6.1; Win64; x64) AppleWebKit/537.36 (KHTML, like Gecko) Chrome/103.0.0.0 Safari/537.36',1,1,'new',0,'{\"edit_post_id\":\"2\"}','2024-04-21 08:14:01','2024-04-21 08:14:01','2024-04-21 03:14:01','2024-04-21 03:14:01'),(301,'submission','455a89d6-a7eb-4d27-b6b0-2d47b5df291f',1202,2,'','','811448e','New Form',0,0,'83.217.9.94','Mozilla/5.0 (Windows NT 10.0; Win64; x64) AppleWebKit/537.36 (KHTML, like Gecko) Chrome/120.0.0.0 Safari/537.36',1,1,'new',0,'{\"edit_post_id\":\"2\"}','2024-04-21 19:18:53','2024-04-21 19:18:53','2024-04-21 14:18:53','2024-04-21 14:18:53'),(302,'submission','c8b0c820-8c45-43d1-a701-29b52055a930',1206,2,'','','811448e','New Form',0,0,'62.122.184.194','Mozilla/5.0 (Windows NT 10.0) AppleWebKit/537.36 (KHTML, like Gecko) Chrome/103.0.0.0 Safari/537.36',1,1,'new',0,'{\"edit_post_id\":\"2\"}','2024-04-21 19:38:53','2024-04-21 19:38:53','2024-04-21 14:38:53','2024-04-21 14:38:53'),(303,'submission','a646ba64-d6c4-4cfd-a337-c1d700636e42',1210,2,'','','811448e','New Form',0,0,'83.217.9.94','Mozilla/5.0 (Windows NT 10.0; Win64; x64) AppleWebKit/537.36 (KHTML, like Gecko) Chrome/122.0.0.0 Safari/537.36',1,1,'new',0,'{\"edit_post_id\":\"2\"}','2024-04-22 22:58:22','2024-04-22 22:58:22','2024-04-22 17:58:22','2024-04-22 17:58:22'),(304,'submission','bec700cf-824c-41b8-b41f-5ae27a9f9afd',1214,2,'','','811448e','New Form',0,0,'83.97.73.239','Mozilla/5.0 (Windows NT 10.0; Win64; x64) AppleWebKit/537.36 (KHTML, like Gecko) Chrome/114.0.5735.289 Safari/537.36',1,1,'new',0,'{\"edit_post_id\":\"2\"}','2024-04-23 19:36:34','2024-04-23 19:36:34','2024-04-23 14:36:34','2024-04-23 14:36:34'),(305,'submission','ecb9284b-b543-4832-a473-92e8add117d3',1218,2,'','','811448e','New Form',0,0,'31.171.152.138','Mozilla/5.0 (Windows NT 6.1; Win64; x64) AppleWebKit/537.36 (KHTML, like Gecko) Chrome/67.0.3396.87 Safari/537.36',1,1,'new',0,'{\"edit_post_id\":\"2\"}','2024-04-24 16:44:01','2024-04-24 16:44:01','2024-04-24 11:44:01','2024-04-24 11:44:01'),(306,'submission','e62de643-5fe3-4e14-8444-b3992d679018',1222,2,'','','811448e','New Form',0,0,'216.24.213.22','Mozilla/5.0 (Windows NT 10.0; Win64; x64) AppleWebKit/537.36 (KHTML, like Gecko) Chrome/103.0.5060.66 Safari/537.36',1,1,'new',0,'{\"edit_post_id\":\"2\"}','2024-04-25 15:21:04','2024-04-25 15:21:04','2024-04-25 10:21:04','2024-04-25 10:21:04'),(307,'submission','8cf8471b-ef99-4e88-8b67-62f8ce22831b',1226,2,'','','811448e','New Form',0,0,'37.19.223.14','Mozilla/5.0 (Windows NT 10.0; Win64; x64) AppleWebKit/537.36 (KHTML, like Gecko) Chrome/121.0.0.0 Safari/537.36',1,1,'new',0,'{\"edit_post_id\":\"2\"}','2024-04-27 05:11:28','2024-04-27 05:11:28','2024-04-27 00:11:28','2024-04-27 00:11:28'),(308,'submission','437cde77-facb-4d7b-a8d4-7e3488794278',1230,2,'','','811448e','New Form',0,0,'85.209.11.117','Mozilla/5.0 (Windows NT 10.0; Win64; x64) AppleWebKit/537.36 (KHTML, like Gecko) Chrome/112.0.0.0 Safari/537.36',1,1,'new',0,'{\"edit_post_id\":\"2\"}','2024-04-29 02:12:37','2024-04-29 02:12:37','2024-04-28 21:12:37','2024-04-28 21:12:37'),(309,'submission','33e98750-c015-4e11-9c01-71e7c988eb30',1234,2,'','','811448e','New Form',0,0,'87.249.132.41','Mozilla/5.0 (Windows NT 10.0; Win64; x64) AppleWebKit/537.36 (KHTML, like Gecko) Chrome/120.0.0.0 Safari/537.36',1,1,'new',0,'{\"edit_post_id\":\"2\"}','2024-04-29 09:53:22','2024-04-29 09:53:22','2024-04-29 04:53:22','2024-04-29 04:53:22'),(310,'submission','d4b4cd91-10b6-4bc2-b58e-662ce6c18897',1238,2,'','','811448e','New Form',0,0,'62.122.184.194','Mozilla/5.0 (Windows NT 6.1; Win64; x64) AppleWebKit/537.36 (KHTML, like Gecko) Chrome/103.0.0.0 Safari/537.36',1,1,'new',0,'{\"edit_post_id\":\"2\"}','2024-04-29 16:59:56','2024-04-29 16:59:56','2024-04-29 11:59:56','2024-04-29 11:59:56'),(311,'submission','d0a362e6-ec8f-426f-94e9-261b6ebe7495',1242,2,'','','811448e','New Form',0,0,'83.97.73.239','Mozilla/5.0 (Windows NT 10.0; Win64; x64) AppleWebKit/537.36 (KHTML, like Gecko) Chrome/122.0.0.0 Safari/537.36',1,1,'new',0,'{\"edit_post_id\":\"2\"}','2024-04-30 06:39:33','2024-04-30 06:39:33','2024-04-30 01:39:33','2024-04-30 01:39:33'),(312,'submission','db0cb4e8-2798-4cc6-93c4-4776a7bc2c90',1246,2,'','','811448e','New Form',0,0,'83.97.73.239','Mozilla/5.0 (Windows NT 10.0; Win64; x64) AppleWebKit/537.36 (KHTML, like Gecko) Chrome/121.0.0.0 Safari/537.36',1,1,'new',0,'{\"edit_post_id\":\"2\"}','2024-04-30 21:23:14','2024-04-30 21:23:14','2024-04-30 16:23:14','2024-04-30 16:23:14'),(313,'submission','d125db18-8758-4b5b-80ac-b75b7ec528d0',1250,2,'','','811448e','New Form',0,0,'37.19.223.100','Mozilla/5.0 (Windows NT 6.3; Win64; x64) AppleWebKit/537.36 (KHTML, like Gecko) Chrome/113.0.0.0 Safari/537.36',1,1,'new',0,'{\"edit_post_id\":\"2\"}','2024-05-01 04:17:36','2024-05-01 04:17:36','2024-04-30 23:17:36','2024-04-30 23:17:36'),(314,'submission','3e081437-a9f9-4991-b955-a10ad475ee68',1254,2,'','','811448e','New Form',0,0,'62.122.184.194','Mozilla/5.0 (Windows NT 10.0; WOW64) AppleWebKit/537.36 (KHTML, like Gecko) Chrome/103.0.0.0 Safari/537.36',1,1,'new',0,'{\"edit_post_id\":\"2\"}','2024-05-01 13:12:10','2024-05-01 13:12:10','2024-05-01 08:12:10','2024-05-01 08:12:10'),(315,'submission','78f258b9-ecfd-4ba7-bfbf-7d5e934da36c',1258,2,'','','811448e','New Form',0,0,'37.46.113.159','Mozilla/5.0 (Windows NT 6.1; Win64; x64) AppleWebKit/537.36 (KHTML, like Gecko) Chrome/103.0.5060.66 Safari/537.36',1,1,'new',0,'{\"edit_post_id\":\"2\"}','2024-05-01 19:20:40','2024-05-01 19:20:40','2024-05-01 14:20:40','2024-05-01 14:20:40'),(316,'submission','9236bd50-1960-4e7a-97c6-9fbff08f6ef0',1262,2,'','','811448e','New Form',0,0,'191.101.209.143','Mozilla/5.0 (Windows NT 10.0; Win64; x64) AppleWebKit/537.36 (KHTML, like Gecko) Chrome/122.0.0.0 Safari/537.36',1,1,'new',0,'{\"edit_post_id\":\"2\"}','2024-05-02 00:58:31','2024-05-02 00:58:31','2024-05-01 19:58:31','2024-05-01 19:58:31'),(317,'submission','6adcf499-0790-408f-90b6-28c553520a00',1266,2,'','','811448e','New Form',0,0,'195.78.54.120','Mozilla/5.0 (Windows NT 10.0; WOW64) AppleWebKit/537.36 (KHTML, like Gecko) Chrome/103.0.0.0 Safari/537.36',1,1,'new',0,'{\"edit_post_id\":\"2\"}','2024-05-02 01:31:49','2024-05-02 01:31:49','2024-05-01 20:31:49','2024-05-01 20:31:49'),(318,'submission','eacf1a95-75f3-4784-86fd-34b645afa041',1270,2,'','','811448e','New Form',0,0,'5.35.32.125','Mozilla/5.0 (Windows NT 10.0; Win64; x64) AppleWebKit/537.36 (KHTML, like Gecko) Chrome/103.0.5060.66 Safari/537.36',1,1,'new',0,'{\"edit_post_id\":\"2\"}','2024-05-03 11:13:34','2024-05-03 11:13:34','2024-05-03 06:13:34','2024-05-03 06:13:34'),(319,'submission','49eaddcb-d25a-4912-8ba2-a54bd28d1eab',1274,2,'','','811448e','New Form',0,0,'5.35.32.125','Mozilla/5.0 (Windows NT 6.1; Win64; x64) AppleWebKit/537.36 (KHTML, like Gecko) Chrome/103.0.0.0 Safari/537.36',1,1,'new',0,'{\"edit_post_id\":\"2\"}','2024-05-07 19:26:55','2024-05-07 19:26:55','2024-05-07 14:26:55','2024-05-07 14:26:55'),(320,'submission','452473db-1ddd-4f39-86ab-3ade655995f9',1278,2,'','','811448e','New Form',0,0,'85.209.11.117','Mozilla/5.0 (Windows NT 10.0; Win64; x64) AppleWebKit/537.36 (KHTML, like Gecko) Chrome/119.0.0.0 Safari/537.36',1,1,'new',0,'{\"edit_post_id\":\"2\"}','2024-05-09 03:02:22','2024-05-09 03:02:22','2024-05-08 22:02:22','2024-05-08 22:02:22'),(321,'submission','9a9c7ddc-8794-40e6-a019-08303acf21c7',1282,2,'https://lubricantesralyxxton.com/','','811448e','New Form',0,0,'198.203.28.119','Mozilla/5.0 (Windows NT 10.0; Win64; x64) AppleWebKit/537.36 (KHTML, like Gecko) Chrome/114.0.0.0 Safari/537.36 Vivaldi/5.3.2679.68',1,1,'new',0,'{\"edit_post_id\":\"2\"}','2024-05-09 14:05:22','2024-05-09 14:05:22','2024-05-09 09:05:22','2024-05-09 09:05:22'),(322,'submission','a48fdc25-5af7-48a2-96f6-81010a26690a',1286,2,'','','811448e','New Form',0,0,'151.106.8.37','Mozilla/5.0 (Windows NT 10.0; Win64; x64) AppleWebKit/537.36 (KHTML, like Gecko) Chrome/121.0.0.0 Safari/537.36',1,1,'new',0,'{\"edit_post_id\":\"2\"}','2024-05-10 10:34:57','2024-05-10 10:34:57','2024-05-10 05:34:57','2024-05-10 05:34:57'),(323,'submission','d4a1826d-5cd7-425e-a8c4-b72a99d494a3',1290,2,'','','811448e','New Form',0,0,'37.19.223.120','Mozilla/5.0 (Windows NT 10.0; Win64; x64) AppleWebKit/537.36 (KHTML, like Gecko) Chrome/118.0.0.0 Safari/537.36',1,1,'new',0,'{\"edit_post_id\":\"2\"}','2024-05-14 12:00:48','2024-05-14 12:00:48','2024-05-14 07:00:48','2024-05-14 07:00:48'),(324,'submission','99069e77-3c3b-4277-a840-25249f9f3c3d',1294,2,'','','811448e','New Form',0,0,'62.122.184.194','Mozilla/5.0 (Windows NT 10.0; Win64; x64) AppleWebKit/537.36 (KHTML, like Gecko) Chrome/103.0.0.0 Safari/537.36 Herring/95.1.8810.11',1,1,'new',0,'{\"edit_post_id\":\"2\"}','2024-05-16 02:26:45','2024-05-16 02:26:45','2024-05-15 21:26:45','2024-05-15 21:26:45'),(325,'submission','d9acfffb-29d6-484d-98f3-2b36b635125c',1298,2,'','','811448e','New Form',0,0,'83.97.73.239','Mozilla/5.0 (Windows NT 10.0; Win64; x64) AppleWebKit/537.36 (KHTML, like Gecko) Chrome/120.0.6099.71 Safari/537.36',1,1,'new',0,'{\"edit_post_id\":\"2\"}','2024-05-17 05:36:50','2024-05-17 05:36:50','2024-05-17 00:36:50','2024-05-17 00:36:50'),(326,'submission','2d2fd74b-cc1b-4175-9c7e-1f1e446b9986',1302,2,'','','811448e','New Form',0,0,'85.209.11.117','Mozilla/5.0 (Windows NT 10.0; Win64; x64) AppleWebKit/537.36 (KHTML, like Gecko) Chrome/120.0.0.0 Iron Safari/537.36',1,1,'new',0,'{\"edit_post_id\":\"2\"}','2024-05-19 21:07:01','2024-05-19 21:07:01','2024-05-19 16:07:01','2024-05-19 16:07:01'),(327,'submission','77be08e7-ed8c-4e64-9e6a-e7ad69d5b8d5',1306,2,'','','811448e','New Form',0,0,'176.111.174.153','Mozilla/5.0 (Windows NT 6.1; Win64; x64) AppleWebKit/537.36 (KHTML, like Gecko) Chrome/108.0.0.0 Safari/537.36',1,1,'new',0,'{\"edit_post_id\":\"2\"}','2024-05-22 16:49:02','2024-05-22 16:49:02','2024-05-22 11:49:02','2024-05-22 11:49:02'),(328,'submission','e6eee374-beed-4e98-98ad-38a4e56fbd06',1310,2,'','','811448e','New Form',0,0,'87.249.132.168','Mozilla/5.0 (Windows NT 10.0; Win64; x64) AppleWebKit/537.36 (KHTML, like Gecko) Chrome/120.0.6099.71 Safari/537.36',1,1,'new',0,'{\"edit_post_id\":\"2\"}','2024-05-22 20:19:42','2024-05-22 20:19:42','2024-05-22 15:19:42','2024-05-22 15:19:42'),(329,'submission','fa0a53a6-32cb-4e05-8a92-9e4c88f55301',1314,2,'https://lubricantesralyxxton.com/','','811448e','New Form',0,0,'66.115.149.41','Mozilla/5.0 (X11; Ubuntu; Linux i686; rv:114.0) Gecko/20100101 Firefox/114.0',1,1,'new',0,'{\"edit_post_id\":\"2\"}','2024-05-24 06:34:36','2024-05-24 06:34:36','2024-05-24 01:34:36','2024-05-24 01:34:36'),(330,'submission','1a8e1ccd-3140-4fc9-8371-8a7c25e5e06e',1318,2,'','','811448e','New Form',0,0,'5.35.32.125','Mozilla/5.0 (Windows NT 6.2; Win64; x64) AppleWebKit/537.36 (KHTML, like Gecko) Chrome/103.0.0.0 Safari/537.36',1,1,'new',0,'{\"edit_post_id\":\"2\"}','2024-05-28 19:25:43','2024-05-28 19:25:43','2024-05-28 14:25:43','2024-05-28 14:25:43'),(331,'submission','b02c8383-4abb-412e-9e39-87ea5a057e76',1322,2,'','','811448e','New Form',0,0,'93.170.204.95','Mozilla/5.0 (Windows NT 10.0; Win64; x64) AppleWebKit/537.36 (KHTML, like Gecko) Chrome/121.0.0.0 Safari/537.36',1,1,'new',0,'{\"edit_post_id\":\"2\"}','2024-05-28 23:27:24','2024-05-28 23:27:24','2024-05-28 18:27:24','2024-05-28 18:27:24'),(332,'submission','8211686d-08cd-4f2e-bd74-ac4354e8ab39',1326,2,'','','811448e','New Form',0,0,'93.170.204.95','Mozilla/5.0 (Windows NT 10.0; Win64; x64) AppleWebKit/537.36 (KHTML, like Gecko) Chrome/120.0.0.0 Iron Safari/537.36',1,1,'new',0,'{\"edit_post_id\":\"2\"}','2024-05-29 00:39:17','2024-05-29 00:39:17','2024-05-28 19:39:17','2024-05-28 19:39:17'),(333,'submission','4d124d4e-21eb-4e3e-8c41-1ae8b85c48aa',1330,2,'','','811448e','New Form',0,0,'92.204.188.247','Mozilla/5.0 (Windows NT 6.3; Win64; x64) AppleWebKit/537.36 (KHTML, like Gecko) Chrome/67.0.3396.99 Safari/537.36',1,1,'new',0,'{\"edit_post_id\":\"2\"}','2024-05-29 17:47:58','2024-05-29 17:47:58','2024-05-29 12:47:58','2024-05-29 12:47:58'),(334,'submission','46617d80-9b9b-486c-ae9b-04c5315fd016',1334,2,'','','811448e','New Form',0,0,'85.209.11.117','Mozilla/5.0 (Windows NT 10.0; Win64; x64) AppleWebKit/537.36 (KHTML, like Gecko) Chrome/111.0.0.0 Safari/537.36',1,1,'new',0,'{\"edit_post_id\":\"2\"}','2024-05-30 02:20:13','2024-05-30 02:20:13','2024-05-29 21:20:13','2024-05-29 21:20:13'),(335,'submission','8229d253-f202-408f-871a-61e172e6e254',1338,2,'','','811448e','New Form',0,0,'87.249.132.37','Mozilla/5.0 (Windows NT 10.0; Win64; x64) AppleWebKit/537.36 (KHTML, like Gecko) Chrome/67.0.3396.87 Safari/537.36 OPR/54.0.2952.51',1,1,'new',0,'{\"edit_post_id\":\"2\"}','2024-06-01 02:59:21','2024-06-01 02:59:21','2024-05-31 21:59:21','2024-05-31 21:59:21'),(336,'submission','a2a512be-03d8-4fb0-8277-4abb5b413058',1342,2,'','','811448e','New Form',0,0,'216.24.213.65','Mozilla/5.0 (Windows NT 10.0; Win64; x64) AppleWebKit/537.36 (KHTML, like Gecko) Chrome/67.0.3396.87 Safari/537.36 OPR/54.0.2952.54',1,1,'new',0,'{\"edit_post_id\":\"2\"}','2024-06-01 10:00:32','2024-06-01 10:00:32','2024-06-01 05:00:32','2024-06-01 05:00:32'),(337,'submission','5d385070-4320-4d33-aecd-ab1586939ad8',1346,2,'','','811448e','New Form',0,0,'83.97.73.239','Mozilla/5.0 (Windows NT 10.0; Win64; x64) AppleWebKit/537.36 (KHTML, like Gecko) Chrome/120.0.0.0 Iron Safari/537.36',1,1,'new',0,'{\"edit_post_id\":\"2\"}','2024-06-02 02:10:49','2024-06-02 02:10:49','2024-06-01 21:10:49','2024-06-01 21:10:49'),(338,'submission','b37438ec-13b9-4f52-9637-126d3058b9aa',1350,2,'','','811448e','New Form',0,0,'156.146.55.159','Mozilla/5.0 (Windows NT 10.0; Win64; x64) AppleWebKit/537.36 (KHTML, like Gecko) Chrome/117.0.0.0 Safari/537.36',1,1,'new',0,'{\"edit_post_id\":\"2\"}','2024-06-06 13:54:48','2024-06-06 13:54:48','2024-06-06 08:54:48','2024-06-06 08:54:48'),(339,'submission','88de5940-1739-4e3c-89d8-a191e48c53ad',1354,2,'','','811448e','New Form',0,0,'5.35.32.125','Mozilla/5.0 (Windows NT 6.3; WOW64) AppleWebKit/537.36 (KHTML, like Gecko) Chrome/103.0.0.0 Safari/537.36',1,1,'new',0,'{\"edit_post_id\":\"2\"}','2024-06-06 19:44:46','2024-06-06 19:44:46','2024-06-06 14:44:46','2024-06-06 14:44:46'),(340,'submission','24c070aa-0a71-4fac-8817-c7a7a4063bd8',1358,2,'','','811448e','New Form',0,0,'62.122.184.194','Mozilla/5.0 (Windows NT 10.0; Win64; x64) AppleWebKit/537.36 (KHTML, like Gecko) Chrome/120.0.6099.71 Safari/537.36',1,1,'new',0,'{\"edit_post_id\":\"2\"}','2024-06-08 01:06:15','2024-06-08 01:06:15','2024-06-07 20:06:15','2024-06-07 20:06:15'),(341,'submission','1c4e7bab-08ab-4fa9-bb42-11c1df7473d4',1362,2,'','','811448e','New Form',0,0,'196.196.53.30','Mozilla/5.0 (Windows NT 10.0; Win64; x64) AppleWebKit/537.36 (KHTML, like Gecko) Chrome/120.0.6099.71 Safari/537.36',1,1,'new',0,'{\"edit_post_id\":\"2\"}','2024-06-10 23:21:03','2024-06-10 23:21:04','2024-06-10 18:21:03','2024-06-10 18:21:04'),(342,'submission','49b79442-1618-4ca2-b88b-e0a1b2842acd',1366,2,'https://lubricantesralyxxton.com/','','811448e','New Form',0,0,'162.253.131.133','Mozilla/5.0 (Windows NT 10.0; Win64; x64; Xbox; Xbox One) AppleWebKit/537.36 (KHTML, like Gecko) Chrome/114.0.0.0 Safari/537.36 Edge/44.18363.8131',1,1,'new',0,'{\"edit_post_id\":\"2\"}','2024-06-11 12:35:07','2024-06-11 12:35:07','2024-06-11 07:35:07','2024-06-11 07:35:07'),(343,'submission','36648442-98a4-49be-85fc-9c21e6c34102',1370,2,'','','811448e','New Form',0,0,'5.35.32.125','Mozilla/5.0 (Windows NT 10.0; Win64; x64) AppleWebKit/537.36 (KHTML, like Gecko) Chrome/103.0.5060.66 Safari/537.36',1,1,'new',0,'{\"edit_post_id\":\"2\"}','2024-06-12 04:05:32','2024-06-12 04:05:32','2024-06-11 23:05:32','2024-06-11 23:05:32'),(344,'submission','ebbfc266-0300-4ece-85f0-b2c014b0f678',1374,2,'','','811448e','New Form',0,0,'85.209.11.117','Mozilla/5.0 (Windows NT 10.0; Win64; x64) AppleWebKit/537.36 (KHTML, like Gecko) Chrome/120.0.0.0 Iron Safari/537.36',1,1,'new',0,'{\"edit_post_id\":\"2\"}','2024-06-13 13:47:46','2024-06-13 13:47:46','2024-06-13 08:47:46','2024-06-13 08:47:46'),(345,'submission','0f552c35-6310-4890-9b02-a5629e17a282',1378,2,'','','811448e','New Form',0,0,'5.35.32.125','Mozilla/5.0 (Windows NT 10.0; Win64; x64) AppleWebKit/537.36 (KHTML, like Gecko) Chrome/103.0.5060.134 Safari/537.36',1,1,'new',0,'{\"edit_post_id\":\"2\"}','2024-06-13 18:30:57','2024-06-13 18:30:57','2024-06-13 13:30:57','2024-06-13 13:30:57'),(346,'submission','fd73c025-19f3-466f-bfb8-5e754df62b8f',1382,2,'','','811448e','New Form',0,0,'5.35.32.125','Mozilla/5.0 (Windows NT 6.3; WOW64) AppleWebKit/537.36 (KHTML, like Gecko) Chrome/103.0.0.0 Safari/537.36',1,1,'new',0,'{\"edit_post_id\":\"2\"}','2024-06-14 18:07:53','2024-06-14 18:07:53','2024-06-14 13:07:53','2024-06-14 13:07:53'),(347,'submission','7acdb64a-e89a-403d-b19e-a6afe10da72c',1386,2,'','','811448e','New Form',0,0,'93.170.204.47','Mozilla/5.0 (Windows NT 10.0; Win64; x64) AppleWebKit/537.36 (KHTML, like Gecko) Chrome/121.0.0.0 Safari/537.36',1,1,'new',0,'{\"edit_post_id\":\"2\"}','2024-06-15 07:46:17','2024-06-15 07:46:17','2024-06-15 02:46:17','2024-06-15 02:46:17'),(348,'submission','8ade4dff-64ba-45e1-b4aa-5f1c59dc705f',1390,2,'','','811448e','New Form',0,0,'151.106.12.245','Mozilla/5.0 (Windows NT 10.0; Win64; x64) AppleWebKit/537.36 (KHTML, like Gecko) Chrome/112.0.0.0 Safari/537.36',1,1,'new',0,'{\"edit_post_id\":\"2\"}','2024-06-17 14:52:56','2024-06-17 14:52:56','2024-06-17 09:52:56','2024-06-17 09:52:56'),(349,'submission','b3e3ef44-df1b-482b-aded-7cd63358f58a',1394,2,'','','811448e','New Form',0,0,'5.35.32.125','Mozilla/5.0 (Windows NT 10.0; Win64; x64) AppleWebKit/537.36 (KHTML, like Gecko) Chrome/103.0.0.0 Safari/537.36 Herring/95.1.8810.11',1,1,'new',0,'{\"edit_post_id\":\"2\"}','2024-06-17 15:42:02','2024-06-17 15:42:02','2024-06-17 10:42:02','2024-06-17 10:42:02'),(350,'submission','97beab59-8f56-4c84-8958-bf7b5a496669',1398,2,'','','811448e','New Form',0,0,'5.35.32.125','Mozilla/5.0 (Windows NT 10.0) AppleWebKit/537.36 (KHTML, like Gecko) Chrome/103.0.0.0 Safari/537.36',1,1,'new',0,'{\"edit_post_id\":\"2\"}','2024-06-18 15:54:51','2024-06-18 15:54:51','2024-06-18 10:54:51','2024-06-18 10:54:51'),(351,'submission','40e5c44d-22e3-4081-9300-e6b4b86c0eb7',1402,2,'','','811448e','New Form',0,0,'5.35.32.125','Mozilla/5.0 (Windows NT 6.3; WOW64) AppleWebKit/537.36 (KHTML, like Gecko) Chrome/103.0.5060.114 Safari/537.36',1,1,'new',0,'{\"edit_post_id\":\"2\"}','2024-06-19 14:44:44','2024-06-19 14:44:44','2024-06-19 09:44:44','2024-06-19 09:44:44'),(352,'submission','5d486d01-0373-4b40-9ef8-98401e77da59',1406,2,'','','811448e','New Form',0,0,'83.97.73.239','Mozilla/5.0 (Windows NT 6.1; Win64; x64) AppleWebKit/537.36 (KHTML, like Gecko) Chrome/109.0.0.0 Safari/537.36',1,1,'new',0,'{\"edit_post_id\":\"2\"}','2024-06-23 00:58:45','2024-06-23 00:58:45','2024-06-22 19:58:45','2024-06-22 19:58:45'),(353,'submission','d5078398-b867-4343-a42c-e9fc8cd7c241',1410,2,'https://lubricantesralyxxton.com/','','811448e','New Form',0,0,'5.62.49.113','Mozilla/5.0 (X11; Ubuntu; Linux x86_64; rv:114.0) Gecko/20100101 Firefox/114.0',1,1,'new',0,'{\"edit_post_id\":\"2\"}','2024-06-23 12:58:39','2024-06-23 12:58:39','2024-06-23 07:58:39','2024-06-23 07:58:39'),(354,'submission','39578169-f4b7-455f-aa0d-72aa76f50a68',1414,2,'','','811448e','New Form',0,0,'196.196.53.44','Mozilla/5.0 (Windows NT 10.0; Win64; x64) AppleWebKit/537.36 (KHTML, like Gecko) Chrome/118.0.0.0 Safari/537.36',1,1,'new',0,'{\"edit_post_id\":\"2\"}','2024-06-24 11:57:45','2024-06-24 11:57:45','2024-06-24 06:57:45','2024-06-24 06:57:45'),(355,'submission','3cefc1a8-6c12-49a4-a22b-2f8cbdc57d62',1418,2,'','','811448e','New Form',0,0,'176.111.174.153','Mozilla/5.0 (Windows NT 10.0; Win64; x64) AppleWebKit/537.36 (KHTML, like Gecko) Chrome/121.0.0.0 Safari/537.36',1,1,'new',0,'{\"edit_post_id\":\"2\"}','2024-06-24 15:33:54','2024-06-24 15:33:54','2024-06-24 10:33:54','2024-06-24 10:33:54'),(356,'submission','dbc51861-2f5c-4736-86b5-13bde6e49021',1422,2,'','','811448e','New Form',0,0,'85.209.11.117','Mozilla/5.0 (Windows NT 6.1; Win64; x64) AppleWebKit/537.36 (KHTML, like Gecko) Chrome/114.0.5735.289 Safari/537.36',1,1,'new',0,'{\"edit_post_id\":\"2\"}','2024-06-25 07:43:25','2024-06-25 07:43:25','2024-06-25 02:43:25','2024-06-25 02:43:25'),(357,'submission','1a159349-e622-4e5e-851a-eb2b4764dd5d',1426,2,'','','811448e','New Form',0,0,'37.19.223.206','Mozilla/5.0 (Windows NT 6.1; Win64; x64) AppleWebKit/537.36 (KHTML, like Gecko) Chrome/114.0.5735.289 Safari/537.36',1,1,'new',0,'{\"edit_post_id\":\"2\"}','2024-06-25 11:02:55','2024-06-25 11:02:55','2024-06-25 06:02:55','2024-06-25 06:02:55'),(358,'submission','860ae35c-0ae7-4add-be61-327425a2e14a',1430,2,'','','811448e','New Form',0,0,'89.110.72.212','Mozilla/5.0 (Windows NT 10.0; Win64; x64) AppleWebKit/537.36 (KHTML, like Gecko) Chrome/122.0.0.0 Safari/537.36',1,1,'new',0,'{\"edit_post_id\":\"2\"}','2024-06-26 08:20:16','2024-06-26 08:20:16','2024-06-26 03:20:16','2024-06-26 03:20:16'),(359,'submission','f7cdacc1-0b3b-45ab-994d-115e22c620ff',1434,2,'','','811448e','New Form',0,0,'37.19.223.216','Mozilla/5.0 (Windows NT 10.0; Win64; x64) AppleWebKit/537.36 (KHTML, like Gecko) Chrome/115.0.0.0 Safari/537.36',1,1,'new',0,'{\"edit_post_id\":\"2\"}','2024-06-27 12:28:28','2024-06-27 12:28:28','2024-06-27 07:28:28','2024-06-27 07:28:28'),(360,'submission','7f70f76a-36fa-4003-a937-5b381a874b62',1438,2,'','','811448e','New Form',0,0,'83.97.73.239','Mozilla/5.0 (Windows NT 10.0; Win64; x64) AppleWebKit/537.36 (KHTML, like Gecko) Chrome/120.0.0.0 Iron Safari/537.36',1,1,'new',0,'{\"edit_post_id\":\"2\"}','2024-07-02 13:27:33','2024-07-02 13:27:33','2024-07-02 08:27:33','2024-07-02 08:27:33'),(361,'submission','3da61134-f6a1-46ce-a750-89c58feded86',1442,2,'','','811448e','New Form',0,0,'5.35.32.125','Mozilla/5.0 (Windows NT 10.0; WOW64) AppleWebKit/537.36 (KHTML, like Gecko) Chrome/103.0.0.0 Safari/537.36',1,1,'new',0,'{\"edit_post_id\":\"2\"}','2024-07-03 00:04:24','2024-07-03 00:04:24','2024-07-02 19:04:24','2024-07-02 19:04:24'),(362,'submission','6fdbf280-9a0c-4fee-b1ac-f1ffe7197642',1446,2,'','','811448e','New Form',0,0,'37.19.223.121','Mozilla/5.0 (Windows NT 10.0; Win64; x64) AppleWebKit/537.36 (KHTML, like Gecko) Chrome/121.0.0.0 Safari/537.36',1,1,'new',0,'{\"edit_post_id\":\"2\"}','2024-07-05 11:48:04','2024-07-05 11:48:04','2024-07-05 06:48:04','2024-07-05 06:48:04'),(363,'submission','961661ab-8d43-4590-8ae2-e281e605c537',1450,2,'','','811448e','New Form',0,0,'93.170.204.104','Mozilla/5.0 (Windows NT 10.0; Win64; x64) AppleWebKit/537.36 (KHTML, like Gecko) Chrome/113.0.0.0 Safari/537.36',1,1,'new',0,'{\"edit_post_id\":\"2\"}','2024-07-05 15:49:33','2024-07-05 15:49:33','2024-07-05 10:49:33','2024-07-05 10:49:33'),(364,'submission','04b66ac5-351f-47ae-adac-0a26f5266587',1454,2,'','','811448e','New Form',0,0,'83.97.73.239','Mozilla/5.0 (Windows NT 6.3; Win64; x64) AppleWebKit/537.36 (KHTML, like Gecko) Chrome/113.0.0.0 Safari/537.36',1,1,'new',0,'{\"edit_post_id\":\"2\"}','2024-07-06 04:00:40','2024-07-06 04:00:40','2024-07-05 23:00:40','2024-07-05 23:00:40'),(365,'submission','f733691c-ba61-4d9d-af72-e624bbb8c82f',1458,2,'','','811448e','New Form',0,0,'37.19.223.121','Mozilla/5.0 (Windows NT 10.0; Win64; x64) AppleWebKit/537.36 (KHTML, like Gecko) Chrome/117.0.0.0 Iron Safari/537.36',1,1,'new',0,'{\"edit_post_id\":\"2\"}','2024-07-06 05:35:24','2024-07-06 05:35:24','2024-07-06 00:35:24','2024-07-06 00:35:24'),(366,'submission','b1aa95d1-58cb-4aef-bed2-294379b0ba2e',1462,2,'','','811448e','New Form',0,0,'37.99.47.174','Mozilla/5.0 (Windows NT 10.0; Win64; x64) AppleWebKit/537.36 (KHTML, like Gecko) Chrome/103.0.5060.66 Safari/537.36',1,1,'new',0,'{\"edit_post_id\":\"2\"}','2024-07-08 18:01:48','2024-07-08 18:01:48','2024-07-08 13:01:48','2024-07-08 13:01:48'),(367,'submission','84788ec0-3cc9-4f21-9e44-af8ed8c4bb12',1466,2,'','','811448e','New Form',0,0,'37.19.223.221','Mozilla/5.0 (Windows NT 10.0; Win64; x64) AppleWebKit/537.36 (KHTML, like Gecko) Chrome/114.0.0.0 Safari/537.36',1,1,'new',0,'{\"edit_post_id\":\"2\"}','2024-07-10 03:16:38','2024-07-10 03:16:38','2024-07-09 22:16:38','2024-07-09 22:16:38'),(368,'submission','e07cc882-9ea3-4a83-9092-890769c6aa8a',1470,2,'','','811448e','New Form',0,0,'37.19.223.221','Mozilla/5.0 (Windows NT 10.0; Win64; x64) AppleWebKit/537.36 (KHTML, like Gecko) Chrome/120.0.0.0 Iron Safari/537.36',1,1,'new',0,'{\"edit_post_id\":\"2\"}','2024-07-10 11:01:54','2024-07-10 11:01:54','2024-07-10 06:01:54','2024-07-10 06:01:54'),(369,'submission','84f8eb9b-2061-49a1-ae3a-38e26bf99ab0',1474,2,'','','811448e','New Form',0,0,'37.19.223.221','Mozilla/5.0 (Windows NT 10.0; Win64; x64) AppleWebKit/537.36 (KHTML, like Gecko) Chrome/121.0.0.0 Safari/537.36',1,1,'new',0,'{\"edit_post_id\":\"2\"}','2024-07-10 13:09:42','2024-07-10 13:09:42','2024-07-10 08:09:42','2024-07-10 08:09:42'),(370,'submission','8d4d3dbc-5573-472d-92d3-136a283c2edf',1478,2,'','','811448e','New Form',0,0,'37.99.49.107','Mozilla/5.0 (Windows NT 10.0; Win64; x64) AppleWebKit/537.36 (KHTML, like Gecko) Chrome/103.0.0.0 Safari/537.36 Herring/95.1.8810.11',1,1,'new',0,'{\"edit_post_id\":\"2\"}','2024-07-11 16:14:35','2024-07-11 16:14:35','2024-07-11 11:14:35','2024-07-11 11:14:35'),(371,'submission','eea84af4-d23b-4632-867f-f9f70d7ca721',1482,2,'','','811448e','New Form',0,0,'31.171.152.132','Mozilla/5.0 (Windows NT 10.0; Win64; x64) AppleWebKit/537.36 (KHTML, like Gecko) Chrome/120.0.0.0 Safari/537.36',1,1,'new',0,'{\"edit_post_id\":\"2\"}','2024-07-11 23:25:15','2024-07-11 23:25:15','2024-07-11 18:25:15','2024-07-11 18:25:15'),(372,'submission','7986a043-00d1-4531-a845-11c8e276d186',1486,2,'','','811448e','New Form',0,0,'85.209.11.117','Mozilla/5.0 (Windows NT 10.0; Win64; x64) AppleWebKit/537.36 (KHTML, like Gecko) Chrome/121.0.0.0 Safari/537.36',1,1,'new',0,'{\"edit_post_id\":\"2\"}','2024-07-12 15:52:20','2024-07-12 15:52:20','2024-07-12 10:52:20','2024-07-12 10:52:20'),(373,'submission','2452d9aa-c108-478b-b191-df942006da7d',1490,2,'https://lubricantesralyxxton.com/','','811448e','New Form',0,0,'5.62.49.99','Mozilla/5.0 (Windows NT 10.0; WOW64) AppleWebKit/537.36 (KHTML, like Gecko) Chrome/114.0.0.0 Safari/537.36 Vivaldi/5.3.2679.68',1,1,'new',0,'{\"edit_post_id\":\"2\"}','2024-07-12 17:15:32','2024-07-12 17:15:32','2024-07-12 12:15:32','2024-07-12 12:15:32'),(374,'submission','b9c1bc6d-de87-46f2-a7b6-151f92e4296d',1494,2,'','','811448e','New Form',0,0,'37.99.126.146','Mozilla/5.0 (Windows NT 10.0; Win64; x64) AppleWebKit/537.36 (KHTML, like Gecko) Chrome/103.0.5060.134 Safari/537.36',1,1,'new',0,'{\"edit_post_id\":\"2\"}','2024-07-14 02:49:36','2024-07-14 02:49:36','2024-07-13 21:49:36','2024-07-13 21:49:36'),(375,'submission','c3f6ceb6-06ea-4764-9f1d-6c8c87b736f8',1498,2,'','','811448e','New Form',0,0,'37.19.223.225','Mozilla/5.0 (Windows NT 10.0; Win64; x64) AppleWebKit/537.36 (KHTML, like Gecko) Chrome/122.0.0.0 Safari/537.36',1,1,'new',0,'{\"edit_post_id\":\"2\"}','2024-07-15 09:11:54','2024-07-15 09:11:54','2024-07-15 04:11:54','2024-07-15 04:11:54'),(376,'submission','c7f08cbe-659a-42d8-b55d-2dcb6cef1dd5',1502,2,'','','811448e','New Form',0,0,'37.99.60.63','Mozilla/5.0 (Windows NT 6.3; Win64; x64) AppleWebKit/537.36 (KHTML, like Gecko) Chrome/103.0.5060.66 Safari/537.36',1,1,'new',0,'{\"edit_post_id\":\"2\"}','2024-07-15 09:17:45','2024-07-15 09:17:45','2024-07-15 04:17:45','2024-07-15 04:17:45'),(377,'submission','030015d4-005d-46c1-93ce-2b551963752f',1506,2,'','','811448e','New Form',0,0,'62.122.184.194','Mozilla/5.0 (Windows NT 10.0; Win64; x64) AppleWebKit/537.36 (KHTML, like Gecko) Chrome/122.0.0.0 Safari/537.36',1,1,'new',0,'{\"edit_post_id\":\"2\"}','2024-07-16 01:57:18','2024-07-16 01:57:18','2024-07-15 20:57:18','2024-07-15 20:57:18'),(378,'submission','0ef3b032-a756-4915-937e-af0650d66e07',1510,2,'','','811448e','New Form',0,0,'37.99.85.63','Mozilla/5.0 (Windows NT 6.3; WOW64) AppleWebKit/537.36 (KHTML, like Gecko) Chrome/103.0.0.0 Safari/537.36',1,1,'new',0,'{\"edit_post_id\":\"2\"}','2024-07-18 06:10:59','2024-07-18 06:10:59','2024-07-18 01:10:59','2024-07-18 01:10:59'),(379,'submission','f0ef7c74-0f4a-45a2-b1a3-8266cbe61247',1514,2,'','','811448e','New Form',0,0,'104.28.230.245','Mozilla/5.0 (Windows NT 6.1; Win64; x64) AppleWebKit/537.36 (KHTML, like Gecko) Chrome/108.0.0.0 Safari/537.36',1,1,'new',0,'{\"edit_post_id\":\"2\"}','2024-07-19 18:33:08','2024-07-19 18:33:08','2024-07-19 13:33:08','2024-07-19 13:33:08'),(380,'submission','eba38a65-0a4e-4d83-9f32-7d5b24d1bc90',1518,2,'','','811448e','New Form',0,0,'89.110.87.170','Mozilla/5.0 (Windows NT 6.3; Win64; x64) AppleWebKit/537.36 (KHTML, like Gecko) Chrome/103.0.0.0 Safari/537.36',1,1,'new',0,'{\"edit_post_id\":\"2\"}','2024-07-20 02:30:09','2024-07-20 02:30:09','2024-07-19 21:30:09','2024-07-19 21:30:09'),(381,'submission','b23152ed-9762-46f7-bed0-9e0b274e5d03',1522,2,'','','811448e','New Form',0,0,'37.99.87.182','Mozilla/5.0 (Windows NT 10.0; WOW64) AppleWebKit/537.36 (KHTML, like Gecko) Chrome/103.0.5060.114 Safari/537.36',1,1,'new',0,'{\"edit_post_id\":\"2\"}','2024-07-20 10:06:34','2024-07-20 10:06:34','2024-07-20 05:06:34','2024-07-20 05:06:34'),(382,'submission','0b9c2a25-eb6d-4581-8285-d8534b15777f',1526,2,'','','811448e','New Form',0,0,'37.99.44.225','Mozilla/5.0 (Windows NT 6.1; Win64; x64) AppleWebKit/537.36 (KHTML, like Gecko) Chrome/103.0.5060.114 Safari/537.36',1,1,'new',0,'{\"edit_post_id\":\"2\"}','2024-07-21 16:22:52','2024-07-21 16:22:52','2024-07-21 11:22:52','2024-07-21 11:22:52'),(383,'submission','591ce79d-057e-476d-96aa-7c5cdadca217',1530,2,'','','811448e','New Form',0,0,'165.231.182.125','Mozilla/5.0 (Windows NT 6.1; Win64; x64) AppleWebKit/537.36 (KHTML, like Gecko) Chrome/103.0.0.0 Safari/537.36',1,1,'new',0,'{\"edit_post_id\":\"2\"}','2024-07-21 21:27:46','2024-07-21 21:27:46','2024-07-21 16:27:46','2024-07-21 16:27:46'),(384,'submission','bc374874-85a7-4d22-993d-1a6e1bb6f850',1534,2,'','','811448e','New Form',0,0,'176.111.174.153','Mozilla/5.0 (Windows NT 10.0; Win64; x64) AppleWebKit/537.36 (KHTML, like Gecko) Chrome/120.0.6099.71 Safari/537.36',1,1,'new',0,'{\"edit_post_id\":\"2\"}','2024-07-22 00:58:10','2024-07-22 00:58:10','2024-07-21 19:58:10','2024-07-21 19:58:10'),(385,'submission','9cc13d38-c7cb-4a23-8573-693b8a6f113b',1538,2,'','','811448e','New Form',0,0,'185.190.42.200','Mozilla/5.0 (Windows NT 10.0.0; Win64; x64; ) AppleWebKit/537.36 (KHTML, like Gecko) Chrome/124.0.6367.61 Chrome/124.0.6367.61 Not-A.Brand/99  Safari/537.36',1,1,'new',0,'{\"edit_post_id\":\"2\"}','2024-07-22 11:26:50','2024-07-22 11:26:50','2024-07-22 06:26:50','2024-07-22 06:26:50'),(386,'submission','d87fe4f5-4913-48b9-8361-540b751d7707',1542,2,'','','811448e','New Form',0,0,'37.99.49.53','Mozilla/5.0 (Windows NT 10.0; Win64; x64) AppleWebKit/537.36 (KHTML, like Gecko) Chrome/103.0.0.0 Safari/537.36',1,1,'new',0,'{\"edit_post_id\":\"2\"}','2024-07-23 09:20:21','2024-07-23 09:20:21','2024-07-23 04:20:21','2024-07-23 04:20:21'),(387,'submission','42cf7505-eb5c-463f-9fff-d725dd85b573',1546,2,'','','811448e','New Form',0,0,'37.99.3.190','Mozilla/5.0 (Windows NT 10.0; WOW64) AppleWebKit/537.36 (KHTML, like Gecko) Chrome/103.0.5060.114 Safari/537.36',1,1,'new',0,'{\"edit_post_id\":\"2\"}','2024-07-24 06:36:53','2024-07-24 06:36:53','2024-07-24 01:36:53','2024-07-24 01:36:53'),(388,'submission','709498e0-e568-4331-9584-4192ba5d8279',1550,2,'','','811448e','New Form',0,0,'83.97.73.239','Mozilla/5.0 (Windows NT 10.0; Win64; x64) AppleWebKit/537.36 (KHTML, like Gecko) Chrome/121.0.0.0 Safari/537.36',1,1,'new',0,'{\"edit_post_id\":\"2\"}','2024-07-24 13:43:03','2024-07-24 13:43:03','2024-07-24 08:43:03','2024-07-24 08:43:03'),(389,'submission','b74513c8-03d4-4f8e-8a7d-67171ccbc7ba',1554,2,'','','811448e','New Form',0,0,'37.19.223.247','Mozilla/5.0 (Windows NT 10.0.0; Win64; x64; ) AppleWebKit/537.36 (KHTML, like Gecko) Chrome/124.0.6367.60 Chrome/124.0.6367.60 Not-A.Brand/99  Safari/537.36',1,1,'new',0,'{\"edit_post_id\":\"2\"}','2024-07-24 17:36:41','2024-07-24 17:36:42','2024-07-24 12:36:41','2024-07-24 12:36:42'),(390,'submission','d7a568cd-9a57-4aef-9757-0086f509d1c4',1558,2,'','','811448e','New Form',0,0,'138.199.36.244','Mozilla/5.0 (Windows NT 10.0; Win64; x64; ) AppleWebKit/537.36 (KHTML, like Gecko) Chrome/124.0.6367.61 Chrome/124.0.6367.61 Not-A.Brand/99  Safari/537.36',1,1,'new',0,'{\"edit_post_id\":\"2\"}','2024-07-24 19:49:47','2024-07-24 19:49:47','2024-07-24 14:49:47','2024-07-24 14:49:47'),(391,'submission','007aaafb-28be-42e2-81f3-b02dfd1fee33',1562,2,'https://lubricantesralyxxton.com/','','811448e','New Form',0,0,'23.81.204.13','Mozilla/5.0 (Macintosh; Intel Mac OS X 12.5; rv:114.0) Gecko/20100101 Firefox/114.0',1,1,'new',0,'{\"edit_post_id\":\"2\"}','2024-07-25 01:53:12','2024-07-25 01:53:12','2024-07-24 20:53:12','2024-07-24 20:53:12'),(392,'submission','7f7908fc-e860-4e9f-97a0-cd5f8c731d99',1566,2,'','','811448e','New Form',0,0,'37.99.33.115','Mozilla/5.0 (Windows NT 6.1; Win64; x64) AppleWebKit/537.36 (KHTML, like Gecko) Chrome/103.0.5060.66 Safari/537.36',1,1,'new',0,'{\"edit_post_id\":\"2\"}','2024-07-25 12:45:27','2024-07-25 12:45:27','2024-07-25 07:45:27','2024-07-25 07:45:27'),(393,'submission','f6b653ef-4c64-4d13-9045-de2920652f6b',1570,2,'','','811448e','New Form',0,0,'181.214.218.139','Mozilla/5.0 (Windows NT 15.0.0; Win64; x64; ) AppleWebKit/537.36 (KHTML, like Gecko) Chrome/124.0.6367.60 Chrome/124.0.6367.60 Not-A.Brand/99  Safari/537.36',1,1,'new',0,'{\"edit_post_id\":\"2\"}','2024-07-25 16:04:08','2024-07-25 16:04:08','2024-07-25 11:04:08','2024-07-25 11:04:08'),(394,'submission','1a2dbaea-24a5-480f-af89-9d2e3255f213',1574,2,'','','811448e','New Form',0,0,'151.106.11.182','Mozilla/5.0 (Windows NT 10.0.0; Win64; x64; ) AppleWebKit/537.36 (KHTML, like Gecko) Chrome/124.0.6367.78 Chrome/124.0.6367.78 Not-A.Brand/99  Safari/537.36',1,1,'new',0,'{\"edit_post_id\":\"2\"}','2024-07-26 14:49:07','2024-07-26 14:49:07','2024-07-26 09:49:07','2024-07-26 09:49:07'),(395,'submission','344be5e1-dc48-4a1a-ac17-312d9515884e',1578,2,'','','811448e','New Form',0,0,'37.99.17.94','Mozilla/5.0 (Windows NT 10.0; Win64; x64) AppleWebKit/537.36 (KHTML, like Gecko) Chrome/103.0.0.0 Safari/537.36',1,1,'new',0,'{\"edit_post_id\":\"2\"}','2024-07-27 09:55:35','2024-07-27 09:55:35','2024-07-27 04:55:35','2024-07-27 04:55:35'),(396,'submission','1298aa63-ad75-45cf-843a-b22c6d686a97',1582,2,'','','811448e','New Form',0,0,'37.99.47.111','Mozilla/5.0 (Windows NT 6.3) AppleWebKit/537.36 (KHTML, like Gecko) Chrome/103.0.0.0 Safari/537.36',1,1,'new',0,'{\"edit_post_id\":\"2\"}','2024-07-28 09:38:24','2024-07-28 09:38:24','2024-07-28 04:38:24','2024-07-28 04:38:24'),(397,'submission','81d9c7dd-0ff2-4faf-ada2-92ec1c3b6e05',1586,2,'','','811448e','New Form',0,0,'85.209.11.117','Mozilla/5.0 (Windows NT 10.0; Win64; x64) AppleWebKit/537.36 (KHTML, like Gecko) Chrome/121.0.0.0 Safari/537.36',1,1,'new',0,'{\"edit_post_id\":\"2\"}','2024-07-31 01:51:28','2024-07-31 01:51:28','2024-07-30 20:51:28','2024-07-30 20:51:28'),(398,'submission','33224d0d-f666-4a07-81e7-b2bce7cb237d',1590,2,'','','811448e','New Form',0,0,'37.99.96.58','Mozilla/5.0 (Windows NT 6.1) AppleWebKit/537.36 (KHTML, like Gecko) Chrome/103.0.5060.114 Safari/537.36',1,1,'new',0,'{\"edit_post_id\":\"2\"}','2024-07-31 05:44:56','2024-07-31 05:44:56','2024-07-31 00:44:56','2024-07-31 00:44:56'),(399,'submission','4d9b9999-c342-40f0-b91c-07b2afe0c7f4',1594,2,'','','811448e','New Form',0,0,'83.97.73.239','Mozilla/5.0 (Windows NT 10.0; Win64; x64) AppleWebKit/537.36 (KHTML, like Gecko) Chrome/114.0.5735.289 Safari/537.36',1,1,'new',0,'{\"edit_post_id\":\"2\"}','2024-07-31 07:28:15','2024-07-31 07:28:15','2024-07-31 02:28:15','2024-07-31 02:28:15'),(400,'submission','92260ee0-055f-4ec4-ba97-4dbfef35dcd4',1598,2,'','','811448e','New Form',0,0,'94.158.190.208','Mozilla/5.0 (Windows NT 10.0.0; Win64; x64; ) AppleWebKit/537.36 (KHTML, like Gecko) Chrome/124.0.6367.60 Chrome/124.0.6367.60 Not-A.Brand/99  Safari/537.36',1,1,'new',0,'{\"edit_post_id\":\"2\"}','2024-07-31 23:22:23','2024-07-31 23:22:23','2024-07-31 18:22:23','2024-07-31 18:22:23'),(401,'submission','88d1b70e-3471-4f19-a6d0-d5956f098c8d',1602,2,'','','811448e','New Form',0,0,'138.199.30.27','Mozilla/5.0 (Windows NT 15.0.0; Win64; x64; ) AppleWebKit/537.36 (KHTML, like Gecko) Chrome/124.0.6367.60 Chrome/124.0.6367.60 Not-A.Brand/99  Safari/537.36',1,1,'new',0,'{\"edit_post_id\":\"2\"}','2024-08-01 01:17:52','2024-08-01 01:17:52','2024-07-31 20:17:52','2024-07-31 20:17:52'),(402,'submission','02f35ce5-9e48-424b-9891-1488387bc01e',1606,2,'','','811448e','New Form',0,0,'37.99.3.130','Mozilla/5.0 (Windows NT 6.3; Win64; x64) AppleWebKit/537.36 (KHTML, like Gecko) Chrome/103.0.5060.53 Safari/537.36',1,1,'new',0,'{\"edit_post_id\":\"2\"}','2024-08-01 02:07:05','2024-08-01 02:07:05','2024-07-31 21:07:05','2024-07-31 21:07:05'),(403,'submission','da38f035-20ba-4af9-9328-911652c70ed5',1610,2,'','','811448e','New Form',0,0,'194.32.122.63','Mozilla/5.0 (Windows NT 6.3; WOW64) AppleWebKit/537.36 (KHTML, like Gecko) Chrome/103.0.5060.114 Safari/537.36',1,1,'new',0,'{\"edit_post_id\":\"2\"}','2024-08-03 06:36:37','2024-08-03 06:36:38','2024-08-03 01:36:37','2024-08-03 01:36:38'),(404,'submission','6116958e-10f0-4791-8816-9931885640e1',1614,2,'','','811448e','New Form',0,0,'196.196.53.89','Mozilla/5.0 (Windows NT 6.1; Win64; x64) AppleWebKit/537.36 (KHTML, like Gecko) Chrome/103.0.0.0 Safari/537.36',1,1,'new',0,'{\"edit_post_id\":\"2\"}','2024-08-04 19:01:07','2024-08-04 19:01:07','2024-08-04 14:01:07','2024-08-04 14:01:07'),(405,'submission','faadb993-b23a-4c43-a3ff-574434eb7c5c',1618,2,'','','811448e','New Form',0,0,'196.196.53.141','Mozilla/5.0 (Windows NT 6.3; Win64; x64) AppleWebKit/537.36 (KHTML, like Gecko) Chrome/103.0.5060.66 Safari/537.36',1,1,'new',0,'{\"edit_post_id\":\"2\"}','2024-08-06 07:34:08','2024-08-06 07:34:08','2024-08-06 02:34:08','2024-08-06 02:34:08'),(406,'submission','73325fc5-3921-459f-a286-cb84405b58a5',1622,2,'','','811448e','New Form',0,0,'185.162.33.27','Mozilla/5.0 (Windows NT 10.0.0; Win64; x64; ) AppleWebKit/537.36 (KHTML, like Gecko) Chrome/124.0.6367.62 Chrome/124.0.6367.62 Not-A.Brand/99  Safari/537.36',1,1,'new',0,'{\"edit_post_id\":\"2\"}','2024-08-06 23:24:19','2024-08-06 23:24:19','2024-08-06 18:24:19','2024-08-06 18:24:19'),(407,'submission','78b040b7-3146-4bc8-98d5-49b31bee0379',1626,2,'','','811448e','New Form',0,0,'165.231.182.34','Mozilla/5.0 (Windows NT 10.0; Win64; x64) AppleWebKit/537.36 (KHTML, like Gecko) Chrome/103.0.0.0 Safari/537.36 OpenWave/97.4.2043.44',1,1,'new',0,'{\"edit_post_id\":\"2\"}','2024-08-07 04:23:52','2024-08-07 04:23:52','2024-08-06 23:23:52','2024-08-06 23:23:52'),(408,'submission','cd88d7a2-e21f-46df-b822-4db16716e15f',1630,2,'https://lubricantesralyxxton.com/','','811448e','New Form',0,0,'66.115.149.29','Mozilla/5.0 (Windows NT 10.0; Win64; x64; rv:114.0) Gecko/20100101 Firefox/114.0',1,1,'new',0,'{\"edit_post_id\":\"2\"}','2024-08-07 17:33:24','2024-08-07 17:33:24','2024-08-07 12:33:24','2024-08-07 12:33:24'),(409,'submission','a6f5b2e5-1148-4d70-8871-7f28fdf9fb57',1634,2,'','','811448e','New Form',0,0,'196.196.53.62','Mozilla/5.0 (Windows NT 10.0) AppleWebKit/537.36 (KHTML, like Gecko) Chrome/103.0.0.0 Safari/537.36',1,1,'new',0,'{\"edit_post_id\":\"2\"}','2024-08-08 04:17:31','2024-08-08 04:17:31','2024-08-07 23:17:31','2024-08-07 23:17:31'),(410,'submission','c7a8de83-4fd2-45cc-8f51-25a14935e2fd',1638,2,'','','811448e','New Form',0,0,'194.32.122.64','Mozilla/5.0 (Windows NT 10.0; Win64; x64) AppleWebKit/537.36 (KHTML, like Gecko) Chrome/103.0.5060.66 Safari/537.36',1,1,'new',0,'{\"edit_post_id\":\"2\"}','2024-08-08 12:11:59','2024-08-08 12:11:59','2024-08-08 07:11:59','2024-08-08 07:11:59'),(411,'submission','d10cd107-fc65-46bc-8bc2-60284ba55925',1642,2,'','','811448e','New Form',0,0,'62.122.184.194','Mozilla/5.0 (Windows NT 10.0; Win64; x64) AppleWebKit/537.36 (KHTML, like Gecko) Chrome/120.0.6099.71 Safari/537.36',1,1,'new',0,'{\"edit_post_id\":\"2\"}','2024-08-11 10:18:25','2024-08-11 10:18:25','2024-08-11 05:18:25','2024-08-11 05:18:25'),(412,'submission','d080011a-2bdd-4349-88c7-365f80a18231',1646,2,'','','811448e','New Form',0,0,'196.196.53.6','Mozilla/5.0 (Windows NT 6.1) AppleWebKit/537.36 (KHTML, like Gecko) Chrome/103.0.5060.114 Safari/537.36',1,1,'new',0,'{\"edit_post_id\":\"2\"}','2024-08-11 13:37:16','2024-08-11 13:37:16','2024-08-11 08:37:16','2024-08-11 08:37:16'),(413,'submission','592ebb07-24f9-4ef7-802d-ea347b659a48',1650,2,'','','811448e','New Form',0,0,'185.117.29.210','Mozilla/5.0 (Windows NT 10.0.0; Win64; x64; ) AppleWebKit/537.36 (KHTML, like Gecko) Chrome/124.0.6367.61 Chrome/124.0.6367.61 Not-A.Brand/99  Safari/537.36',1,1,'new',0,'{\"edit_post_id\":\"2\"}','2024-08-11 18:57:38','2024-08-11 18:57:38','2024-08-11 13:57:38','2024-08-11 13:57:38'),(414,'submission','c3c58d8b-41e1-4d99-b2fb-d42291ff7571',1654,2,'','','811448e','New Form',0,0,'138.199.36.241','Mozilla/5.0 (Windows NT 10.0.0; Win64; x64; ) AppleWebKit/537.36 (KHTML, like Gecko) Chrome/124.0.6367.78 Chrome/124.0.6367.78 Not-A.Brand/99  Safari/537.36',1,1,'new',0,'{\"edit_post_id\":\"2\"}','2024-08-12 18:47:24','2024-08-12 18:47:24','2024-08-12 13:47:24','2024-08-12 13:47:24'),(415,'submission','3fce5e13-298a-47ac-bb2a-82d0168f1b8b',1658,2,'','','811448e','New Form',0,0,'165.231.182.10','Mozilla/5.0 (Windows NT 6.3; Win64; x64) AppleWebKit/537.36 (KHTML, like Gecko) Chrome/103.0.5060.114 Safari/537.36',1,1,'new',0,'{\"edit_post_id\":\"2\"}','2024-08-14 11:47:04','2024-08-14 11:47:04','2024-08-14 06:47:04','2024-08-14 06:47:04'),(416,'submission','9a42c5c3-2bf6-486f-8397-d4981df67527',1662,2,'','','811448e','New Form',0,0,'176.111.174.153','Mozilla/5.0 (Windows NT 10.0; Win64; x64) AppleWebKit/537.36 (KHTML, like Gecko) Chrome/121.0.0.0 Safari/537.36',1,1,'new',0,'{\"edit_post_id\":\"2\"}','2024-08-15 07:47:12','2024-08-15 07:47:12','2024-08-15 02:47:12','2024-08-15 02:47:12'),(417,'submission','c51f57f0-9cdf-44bd-82dd-c15d3737a5b2',1666,2,'','','811448e','New Form',0,0,'94.103.83.241','Mozilla/5.0 (Windows NT 15.0.0; Win64; x64; ) AppleWebKit/537.36 (KHTML, like Gecko) Chrome/124.0.6367.60 Chrome/124.0.6367.60 Not-A.Brand/99  Safari/537.36',1,1,'new',0,'{\"edit_post_id\":\"2\"}','2024-08-15 11:09:05','2024-08-15 11:09:05','2024-08-15 06:09:05','2024-08-15 06:09:05'),(418,'submission','af9166aa-0305-483a-a15e-c4dc28e5f0e9',1670,2,'','','811448e','New Form',0,0,'196.196.53.134','Mozilla/5.0 (Windows NT 6.1) AppleWebKit/537.36 (KHTML, like Gecko) Chrome/103.0.0.0 Safari/537.36',1,1,'new',0,'{\"edit_post_id\":\"2\"}','2024-08-15 12:46:07','2024-08-15 12:46:07','2024-08-15 07:46:07','2024-08-15 07:46:07'),(419,'submission','79677c77-ce00-4ad2-883e-0474307633d5',1674,2,'','','811448e','New Form',0,0,'85.209.11.117','Mozilla/5.0 (Windows NT 10.0; Win64; x64) AppleWebKit/537.36 (KHTML, like Gecko) Chrome/120.0.6099.71 Safari/537.36',1,1,'new',0,'{\"edit_post_id\":\"2\"}','2024-08-16 23:45:17','2024-08-16 23:45:17','2024-08-16 18:45:17','2024-08-16 18:45:17'),(420,'submission','5c619f36-b2ce-4708-bed1-e355eb35be30',1678,2,'','','811448e','New Form',0,0,'37.19.223.122','Mozilla/5.0 (Windows NT 10.0.0; Win64; x64; ) AppleWebKit/537.36 (KHTML, like Gecko) Chrome/124.0.6367.119 Chrome/124.0.6367.119 Not-A.Brand/99  Safari/537.36',1,1,'new',0,'{\"edit_post_id\":\"2\"}','2024-08-19 09:21:03','2024-08-19 09:21:03','2024-08-19 04:21:03','2024-08-19 04:21:03'),(421,'submission','f329dd23-4be4-407a-a6c7-16f4350f7896',1682,2,'https://lubricantesralyxxton.com/','','811448e','New Form',0,0,'23.81.204.25','Mozilla/5.0 (X11; Ubuntu; Linux i686; rv:114.0) Gecko/20100101 Firefox/114.0',1,1,'new',0,'{\"edit_post_id\":\"2\"}','2024-08-20 02:54:32','2024-08-20 02:54:32','2024-08-19 21:54:32','2024-08-19 21:54:32'),(422,'submission','7a0860dc-8e11-467c-8143-da23ecc3a7ea',1686,2,'','','811448e','New Form',0,0,'37.99.26.16','Mozilla/5.0 (Windows NT 10.0; Win64; x64) AppleWebKit/537.36 (KHTML, like Gecko) Chrome/103.0.0.0 Safari/537.36 OpenWave/97.4.2043.44',1,1,'new',0,'{\"edit_post_id\":\"2\"}','2024-08-20 06:52:57','2024-08-20 06:52:57','2024-08-20 01:52:57','2024-08-20 01:52:57'),(423,'submission','01807346-6c42-41d2-ae5c-892084fc2589',1690,2,'','','811448e','New Form',0,0,'62.122.184.194','Mozilla/5.0 (Windows NT 10.0; Win64; x64) AppleWebKit/537.36 (KHTML, like Gecko) Chrome/122.0.0.0 Safari/537.36',1,1,'new',0,'{\"edit_post_id\":\"2\"}','2024-08-20 15:09:34','2024-08-20 15:09:34','2024-08-20 10:09:34','2024-08-20 10:09:34'),(424,'submission','4f560dc6-e406-487e-9b24-5573768f7928',1694,2,'','','811448e','New Form',0,0,'37.99.26.39','Mozilla/5.0 (Windows NT 6.2; Win64; x64) AppleWebKit/537.36 (KHTML, like Gecko) Chrome/103.0.0.0 Safari/537.36',1,1,'new',0,'{\"edit_post_id\":\"2\"}','2024-08-21 21:54:02','2024-08-21 21:54:02','2024-08-21 16:54:02','2024-08-21 16:54:02'),(425,'submission','ddb5df83-53dc-402a-91af-ecce7cefb199',1698,2,'','','811448e','New Form',0,0,'196.196.53.142','Mozilla/5.0 (Windows NT 10.0; Win64; x64) AppleWebKit/537.36 (KHTML, like Gecko) Chrome/103.0.5060.53 Safari/537.36',1,1,'new',0,'{\"edit_post_id\":\"2\"}','2024-08-22 08:09:49','2024-08-22 08:09:49','2024-08-22 03:09:49','2024-08-22 03:09:49'),(426,'submission','5a19832e-1726-4d45-8cb8-acec2bb5083c',1702,2,'','','811448e','New Form',0,0,'194.32.122.31','Mozilla/5.0 (Windows NT 6.1) AppleWebKit/537.36 (KHTML, like Gecko) Chrome/103.0.0.0 Safari/537.36',1,1,'new',0,'{\"edit_post_id\":\"2\"}','2024-08-23 16:12:26','2024-08-23 16:12:26','2024-08-23 11:12:26','2024-08-23 11:12:26'),(427,'submission','633d5749-cbce-43c2-83b7-ff8dbce95c7a',1706,2,'','','811448e','New Form',0,0,'84.17.60.59','Mozilla/5.0 (Windows NT 10.0.0; Win64; x64; ) AppleWebKit/537.36 (KHTML, like Gecko) Chrome/124.0.6367.62 Chrome/124.0.6367.62 Not-A.Brand/99  Safari/537.36',1,1,'new',0,'{\"edit_post_id\":\"2\"}','2024-08-24 12:13:40','2024-08-24 12:13:40','2024-08-24 07:13:40','2024-08-24 07:13:40'),(428,'submission','5e19bd40-4f48-410a-af4f-40966f2dc9be',1710,2,'','','811448e','New Form',0,0,'84.17.49.9','Mozilla/5.0 (Windows NT 10.0.0; Win64; x64; ) AppleWebKit/537.36 (KHTML, like Gecko) Chrome/124.0.6367.60 Chrome/124.0.6367.60 Not-A.Brand/99  Safari/537.36',1,1,'new',0,'{\"edit_post_id\":\"2\"}','2024-08-24 19:31:43','2024-08-24 19:31:43','2024-08-24 14:31:43','2024-08-24 14:31:43'),(429,'submission','ec3ad00b-29b6-4dbd-b4fa-0b9e2f6bd3de',1714,2,'','','811448e','New Form',0,0,'37.99.48.31','Mozilla/5.0 (Windows NT 10.0; Win64; x64) AppleWebKit/537.36 (KHTML, like Gecko) Chrome/103.0.5042.0 Safari/537.36',1,1,'new',0,'{\"edit_post_id\":\"2\"}','2024-08-24 19:46:31','2024-08-24 19:46:31','2024-08-24 14:46:31','2024-08-24 14:46:31'),(430,'submission','350b141c-74ed-4888-9ba2-693838c6a9dc',1718,2,'','','811448e','New Form',0,0,'83.97.73.239','Mozilla/5.0 (Windows NT 6.1; Win64; x64) AppleWebKit/537.36 (KHTML, like Gecko) Chrome/114.0.5735.289 Safari/537.36',1,1,'new',0,'{\"edit_post_id\":\"2\"}','2024-08-25 06:15:15','2024-08-25 06:15:15','2024-08-25 01:15:15','2024-08-25 01:15:15'),(431,'submission','28948830-d823-4d42-a758-cd95db278c11',1722,2,'','','811448e','New Form',0,0,'37.99.64.24','Mozilla/5.0 (Windows NT 6.1; WOW64) AppleWebKit/537.36 (KHTML, like Gecko) Chrome/103.0.0.0 Safari/537.36',1,1,'new',0,'{\"edit_post_id\":\"2\"}','2024-08-27 21:23:17','2024-08-27 21:23:17','2024-08-27 16:23:17','2024-08-27 16:23:17'),(432,'submission','d224d1c2-2c2c-4d2b-9b71-1c7200751398',1726,2,'','','811448e','New Form',0,0,'37.19.223.104','Mozilla/5.0 (Windows NT 10.0.0; Win64; x64; ) AppleWebKit/537.36 (KHTML, like Gecko) Chrome/124.0.6367.60 Chrome/124.0.6367.60 Not-A.Brand/99  Safari/537.36',1,1,'new',0,'{\"edit_post_id\":\"2\"}','2024-08-28 23:10:55','2024-08-28 23:10:55','2024-08-28 18:10:55','2024-08-28 18:10:55'),(433,'submission','8a37e99b-89a7-4d11-91d7-72aa94c61f2b',1730,2,'','','811448e','New Form',0,0,'85.209.11.117','Mozilla/5.0 (Windows NT 10.0; Win64; x64) AppleWebKit/537.36 (KHTML, like Gecko) Chrome/120.0.0.0 Safari/537.36',1,1,'new',0,'{\"edit_post_id\":\"2\"}','2024-08-29 04:47:13','2024-08-29 04:47:13','2024-08-28 23:47:13','2024-08-28 23:47:13'),(434,'submission','b4545c88-e053-4a84-bc78-0468bf8508ea',1734,2,'','','811448e','New Form',0,0,'196.196.53.133','Mozilla/5.0 (Windows NT 10.0) AppleWebKit/537.36 (KHTML, like Gecko) Chrome/103.0.0.0 Safari/537.36',1,1,'new',0,'{\"edit_post_id\":\"2\"}','2024-08-29 18:34:01','2024-08-29 18:34:01','2024-08-29 13:34:01','2024-08-29 13:34:01'),(435,'submission','fd07fb38-a024-4062-9bb1-c9b45d142245',1738,2,'','','811448e','New Form',0,0,'37.99.39.65','Mozilla/5.0 (Windows NT 6.2; Win64; x64) AppleWebKit/537.36 (KHTML, like Gecko) Chrome/103.0.0.0 Safari/537.36',1,1,'new',0,'{\"edit_post_id\":\"2\"}','2024-08-29 22:45:58','2024-08-29 22:45:58','2024-08-29 17:45:58','2024-08-29 17:45:58'),(436,'submission','9318b09a-f1e6-42b8-b070-7ba3037eac32',1742,2,'','','811448e','New Form',0,0,'181.214.173.81','Mozilla/5.0 (Windows NT 10.0; Win64; x64) AppleWebKit/537.36 (KHTML, like Gecko) Chrome/125.0.0.0 Safari/537.36',1,1,'new',0,'{\"edit_post_id\":\"2\"}','2024-08-31 06:45:16','2024-08-31 06:45:16','2024-08-31 01:45:16','2024-08-31 01:45:16'),(437,'submission','568119e1-334f-40e9-a62a-34921a9c527f',1746,2,'https://lubricantesralyxxton.com/','','811448e','New Form',0,0,'199.187.211.179','Mozilla/5.0 (Windows NT 10.0; Win64; x64) AppleWebKit/537.36 (KHTML, like Gecko) Chrome/114.0.0.0 Safari/537.36 Edg/114.0.1264.71',1,1,'new',0,'{\"edit_post_id\":\"2\"}','2024-08-31 13:05:57','2024-08-31 13:05:57','2024-08-31 08:05:57','2024-08-31 08:05:57'),(438,'submission','507789c3-9e7a-4841-9071-cf234791ab58',1750,2,'','','811448e','New Form',0,0,'84.17.48.68','Mozilla/5.0 (Windows NT 10.0; Win64; x64) AppleWebKit/537.36 (KHTML, like Gecko) Chrome/125.0.0.0 Safari/537.36',1,1,'new',0,'{\"edit_post_id\":\"2\"}','2024-09-02 07:41:16','2024-09-02 07:41:16','2024-09-02 02:41:16','2024-09-02 02:41:16'),(439,'submission','955cfb29-d8b0-4866-a9d1-1510bb1fe2bd',1754,2,'','','811448e','New Form',0,0,'37.99.2.96','Mozilla/5.0 (Windows NT 6.1) AppleWebKit/537.36 (KHTML, like Gecko) Chrome/103.0.0.0 Safari/537.36',1,1,'new',0,'{\"edit_post_id\":\"2\"}','2024-09-03 19:04:56','2024-09-03 19:04:56','2024-09-03 14:04:56','2024-09-03 14:04:56'),(440,'submission','474427c3-8e91-4a5b-b5c0-33155e7b8370',1758,2,'','','811448e','New Form',0,0,'62.122.184.194','Mozilla/5.0 (Windows NT 10.0; Win64; x64) AppleWebKit/537.36 (KHTML, like Gecko) Chrome/120.0.0.0 Iron Safari/537.36',1,1,'new',0,'{\"edit_post_id\":\"2\"}','2024-09-04 03:35:59','2024-09-04 03:35:59','2024-09-03 22:35:59','2024-09-03 22:35:59'),(441,'submission','36b67df1-a92e-42b7-89cc-96a5bfbc5d7d',1762,2,'','','811448e','New Form',0,0,'185.190.42.200','Mozilla/5.0 (Windows NT 10.0.0; Win64; x64; ) AppleWebKit/537.36 (KHTML, like Gecko) Chrome/124.0.6367.61 Chrome/124.0.6367.61 Not-A.Brand/99  Safari/537.36',1,1,'new',0,'{\"edit_post_id\":\"2\"}','2024-09-04 07:35:09','2024-09-04 07:35:09','2024-09-04 02:35:09','2024-09-04 02:35:09'),(442,'submission','923b59d5-75b9-4745-b529-85bde2da21a6',1766,2,'','','811448e','New Form',0,0,'83.97.73.239','Mozilla/5.0 (Windows NT 10.0; Win64; x64) AppleWebKit/537.36 (KHTML, like Gecko) Chrome/113.0.0.0 Safari/537.36',1,1,'new',0,'{\"edit_post_id\":\"2\"}','2024-09-04 14:07:12','2024-09-04 14:07:12','2024-09-04 09:07:12','2024-09-04 09:07:12'),(443,'submission','e95f04af-b5db-4856-865e-f26dcda82fcc',1770,2,'','','811448e','New Form',0,0,'37.99.47.96','Mozilla/5.0 (Windows NT 6.3; Win64; x64) AppleWebKit/537.36 (KHTML, like Gecko) Chrome/103.0.5060.66 Safari/537.36',1,1,'new',0,'{\"edit_post_id\":\"2\"}','2024-09-07 05:26:10','2024-09-07 05:26:10','2024-09-07 00:26:10','2024-09-07 00:26:10'),(444,'submission','3b67bdf1-596d-47a6-8c68-956ed550e834',1774,2,'','','811448e','New Form',0,0,'92.255.85.164','Mozilla/5.0 (Windows NT 10.0.0; Win64; x64; ) AppleWebKit/537.36 (KHTML, like Gecko) Chrome/124.0.6367.63 Chrome/124.0.6367.63 Not-A.Brand/99  Safari/537.36',1,1,'new',0,'{\"edit_post_id\":\"2\"}','2024-09-07 10:55:15','2024-09-07 10:55:15','2024-09-07 05:55:15','2024-09-07 05:55:15'),(445,'submission','81803036-80cd-483d-9e5b-40d0301a1855',1778,2,'','','811448e','New Form',0,0,'37.99.3.48','Mozilla/5.0 (Windows NT 6.3; Win64; x64) AppleWebKit/537.36 (KHTML, like Gecko) Chrome/103.0.0.0 Safari/537.36',1,1,'new',0,'{\"edit_post_id\":\"2\"}','2024-09-08 01:48:11','2024-09-08 01:48:11','2024-09-07 20:48:11','2024-09-07 20:48:11'),(446,'submission','59eda6ee-3210-43fd-9e8b-653f1dd35fdc',1782,2,'','','811448e','New Form',0,0,'37.99.44.77','Mozilla/5.0 (Windows NT 6.3; Win64; x64) AppleWebKit/537.36 (KHTML, like Gecko) Chrome/103.0.5060.53 Safari/537.36',1,1,'new',0,'{\"edit_post_id\":\"2\"}','2024-09-11 08:06:14','2024-09-11 08:06:14','2024-09-11 03:06:14','2024-09-11 03:06:14'),(447,'submission','1f84fbee-dac7-410a-a4ee-daedaba07a53',1786,2,'','','811448e','New Form',0,0,'176.111.174.153','Mozilla/5.0 (Windows NT 10.0; Win64; x64) AppleWebKit/537.36 (KHTML, like Gecko) Chrome/114.0.5735.289 Safari/537.36',1,1,'new',0,'{\"edit_post_id\":\"2\"}','2024-09-12 02:27:25','2024-09-12 02:27:25','2024-09-11 21:27:25','2024-09-11 21:27:25'),(448,'submission','2b97fee8-6d88-4c94-a372-e77cd93ee4db',1790,2,'','','811448e','New Form',0,0,'85.209.11.117','Mozilla/5.0 (Windows NT 10.0; Win64; x64) AppleWebKit/537.36 (KHTML, like Gecko) Chrome/116.0.0.0 Safari/537.36',1,1,'new',0,'{\"edit_post_id\":\"2\"}','2024-09-12 04:26:49','2024-09-12 04:26:49','2024-09-11 23:26:49','2024-09-11 23:26:49'),(449,'submission','113a0ba7-dec5-432c-a9e1-be1e30d56122',1794,2,'','','811448e','New Form',0,0,'185.190.42.200','Mozilla/5.0 (Windows NT 10.0.0; Win64; x64; ) AppleWebKit/537.36 (KHTML, like Gecko) Chrome/124.0.6367.63 Chrome/124.0.6367.63 Not-A.Brand/99  Safari/537.36',1,1,'new',0,'{\"edit_post_id\":\"2\"}','2024-09-12 13:32:48','2024-09-12 13:32:48','2024-09-12 08:32:48','2024-09-12 08:32:48'),(450,'submission','208401d2-f91a-424d-af0b-b26c88b9844d',1798,2,'https://lubricantesralyxxton.com/','','811448e','New Form',0,0,'212.102.33.199','Mozilla/5.0 (X11; Linux i686) AppleWebKit/537.36 (KHTML, like Gecko) Chrome/114.0.0.0 Safari/537.36 Vivaldi/5.3.2679.68',1,1,'new',0,'{\"edit_post_id\":\"2\"}','2024-09-12 18:23:45','2024-09-12 18:23:45','2024-09-12 13:23:45','2024-09-12 13:23:45'),(451,'submission','b439986c-69c6-429c-b7c9-da5fcb95969a',1802,2,'','','811448e','New Form',0,0,'84.17.60.75','Mozilla/5.0 (Windows NT 10.0.0; Win64; x64; ) AppleWebKit/537.36 (KHTML, like Gecko) Chrome/124.0.6367.62 Chrome/124.0.6367.62 Not-A.Brand/99  Safari/537.36',1,1,'new',0,'{\"edit_post_id\":\"2\"}','2024-09-13 14:05:25','2024-09-13 14:05:25','2024-09-13 09:05:25','2024-09-13 09:05:25'),(452,'submission','5e96876d-d532-4478-973b-e45421be905d',1806,2,'','','811448e','New Form',0,0,'37.99.44.90','Mozilla/5.0 (Windows NT 6.1; WOW64) AppleWebKit/537.36 (KHTML, like Gecko) Chrome/103.0.0.0 Safari/537.36',1,1,'new',0,'{\"edit_post_id\":\"2\"}','2024-09-15 03:21:45','2024-09-15 03:21:45','2024-09-14 22:21:45','2024-09-14 22:21:45'),(453,'submission','5b630d11-c5d2-4eaa-bcab-c448f8b916c2',1810,2,'','','811448e','New Form',0,0,'92.255.85.164','Mozilla/5.0 (Windows NT 10.0.0; Win64; x64; ) AppleWebKit/537.36 (KHTML, like Gecko) Chrome/124.0.6367.91 Chrome/124.0.6367.91 Not-A.Brand/99  Safari/537.36',1,1,'new',0,'{\"edit_post_id\":\"2\"}','2024-09-15 13:47:33','2024-09-15 13:47:33','2024-09-15 08:47:33','2024-09-15 08:47:33'),(454,'submission','7e6e70d1-b5dd-4347-98f1-763c485daf47',1814,2,'','','811448e','New Form',0,0,'37.99.49.25','Mozilla/5.0 (Windows NT 6.3; Win64; x64) AppleWebKit/537.36 (KHTML, like Gecko) Chrome/103.0.5060.53 Safari/537.36',1,1,'new',0,'{\"edit_post_id\":\"2\"}','2024-09-17 09:53:07','2024-09-17 09:53:07','2024-09-17 04:53:07','2024-09-17 04:53:07'),(455,'submission','48d25a88-6f01-40e3-b476-77770439d8bc',1818,2,'','','811448e','New Form',0,0,'37.19.223.117','Mozilla/5.0 (Windows NT 10.0.0; Win64; x64; ) AppleWebKit/537.36 (KHTML, like Gecko) Chrome/124.0.6367.93 Chrome/124.0.6367.93 Not-A.Brand/99  Safari/537.36',1,1,'new',0,'{\"edit_post_id\":\"2\"}','2024-09-17 23:13:06','2024-09-17 23:13:06','2024-09-17 18:13:06','2024-09-17 18:13:06'),(456,'submission','6157b87a-149c-4ba0-973a-436e42ec3965',1822,2,'','','811448e','New Form',0,0,'62.122.184.194','Mozilla/5.0 (Windows NT 10.0; Win64; x64) AppleWebKit/537.36 (KHTML, like Gecko) Chrome/120.0.0.0 Safari/537.36',1,1,'new',0,'{\"edit_post_id\":\"2\"}','2024-09-18 01:49:45','2024-09-18 01:49:45','2024-09-17 20:49:45','2024-09-17 20:49:45'),(457,'submission','47c1644c-6e45-40f8-9d71-7287a08d63cc',1826,2,'','','811448e','New Form',0,0,'37.99.96.247','Mozilla/5.0 (Windows NT 6.3; Win64; x64) AppleWebKit/537.36 (KHTML, like Gecko) Chrome/103.0.5060.53 Safari/537.36',1,1,'new',0,'{\"edit_post_id\":\"2\"}','2024-09-18 18:37:32','2024-09-18 18:37:32','2024-09-18 13:37:32','2024-09-18 13:37:32'),(458,'submission','2a6ebc9a-4e14-4903-a200-c397e9f92269',1830,2,'','','811448e','New Form',0,0,'84.17.60.75','Mozilla/5.0 (Windows NT 10.0.0; Win64; x64; ) AppleWebKit/537.36 (KHTML, like Gecko) Chrome/124.0.6367.93 Chrome/124.0.6367.93 Not-A.Brand/99  Safari/537.36',1,1,'new',0,'{\"edit_post_id\":\"2\"}','2024-09-19 08:43:26','2024-09-19 08:43:26','2024-09-19 03:43:26','2024-09-19 03:43:26'),(459,'submission','f731cca6-f1eb-4554-8eda-ac041a4d347c',1834,2,'','','811448e','New Form',0,0,'84.17.47.104','Mozilla/5.0 (Windows NT 10.0; Win64; x64) AppleWebKit/537.36 (KHTML, like Gecko) Chrome/117.0.5938.132 Safari/537.36',1,1,'new',0,'{\"edit_post_id\":\"2\"}','2024-09-20 21:09:35','2024-09-20 21:09:35','2024-09-20 16:09:35','2024-09-20 16:09:35'),(460,'submission','324fa71e-ba5f-48f0-9183-1ee2be2b4989',1838,2,'','','811448e','New Form',0,0,'37.99.33.193','Mozilla/5.0 (Windows NT 6.3) AppleWebKit/537.36 (KHTML, like Gecko) Chrome/103.0.0.0 Safari/537.36',1,1,'new',0,'{\"edit_post_id\":\"2\"}','2024-09-21 03:40:36','2024-09-21 03:40:37','2024-09-20 22:40:36','2024-09-20 22:40:37'),(461,'submission','37070555-bce1-4173-ad04-52f0996a262b',1842,2,'','','811448e','New Form',0,0,'89.110.72.212','Mozilla/5.0 (Windows NT 10.0; Win64; x64) AppleWebKit/537.36 (KHTML, like Gecko) Chrome/121.0.0.0 Safari/537.36',1,1,'new',0,'{\"edit_post_id\":\"2\"}','2024-09-21 08:29:35','2024-09-21 08:29:35','2024-09-21 03:29:35','2024-09-21 03:29:35'),(462,'submission','4d6b6f43-39a3-4d4b-acb4-478897e75aa8',1846,2,'','','811448e','New Form',0,0,'84.17.49.11','Mozilla/5.0 (Windows NT 10.0.0; Win64; x64; ) AppleWebKit/537.36 (KHTML, like Gecko) Chrome/124.0.6367.60 Chrome/124.0.6367.60 Not-A.Brand/99  Safari/537.36',1,1,'new',0,'{\"edit_post_id\":\"2\"}','2024-09-21 14:41:29','2024-09-21 14:41:29','2024-09-21 09:41:29','2024-09-21 09:41:29'),(463,'submission','a8e95f97-8013-4731-8b88-dbec3b3954f1',1850,2,'','','811448e','New Form',0,0,'85.209.11.117','Mozilla/5.0 (Windows NT 6.3; Win64; x64) AppleWebKit/537.36 (KHTML, like Gecko) Chrome/113.0.0.0 Safari/537.36',1,1,'new',0,'{\"edit_post_id\":\"2\"}','2024-09-22 00:19:32','2024-09-22 00:19:32','2024-09-21 19:19:32','2024-09-21 19:19:32'),(464,'submission','7154947b-aa58-497d-b71b-16b3b22d2186',1854,2,'','','811448e','New Form',0,0,'152.89.198.68','Mozilla/5.0 (Windows NT 10.0; Win64; x64) AppleWebKit/537.36 (KHTML, like Gecko) Chrome/124.0.6367.92 Safari/537.36',1,1,'new',0,'{\"edit_post_id\":\"2\"}','2024-09-23 22:10:14','2024-09-23 22:10:14','2024-09-23 17:10:14','2024-09-23 17:10:14'),(465,'submission','cead46b1-fb21-4bdc-bff1-105d851e47ac',1858,2,'','','811448e','New Form',0,0,'92.255.85.164','Mozilla/5.0 (Windows NT 10.0; Win64; x64) AppleWebKit/537.36 (KHTML, like Gecko) Chrome/124.0.0.0 Safari/537.36',1,1,'new',0,'{\"edit_post_id\":\"2\"}','2024-09-24 00:10:28','2024-09-24 00:10:28','2024-09-23 19:10:28','2024-09-23 19:10:28'),(466,'submission','c6d639bc-465f-472b-a49c-cdc27fd90972',1862,2,'','','811448e','New Form',0,0,'37.99.41.29','Mozilla/5.0 (Windows NT 6.1; WOW64) AppleWebKit/537.36 (KHTML, like Gecko) Chrome/103.0.0.0 Safari/537.36',1,1,'new',0,'{\"edit_post_id\":\"2\"}','2024-09-24 12:17:22','2024-09-24 12:17:22','2024-09-24 07:17:22','2024-09-24 07:17:22'),(467,'submission','98ad7803-9ca0-4585-827c-f6333963c8a7',1866,2,'','','811448e','New Form',0,0,'37.19.223.117','Mozilla/5.0 (Windows NT 15.0.0; Win64; x64; ) AppleWebKit/537.36 (KHTML, like Gecko) Chrome/124.0.6367.119 Chrome/124.0.6367.119 Not-A.Brand/99  Safari/537.36',1,1,'new',0,'{\"edit_post_id\":\"2\"}','2024-09-24 14:30:00','2024-09-24 14:30:00','2024-09-24 09:30:00','2024-09-24 09:30:00'),(468,'submission','b0ecfa41-7083-499b-b308-6f901fa56fcc',1870,2,'','','811448e','New Form',0,0,'152.89.198.68','Mozilla/5.0 (Windows NT 15.0.0; Win64; x64; ) AppleWebKit/537.36 (KHTML, like Gecko) Chrome/124.0.6367.60 Chrome/124.0.6367.60 Not-A.Brand/99  Safari/537.36',1,1,'new',0,'{\"edit_post_id\":\"2\"}','2024-09-25 00:37:01','2024-09-25 00:37:01','2024-09-24 19:37:01','2024-09-24 19:37:01'),(469,'submission','a7cd511f-8af8-4e43-9a62-917f3f676287',1874,2,'','','811448e','New Form',0,0,'37.99.32.54','Mozilla/5.0 (Windows NT 10.0; Win64; x64) AppleWebKit/537.36 (KHTML, like Gecko) Chrome/103.0.5060.66 Safari/537.36',1,1,'new',0,'{\"edit_post_id\":\"2\"}','2024-09-25 21:23:25','2024-09-25 21:23:25','2024-09-25 16:23:25','2024-09-25 16:23:25'),(470,'submission','f07b75fa-e356-4ec3-9cb4-334e5fe63d84',1878,2,'','','811448e','New Form',0,0,'37.99.32.54','Mozilla/5.0 (Windows NT 10.0; WOW64) AppleWebKit/537.36 (KHTML, like Gecko) Chrome/103.0.0.0 Safari/537.36',1,1,'new',0,'{\"edit_post_id\":\"2\"}','2024-09-25 21:41:59','2024-09-25 21:41:59','2024-09-25 16:41:59','2024-09-25 16:41:59'),(471,'submission','2b85ca1b-978b-4b9b-9845-ded6ba6b3f55',1882,2,'https://lubricantesralyxxton.com/','','811448e','New Form',0,0,'198.203.28.229','Mozilla/5.0 (Windows NT 10.0; Win64; x64) AppleWebKit/537.36 (KHTML, like Gecko) Chrome/114.0.0.0 Safari/537.36',1,1,'new',0,'{\"edit_post_id\":\"2\"}','2024-09-28 07:45:38','2024-09-28 07:45:38','2024-09-28 02:45:38','2024-09-28 02:45:38'),(472,'submission','bea6c807-5872-48e2-800e-0427141ff3fb',1886,2,'','','811448e','New Form',0,0,'37.99.17.181','Mozilla/5.0 (Windows NT 10.0; WOW64) AppleWebKit/537.36 (KHTML, like Gecko) Chrome/103.0.0.0 Safari/537.36',1,1,'new',0,'{\"edit_post_id\":\"2\"}','2024-09-28 18:54:55','2024-09-28 18:54:55','2024-09-28 13:54:55','2024-09-28 13:54:55'),(473,'submission','4d7ef12b-caa5-4483-80a4-ae559e3051bd',1890,2,'','','811448e','New Form',0,0,'87.249.132.6','Mozilla/5.0 (Windows NT 10.0; Win64; x64) AppleWebKit/537.36 (KHTML, like Gecko) Chrome/125.0.0.0 Safari/537.36',1,1,'new',0,'{\"edit_post_id\":\"2\"}','2024-10-01 01:07:54','2024-10-01 01:07:54','2024-09-30 20:07:54','2024-09-30 20:07:54'),(474,'submission','4e7ae4e4-618e-474a-b7a9-d4f92c8d7022',1894,2,'','','811448e','New Form',0,0,'37.99.96.170','Mozilla/5.0 (Windows NT 10.0; Win64; x64) AppleWebKit/537.36 (KHTML, like Gecko) Chrome/103.0.5060.66 Safari/537.36',1,1,'new',0,'{\"edit_post_id\":\"2\"}','2024-10-01 08:55:46','2024-10-01 08:55:46','2024-10-01 03:55:46','2024-10-01 03:55:46'),(475,'submission','19cbd3f0-0ff3-4730-8967-899f067a556c',1898,2,'','','811448e','New Form',0,0,'92.255.85.164','Mozilla/5.0 (Windows NT 10.0; Win64; x64; ) AppleWebKit/537.36 (KHTML, like Gecko) Chrome/124.0.6367.61 Chrome/124.0.6367.61 Not-A.Brand/99  Safari/537.36',1,1,'new',0,'{\"edit_post_id\":\"2\"}','2024-10-02 03:33:43','2024-10-02 03:33:43','2024-10-01 22:33:43','2024-10-01 22:33:43'),(476,'submission','a6e5cac7-9278-4741-b975-49cd26cf6186',1902,2,'','','811448e','New Form',0,0,'176.111.174.153','Mozilla/5.0 (Windows NT 10.0.0; Win64; x64; ) AppleWebKit/537.36 (KHTML, like Gecko) Chrome/124.0.6367.93 Chrome/124.0.6367.93 Not-A.Brand/99  Safari/537.36',1,1,'new',0,'{\"edit_post_id\":\"2\"}','2024-10-03 23:55:11','2024-10-03 23:55:11','2024-10-03 18:55:11','2024-10-03 18:55:11'),(477,'submission','29dce046-a944-4eb0-89e4-6c0b69a1ff38',1906,2,'','','811448e','New Form',0,0,'37.99.17.2','Mozilla/5.0 (Windows NT 6.3; Win64; x64) AppleWebKit/537.36 (KHTML, like Gecko) Chrome/103.0.0.0 Safari/537.36',1,1,'new',0,'{\"edit_post_id\":\"2\"}','2024-10-04 06:58:32','2024-10-04 06:58:32','2024-10-04 01:58:32','2024-10-04 01:58:32'),(478,'submission','272a8e35-6cad-4fb5-8f4c-15f4e60a8fea',1910,2,'','','811448e','New Form',0,0,'212.111.80.107','Mozilla/5.0 (Windows NT 10.0; Win64; x64) AppleWebKit/537.36 (KHTML, like Gecko) Chrome/124.0.0.0 Safari/537.36',1,1,'new',0,'{\"edit_post_id\":\"2\"}','2024-10-05 06:11:44','2024-10-05 06:11:44','2024-10-05 01:11:44','2024-10-05 01:11:44'),(479,'submission','ac1d8e08-b0c0-4e3e-92ff-52878a95ebf8',1914,2,'','','811448e','New Form',0,0,'37.99.44.238','Mozilla/5.0 (Windows NT 10.0) AppleWebKit/537.36 (KHTML, like Gecko) Chrome/103.0.0.0 Safari/537.36',1,1,'new',0,'{\"edit_post_id\":\"2\"}','2024-10-06 00:35:50','2024-10-06 00:35:50','2024-10-05 19:35:50','2024-10-05 19:35:50'),(480,'submission','7c352bd2-2507-4ca8-b3d7-6293a785e6e5',1918,2,'','','811448e','New Form',0,0,'37.99.40.163','Mozilla/5.0 (Windows NT 6.1; WOW64) AppleWebKit/537.36 (KHTML, like Gecko) Chrome/103.0.0.0 Safari/537.36',1,1,'new',0,'{\"edit_post_id\":\"2\"}','2024-10-07 05:13:18','2024-10-07 05:13:18','2024-10-07 00:13:18','2024-10-07 00:13:18'),(481,'submission','2208bd3b-e5a5-4aed-813e-e17e19a4bf0d',1922,2,'','','811448e','New Form',0,0,'92.255.85.164','Mozilla/5.0 (Windows NT 10.0.0; Win64; x64; ) AppleWebKit/537.36 (KHTML, like Gecko) Chrome/124.0.6367.119 Chrome/124.0.6367.119 Not-A.Brand/99  Safari/537.36',1,1,'new',0,'{\"edit_post_id\":\"2\"}','2024-10-08 11:28:22','2024-10-08 11:28:22','2024-10-08 06:28:22','2024-10-08 06:28:22'),(482,'submission','23bd00f4-ff16-49a7-8b28-21898297e7e7',1926,2,'','','811448e','New Form',0,0,'37.99.48.50','Mozilla/5.0 (Windows NT 6.1; WOW64) AppleWebKit/537.36 (KHTML, like Gecko) Chrome/103.0.0.0 Safari/537.36',1,1,'new',0,'{\"edit_post_id\":\"2\"}','2024-10-08 17:18:47','2024-10-08 17:18:47','2024-10-08 12:18:47','2024-10-08 12:18:47'),(483,'submission','d374ce2d-a39b-4f60-8310-501bd09b3a0b',1930,2,'','','811448e','New Form',0,0,'185.190.42.200','Mozilla/5.0 (Windows NT 10.0; Win64; x64) AppleWebKit/537.36 (KHTML, like Gecko) Chrome/125.0.0.0 Safari/537.36',1,1,'new',0,'{\"edit_post_id\":\"2\"}','2024-10-09 08:35:54','2024-10-09 08:35:54','2024-10-09 03:35:54','2024-10-09 03:35:54'),(484,'submission','1700b58c-a346-4fd1-9f71-07e0c3cf7160',1934,2,'','','811448e','New Form',0,0,'37.99.43.1','Mozilla/5.0 (Windows NT 6.1) AppleWebKit/537.36 (KHTML, like Gecko) Chrome/103.0.0.0 Safari/537.36',1,1,'new',0,'{\"edit_post_id\":\"2\"}','2024-10-10 17:01:24','2024-10-10 17:01:24','2024-10-10 12:01:24','2024-10-10 12:01:24'),(485,'submission','e25939ea-e463-470d-8d9e-115d9957880f',1938,2,'','','811448e','New Form',0,0,'62.122.184.194','Mozilla/5.0 (Windows NT 10.0.0; Win64; x64; ) AppleWebKit/537.36 (KHTML, like Gecko) Chrome/124.0.6367.91 Chrome/124.0.6367.91 Not-A.Brand/99  Safari/537.36',1,1,'new',0,'{\"edit_post_id\":\"2\"}','2024-10-11 01:11:14','2024-10-11 01:11:14','2024-10-10 20:11:14','2024-10-10 20:11:14'),(486,'submission','18fb3fe7-5513-4b8e-bc1c-79d2c4dc4025',1942,2,'','','811448e','New Form',0,0,'92.204.175.91','Mozilla/5.0 (Windows NT 10.0; Win64; x64) AppleWebKit/537.36 (KHTML, like Gecko) Chrome/125.0.0.0 Safari/537.36',1,1,'new',0,'{\"edit_post_id\":\"2\"}','2024-10-11 02:45:58','2024-10-11 02:45:59','2024-10-10 21:45:58','2024-10-10 21:45:59'),(487,'submission','0c107092-db41-46dd-a363-dade16f54ea6',1946,2,'','','811448e','New Form',0,0,'37.99.42.116','Mozilla/5.0 (Windows NT 6.1) AppleWebKit/537.36 (KHTML, like Gecko) Chrome/103.0.0.0 Safari/537.36',1,1,'new',0,'{\"edit_post_id\":\"2\"}','2024-10-11 17:17:38','2024-10-11 17:17:38','2024-10-11 12:17:38','2024-10-11 12:17:38'),(488,'submission','8181ea48-3908-480b-b2c4-cf6b2f23a114',1950,2,'','','811448e','New Form',0,0,'37.99.60.14','Mozilla/5.0 (Windows NT 6.3) AppleWebKit/537.36 (KHTML, like Gecko) Chrome/103.0.0.0 Safari/537.36',1,1,'new',0,'{\"edit_post_id\":\"2\"}','2024-10-12 14:55:21','2024-10-12 14:55:22','2024-10-12 09:55:21','2024-10-12 09:55:22'),(489,'submission','12294513-06d4-4e23-bb50-cddc0ed383ab',1954,2,'https://lubricantesralyxxton.com/','','811448e','New Form',0,0,'104.245.144.52','Mozilla/5.0 (X11; Linux x86_64) AppleWebKit/537.36 (KHTML, like Gecko) Chrome/114.0.0.0 Safari/537.36 OPR/89.0.4447.51',1,1,'new',0,'{\"edit_post_id\":\"2\"}','2024-10-15 02:14:47','2024-10-15 02:14:47','2024-10-14 21:14:47','2024-10-14 21:14:47'),(490,'submission','b4063032-0844-4a50-8a1f-9d718a4c6a51',1958,2,'','','811448e','New Form',0,0,'37.99.47.1','Mozilla/5.0 (Windows NT 10.0; Win64; x64) AppleWebKit/537.36 (KHTML, like Gecko) Chrome/103.0.0.0 Safari/537.36 Herring/95.1.8810.11',1,1,'new',0,'{\"edit_post_id\":\"2\"}','2024-10-15 15:38:57','2024-10-15 15:38:57','2024-10-15 10:38:57','2024-10-15 10:38:57'),(491,'submission','322edb1e-6661-405b-a04d-f206ca969a8a',1962,2,'','','811448e','New Form',0,0,'37.19.223.118','Mozilla/5.0 (Windows NT 10.0.0; Win64; x64; ) AppleWebKit/537.36 (KHTML, like Gecko) Chrome/124.0.6367.78 Chrome/124.0.6367.78 Not-A.Brand/99  Safari/537.36',1,1,'new',0,'{\"edit_post_id\":\"2\"}','2024-10-15 23:41:11','2024-10-15 23:41:11','2024-10-15 18:41:11','2024-10-15 18:41:11'),(492,'submission','365109a6-5e8d-42fe-8bf0-208bdfd65f62',1966,2,'','','811448e','New Form',0,0,'152.89.198.68','Mozilla/5.0 (Windows NT 10.0.0; Win64; x64; ) AppleWebKit/537.36 (KHTML, like Gecko) Chrome/124.0.6367.63 Chrome/124.0.6367.63 Not-A.Brand/99  Safari/537.36',1,1,'new',0,'{\"edit_post_id\":\"2\"}','2024-10-17 08:24:13','2024-10-17 08:24:13','2024-10-17 03:24:13','2024-10-17 03:24:13'),(493,'submission','cd63feb3-400f-4f05-9f09-e2379772df94',1970,2,'','','811448e','New Form',0,0,'92.255.85.164','Mozilla/5.0 (Windows NT 10.0.0; Win64; x64; ) AppleWebKit/537.36 (KHTML, like Gecko) Chrome/124.0.6367.60 Chrome/124.0.6367.60 Not-A.Brand/99  Safari/537.36',1,1,'new',0,'{\"edit_post_id\":\"2\"}','2024-10-17 22:11:42','2024-10-17 22:11:42','2024-10-17 17:11:42','2024-10-17 17:11:42'),(494,'submission','65586ae8-07fa-4804-bc5c-df2838637c42',1974,2,'','','811448e','New Form',0,0,'152.89.198.68','Mozilla/5.0 (Windows NT 10.0.0; Win64; x64; ) AppleWebKit/537.36 (KHTML, like Gecko) Chrome/124.0.6367.62 Chrome/124.0.6367.62 Not-A.Brand/99  Safari/537.36',1,1,'new',0,'{\"edit_post_id\":\"2\"}','2024-10-18 06:24:35','2024-10-18 06:24:35','2024-10-18 01:24:35','2024-10-18 01:24:35'),(495,'submission','70ef7441-0615-4208-889d-9b6c824aa263',1978,2,'','','811448e','New Form',0,0,'92.204.175.85','Mozilla/5.0 (Windows NT 15.0.0; Win64; x64; ) AppleWebKit/537.36 (KHTML, like Gecko) Chrome/124.0.6367.60 Chrome/124.0.6367.60 Not-A.Brand/99  Safari/537.36',1,1,'new',0,'{\"edit_post_id\":\"2\"}','2024-10-18 09:21:17','2024-10-18 09:21:18','2024-10-18 04:21:17','2024-10-18 04:21:18'),(496,'submission','942cddb0-8507-472c-a6e8-49f07fc92ca6',1982,2,'','','811448e','New Form',0,0,'37.99.40.182','Mozilla/5.0 (Windows NT 6.3; Win64; x64) AppleWebKit/537.36 (KHTML, like Gecko) Chrome/103.0.5060.53 Safari/537.36',1,1,'new',0,'{\"edit_post_id\":\"2\"}','2024-10-18 11:07:11','2024-10-18 11:07:11','2024-10-18 06:07:11','2024-10-18 06:07:11'),(497,'submission','f3eee4b5-8c14-44e3-96a7-670568c52f91',1986,2,'','','811448e','New Form',0,0,'45.139.125.22','Mozilla/5.0 (Windows NT 10.0; Win64; x64) AppleWebKit/537.36 (KHTML, like Gecko) Chrome/124.0.0.0 Safari/537.36',1,1,'new',0,'{\"edit_post_id\":\"2\"}','2024-10-18 17:28:13','2024-10-18 17:28:13','2024-10-18 12:28:13','2024-10-18 12:28:13'),(498,'submission','c2df8ed2-4101-4e20-b6e7-cdb542eb3c39',1990,2,'','','811448e','New Form',0,0,'196.196.53.123','Mozilla/5.0 (Windows NT 10.0.0; Win64; x64; ) AppleWebKit/537.36 (KHTML, like Gecko) Chrome/124.0.6367.78 Chrome/124.0.6367.78 Not-A.Brand/99  Safari/537.36',1,1,'new',0,'{\"edit_post_id\":\"2\"}','2024-10-19 15:14:06','2024-10-19 15:14:06','2024-10-19 10:14:06','2024-10-19 10:14:06'),(499,'submission','1e50454d-665b-40ef-a1b6-e8b569521297',1994,2,'','','811448e','New Form',0,0,'37.99.126.210','Mozilla/5.0 (Windows NT 10.0; Win64; x64) AppleWebKit/537.36 (KHTML, like Gecko) Chrome/103.0.5042.0 Safari/537.36',1,1,'new',0,'{\"edit_post_id\":\"2\"}','2024-10-21 04:15:52','2024-10-21 04:15:52','2024-10-20 23:15:52','2024-10-20 23:15:52'),(500,'submission','27f5cc9c-c0b3-48b4-8580-e3f73e901231',1998,2,'','','811448e','New Form',0,0,'176.111.174.153','Mozilla/5.0 (Windows NT 10.0.0; Win64; x64; ) AppleWebKit/537.36 (KHTML, like Gecko) Chrome/124.0.6367.62 Chrome/124.0.6367.62 Not-A.Brand/99  Safari/537.36',1,1,'new',0,'{\"edit_post_id\":\"2\"}','2024-10-22 03:25:27','2024-10-22 03:25:27','2024-10-21 22:25:27','2024-10-21 22:25:27'),(501,'submission','1db430a3-af6b-4cf0-beae-34d9fad5c1be',2002,2,'','','811448e','New Form',0,0,'62.122.184.194','Mozilla/5.0 (Windows NT 15.0.0; Win64; x64; ) AppleWebKit/537.36 (KHTML, like Gecko) Chrome/124.0.6367.60 Chrome/124.0.6367.60 Not-A.Brand/99  Safari/537.36',1,1,'new',0,'{\"edit_post_id\":\"2\"}','2024-10-22 09:51:07','2024-10-22 09:51:07','2024-10-22 04:51:07','2024-10-22 04:51:07'),(502,'submission','661f93dc-6ce2-4c9b-b573-541ba4fb1fe8',2006,2,'','','811448e','New Form',0,0,'37.99.48.99','Mozilla/5.0 (Windows NT 10.0; Win64; x64) AppleWebKit/537.36 (KHTML, like Gecko) Chrome/103.0.5060.114 Safari/537.36',1,1,'new',0,'{\"edit_post_id\":\"2\"}','2024-10-23 00:24:56','2024-10-23 00:24:56','2024-10-22 19:24:56','2024-10-22 19:24:56'),(503,'submission','723644c8-b4bb-4989-871c-46b55580b453',2010,2,'','','811448e','New Form',0,0,'92.255.85.164','Mozilla/5.0 (Windows NT 10.0; Win64; x64; ) AppleWebKit/537.36 (KHTML, like Gecko) Chrome/124.0.6367.61 Chrome/124.0.6367.61 Not-A.Brand/99  Safari/537.36',1,1,'new',0,'{\"edit_post_id\":\"2\"}','2024-10-24 01:49:05','2024-10-24 01:49:05','2024-10-23 20:49:05','2024-10-23 20:49:05'),(504,'submission','6d630e46-329e-4c8a-9803-2813b1de96c7',2014,2,'','','811448e','New Form',0,0,'212.102.35.157','Mozilla/5.0 (Windows NT 10.0.0; Win64; x64; ) AppleWebKit/537.36 (KHTML, like Gecko) Chrome/124.0.6367.93 Chrome/124.0.6367.93 Not-A.Brand/99  Safari/537.36',1,1,'new',0,'{\"edit_post_id\":\"2\"}','2024-10-24 02:54:09','2024-10-24 02:54:09','2024-10-23 21:54:09','2024-10-23 21:54:09'),(505,'submission','5fe90892-89c4-43e2-8b9c-48198a6af2d0',2018,2,'','','811448e','New Form',0,0,'37.99.40.86','Mozilla/5.0 (Windows NT 10.0; Win64; x64) AppleWebKit/537.36 (KHTML, like Gecko) Chrome/103.0.5060.114 Safari/537.36',1,1,'new',0,'{\"edit_post_id\":\"2\"}','2024-10-24 08:23:38','2024-10-24 08:23:38','2024-10-24 03:23:38','2024-10-24 03:23:38'),(506,'submission','23c2b235-f823-421f-9093-22912ca4b9ce',2022,2,'','','811448e','New Form',0,0,'181.215.176.110','Mozilla/5.0 (Windows NT 10.0; Win64; x64; ) AppleWebKit/537.36 (KHTML, like Gecko) Chrome/124.0.6367.61 Chrome/124.0.6367.61 Not-A.Brand/99  Safari/537.36',1,1,'new',0,'{\"edit_post_id\":\"2\"}','2024-10-26 16:32:42','2024-10-26 16:32:42','2024-10-26 11:32:42','2024-10-26 11:32:42'),(507,'submission','f6157677-f61b-4cd3-9069-02f9338088ad',2026,2,'','','811448e','New Form',0,0,'37.99.59.181','Mozilla/5.0 (Windows NT 10.0; Win64; x64) AppleWebKit/537.36 (KHTML, like Gecko) Chrome/103.0.5060.114 Safari/537.36',1,1,'new',0,'{\"edit_post_id\":\"2\"}','2024-10-26 23:29:06','2024-10-26 23:29:06','2024-10-26 18:29:06','2024-10-26 18:29:06'),(508,'submission','d28e722f-5767-4cae-ab26-645547476858',2030,2,'','','811448e','New Form',0,0,'85.209.11.117','Mozilla/5.0 (Windows NT 10.0; Win64; x64) AppleWebKit/537.36 (KHTML, like Gecko) Chrome/124.0.0.0 Safari/537.36',1,1,'new',0,'{\"edit_post_id\":\"2\"}','2024-10-29 20:03:33','2024-10-29 20:03:33','2024-10-29 15:03:33','2024-10-29 15:03:33'),(509,'submission','f45b61cd-e644-425c-b97b-c82285469fb2',2034,2,'','','811448e','New Form',0,0,'37.99.18.141','Mozilla/5.0 (Windows NT 6.3; Win64; x64) AppleWebKit/537.36 (KHTML, like Gecko) Chrome/103.0.5060.53 Safari/537.36',1,1,'new',0,'{\"edit_post_id\":\"2\"}','2024-10-30 03:38:25','2024-10-30 03:38:25','2024-10-29 22:38:25','2024-10-29 22:38:25'),(510,'submission','cd42cb5d-a18a-44dc-a89a-d19a6d179c3b',2038,2,'','','811448e','New Form',0,0,'85.209.11.117','Mozilla/5.0 (Windows NT 10.0.0; Win64; x64; ) AppleWebKit/537.36 (KHTML, like Gecko) Chrome/124.0.6367.91 Chrome/124.0.6367.91 Not-A.Brand/99  Safari/537.36',1,1,'new',0,'{\"edit_post_id\":\"2\"}','2024-10-31 15:33:09','2024-10-31 15:33:09','2024-10-31 10:33:09','2024-10-31 10:33:09'),(511,'submission','e22f58eb-da04-46d3-a5dd-ec85d8845386',2042,2,'','','811448e','New Form',0,0,'176.111.174.153','Mozilla/5.0 (Windows NT 10.0.0; Win64; x64; ) AppleWebKit/537.36 (KHTML, like Gecko) Chrome/124.0.6367.63 Chrome/124.0.6367.63 Not-A.Brand/99  Safari/537.36',1,1,'new',0,'{\"edit_post_id\":\"2\"}','2024-10-31 15:41:09','2024-10-31 15:41:09','2024-10-31 10:41:09','2024-10-31 10:41:09'),(512,'submission','41e57953-4881-40fa-aec8-60946e0e87b1',2046,2,'','','811448e','New Form',0,0,'37.99.33.114','Mozilla/5.0 (Windows NT 6.3; Win64; x64) AppleWebKit/537.36 (KHTML, like Gecko) Chrome/103.0.5060.53 Safari/537.36',1,1,'new',0,'{\"edit_post_id\":\"2\"}','2024-11-01 04:45:13','2024-11-01 04:45:13','2024-10-31 23:45:13','2024-10-31 23:45:13'),(513,'submission','31a06aa7-46d3-4686-baa4-0b6147643173',2050,2,'','','811448e','New Form',0,0,'62.122.184.194','Mozilla/5.0 (Windows NT 15.0.0; Win64; x64; ) AppleWebKit/537.36 (KHTML, like Gecko) Chrome/124.0.6367.60 Chrome/124.0.6367.60 Not-A.Brand/99  Safari/537.36',1,1,'new',0,'{\"edit_post_id\":\"2\"}','2024-11-02 19:40:36','2024-11-02 19:40:36','2024-11-02 14:40:36','2024-11-02 14:40:36'),(514,'submission','375c1f66-5f40-4682-aff2-1895ba44de9f',2054,2,'','','811448e','New Form',0,0,'87.249.132.166','Mozilla/5.0 (Windows NT 10.0.0; Win64; x64; ) AppleWebKit/537.36 (KHTML, like Gecko) Chrome/124.0.6367.91 Chrome/124.0.6367.91 Not-A.Brand/99  Safari/537.36',1,1,'new',0,'{\"edit_post_id\":\"2\"}','2024-11-02 20:18:14','2024-11-02 20:18:14','2024-11-02 15:18:14','2024-11-02 15:18:14'),(515,'submission','4ee18b7f-01da-4b7c-9e95-ba855d725f6e',2058,2,'','','811448e','New Form',0,0,'37.99.42.216','Mozilla/5.0 (Windows NT 6.1) AppleWebKit/537.36 (KHTML, like Gecko) Chrome/103.0.0.0 Safari/537.36',1,1,'new',0,'{\"edit_post_id\":\"2\"}','2024-11-03 02:51:08','2024-11-03 02:51:08','2024-11-02 21:51:08','2024-11-02 21:51:08'),(516,'submission','d5f2e48a-7f08-49ff-aaa7-a71cdc670b33',2062,2,'','','811448e','New Form',0,0,'92.255.85.164','Mozilla/5.0 (Windows NT 10.0.0; Win64; x64; ) AppleWebKit/537.36 (KHTML, like Gecko) Chrome/124.0.6367.78 Chrome/124.0.6367.78 Not-A.Brand/99  Safari/537.36',1,1,'new',0,'{\"edit_post_id\":\"2\"}','2024-11-04 03:20:35','2024-11-04 03:20:35','2024-11-03 22:20:35','2024-11-03 22:20:35'),(517,'submission','d9c839fe-bef7-4e0e-b71e-b4e657a0bff5',2066,2,'','','811448e','New Form',0,0,'92.255.85.164','Mozilla/5.0 (Windows NT 15.0.0; Win64; x64; ) AppleWebKit/537.36 (KHTML, like Gecko) Chrome/124.0.6367.119 Chrome/124.0.6367.119 Not-A.Brand/99  Safari/537.36',1,1,'new',0,'{\"edit_post_id\":\"2\"}','2024-11-05 04:19:04','2024-11-05 04:19:04','2024-11-04 23:19:04','2024-11-04 23:19:04'),(518,'submission','3128c05b-d5ff-47ac-9051-09db45d9506c',2070,2,'','','811448e','New Form',0,0,'109.172.89.168','Mozilla/5.0 (Windows NT 10.0.0; Win64; x64; ) AppleWebKit/537.36 (KHTML, like Gecko) Chrome/124.0.6367.62 Chrome/124.0.6367.62 Not-A.Brand/99  Safari/537.36',1,1,'new',0,'{\"edit_post_id\":\"2\"}','2024-11-05 04:28:29','2024-11-05 04:28:29','2024-11-04 23:28:29','2024-11-04 23:28:29'),(519,'submission','6b966cc3-b779-41ab-bd90-b56a168b41d1',2074,2,'','','811448e','New Form',0,0,'165.231.182.85','Mozilla/5.0 (Windows NT 10.0; WOW64) AppleWebKit/537.36 (KHTML, like Gecko) Chrome/103.0.0.0 Safari/537.36',1,1,'new',0,'{\"edit_post_id\":\"2\"}','2024-11-05 12:36:00','2024-11-05 12:36:00','2024-11-05 07:36:00','2024-11-05 07:36:00'),(520,'submission','dbd96ad6-300c-4acb-a506-3f3cc2e2e4be',2078,2,'https://lubricantesralyxxton.com/','','811448e','New Form',0,0,'5.62.49.108','Mozilla/5.0 (Windows NT 10.0; WOW64) AppleWebKit/537.36 (KHTML, like Gecko) Chrome/114.0.0.0 YaBrowser/22.7.0 Yowser/2.5 Safari/537.36',1,1,'new',0,'{\"edit_post_id\":\"2\"}','2024-11-06 18:05:05','2024-11-06 18:05:05','2024-11-06 13:05:05','2024-11-06 13:05:05'),(521,'submission','f4c75ab3-5b6a-4555-9e7d-ea8991a8ea70',2082,2,'','','811448e','New Form',0,0,'37.99.19.79','Mozilla/5.0 (Windows NT 6.1) AppleWebKit/537.36 (KHTML, like Gecko) Chrome/103.0.5060.114 Safari/537.36',1,1,'new',0,'{\"edit_post_id\":\"2\"}','2024-11-07 02:41:23','2024-11-07 02:41:23','2024-11-06 21:41:23','2024-11-06 21:41:23'),(522,'submission','2bd8e4fd-0a79-4612-894b-9e0af5c19cdd',2086,2,'','','811448e','New Form',0,0,'185.147.125.24','Mozilla/5.0 (Windows NT 10.0.0; Win64; x64; ) AppleWebKit/537.36 (KHTML, like Gecko) Chrome/124.0.6367.78 Chrome/124.0.6367.78 Not-A.Brand/99  Safari/537.36',1,1,'new',0,'{\"edit_post_id\":\"2\"}','2024-11-09 01:04:53','2024-11-09 01:04:53','2024-11-08 20:04:53','2024-11-08 20:04:53'),(523,'submission','e789573d-01ea-4fb3-8dbf-5a34cd8ad8cf',2090,2,'','','811448e','New Form',0,0,'37.99.2.237','Mozilla/5.0 (Windows NT 6.1) AppleWebKit/537.36 (KHTML, like Gecko) Chrome/103.0.5060.114 Safari/537.36',1,1,'new',0,'{\"edit_post_id\":\"2\"}','2024-11-09 04:54:24','2024-11-09 04:54:24','2024-11-08 23:54:24','2024-11-08 23:54:24'),(524,'submission','fdf3c957-7249-4775-82f4-38ed59f20af4',2094,2,'','','811448e','New Form',0,0,'185.147.125.24','Mozilla/5.0 (Windows NT 10.0.0; Win64; x64; ) AppleWebKit/537.36 (KHTML, like Gecko) Chrome/124.0.6367.93 Chrome/124.0.6367.93 Not-A.Brand/99  Safari/537.36',1,1,'new',0,'{\"edit_post_id\":\"2\"}','2024-11-09 13:57:18','2024-11-09 13:57:18','2024-11-09 08:57:18','2024-11-09 08:57:18'),(525,'submission','a8f00f73-9633-4cb3-b53d-d45be01905a8',2098,2,'','','811448e','New Form',0,0,'37.19.223.247','Mozilla/5.0 (Windows NT 15.0.0; Win64; x64; ) AppleWebKit/537.36 (KHTML, like Gecko) Chrome/124.0.6367.60 Chrome/124.0.6367.60 Not-A.Brand/99  Safari/537.36',1,1,'new',0,'{\"edit_post_id\":\"2\"}','2024-11-10 01:35:16','2024-11-10 01:35:16','2024-11-09 20:35:16','2024-11-09 20:35:16'),(526,'submission','4dc84e7c-f093-44f2-810a-3747ac5a7a21',2102,2,'','','811448e','New Form',0,0,'92.204.174.85','Mozilla/5.0 (Windows NT 10.0; Win64; x64; ) AppleWebKit/537.36 (KHTML, like Gecko) Chrome/124.0.6367.61 Chrome/124.0.6367.61 Not-A.Brand/99  Safari/537.36',1,1,'new',0,'{\"edit_post_id\":\"2\"}','2024-11-12 12:42:13','2024-11-12 12:42:13','2024-11-12 07:42:13','2024-11-12 07:42:13'),(527,'submission','02543f4e-8051-4a41-896d-4bc57f2a5b76',2106,2,'','','811448e','New Form',0,0,'31.171.152.108','Mozilla/5.0 (Windows NT 10.0; Win64; x64) AppleWebKit/537.36 (KHTML, like Gecko) Chrome/124.0.0.0 Safari/537.36',1,1,'new',0,'{\"edit_post_id\":\"2\"}','2024-11-13 10:09:41','2024-11-13 10:09:41','2024-11-13 05:09:41','2024-11-13 05:09:41'),(528,'submission','fb426fae-7aa6-4758-9ec0-b346fc0589ea',2110,2,'','','811448e','New Form',0,0,'37.99.96.153','Mozilla/5.0 (Windows NT 10.0; Win64; x64) AppleWebKit/537.36 (KHTML, like Gecko) Chrome/103.0.5042.0 Safari/537.36',1,1,'new',0,'{\"edit_post_id\":\"2\"}','2024-11-13 19:18:47','2024-11-13 19:18:47','2024-11-13 14:18:47','2024-11-13 14:18:47'),(529,'submission','df5e4a3f-eb8d-4f10-99f8-627c7a615027',2114,2,'','','811448e','New Form',0,0,'93.170.204.10','Mozilla/5.0 (Windows NT 10.0; Win64; x64) AppleWebKit/537.36 (KHTML, like Gecko) Chrome/125.0.0.0 Safari/537.36',1,1,'new',0,'{\"edit_post_id\":\"2\"}','2024-11-14 11:08:56','2024-11-14 11:08:56','2024-11-14 06:08:56','2024-11-14 06:08:56'),(530,'submission','68029968-3dac-4523-a69a-5a1b3d1b08e2',2118,2,'','','811448e','New Form',0,0,'185.147.125.18','Mozilla/5.0 (Windows NT 10.0.0; Win64; x64; ) AppleWebKit/537.36 (KHTML, like Gecko) Chrome/124.0.6367.78 Chrome/124.0.6367.78 Not-A.Brand/99  Safari/537.36',1,1,'new',0,'{\"edit_post_id\":\"2\"}','2024-11-15 09:09:26','2024-11-15 09:09:26','2024-11-15 04:09:26','2024-11-15 04:09:26'),(531,'submission','46189c30-00a1-48d4-84bc-70ba85e4eed1',2122,2,'https://lubricantesralyxxton.com/','','811448e','New Form',0,0,'162.253.129.230','Mozilla/5.0 (X11; Ubuntu; Linux x86_64; rv:114.0) Gecko/20100101 Firefox/114.0',1,1,'new',0,'{\"edit_post_id\":\"2\"}','2024-11-15 16:25:08','2024-11-15 16:25:08','2024-11-15 11:25:08','2024-11-15 11:25:08'),(532,'submission','efe75b44-0a47-4ec2-b7c7-ff9209a31f18',2126,2,'','','811448e','New Form',0,0,'165.231.182.95','Mozilla/5.0 (Windows NT 10.0; Win64; x64) AppleWebKit/537.36 (KHTML, like Gecko) Chrome/103.0.5060.66 Safari/537.36',1,1,'new',0,'{\"edit_post_id\":\"2\"}','2024-11-16 01:11:49','2024-11-16 01:11:49','2024-11-15 20:11:49','2024-11-15 20:11:49'),(533,'submission','41dd0cfa-a570-476f-943c-613320810d15',2130,2,'','','811448e','New Form',0,0,'84.17.48.195','Mozilla/5.0 (Windows NT 10.0.0; Win64; x64; ) AppleWebKit/537.36 (KHTML, like Gecko) Chrome/124.0.6367.61 Chrome/124.0.6367.61 Not-A.Brand/99  Safari/537.36',1,1,'new',0,'{\"edit_post_id\":\"2\"}','2024-11-16 08:25:22','2024-11-16 08:25:22','2024-11-16 03:25:22','2024-11-16 03:25:22'),(534,'submission','0d3d9833-f36c-4813-9e7c-5b6ec0636872',2134,2,'','','811448e','New Form',0,0,'37.99.49.64','Mozilla/5.0 (Windows NT 10.0; Win64; x64) AppleWebKit/537.36 (KHTML, like Gecko) Chrome/103.0.0.0 Safari/537.36 OpenWave/97.4.2043.44',1,1,'new',0,'{\"edit_post_id\":\"2\"}','2024-11-18 17:49:41','2024-11-18 17:49:41','2024-11-18 12:49:41','2024-11-18 12:49:41'),(535,'submission','f08ac70d-f701-4fb1-94fc-4aeab0db62b3',2138,2,'','','811448e','New Form',0,0,'185.147.125.18','Mozilla/5.0 (Windows NT 10.0; Win64; x64) AppleWebKit/537.36 (KHTML, like Gecko) Chrome/124.0.0.0 Safari/537.36',1,1,'new',0,'{\"edit_post_id\":\"2\"}','2024-11-19 23:34:43','2024-11-19 23:34:43','2024-11-19 18:34:43','2024-11-19 18:34:43'),(536,'submission','5f4b7d01-b9e1-41e6-af1e-ea4d0d80fc8d',2142,2,'','','811448e','New Form',0,0,'37.99.32.99','Mozilla/5.0 (Windows NT 6.3; Win64; x64) AppleWebKit/537.36 (KHTML, like Gecko) Chrome/103.0.5060.66 Safari/537.36',1,1,'new',0,'{\"edit_post_id\":\"2\"}','2024-11-20 02:06:05','2024-11-20 02:06:05','2024-11-19 21:06:05','2024-11-19 21:06:05'),(537,'submission','af006692-c051-426c-8af2-fa4b8642320a',2146,2,'','','811448e','New Form',0,0,'92.255.85.164','Mozilla/5.0 (Windows NT 10.0.0; Win64; x64; ) AppleWebKit/537.36 (KHTML, like Gecko) Chrome/124.0.6367.60 Chrome/124.0.6367.60 Not-A.Brand/99  Safari/537.36',1,1,'new',0,'{\"edit_post_id\":\"2\"}','2024-11-21 18:05:17','2024-11-21 18:05:17','2024-11-21 13:05:17','2024-11-21 13:05:17'),(538,'submission','d9dac184-849a-4ea6-a524-3fb63b8d250a',2150,2,'','','811448e','New Form',0,0,'37.99.26.149','Mozilla/5.0 (Windows NT 10.0; WOW64) AppleWebKit/537.36 (KHTML, like Gecko) Chrome/103.0.0.0 Safari/537.36',1,1,'new',0,'{\"edit_post_id\":\"2\"}','2024-11-22 00:24:50','2024-11-22 00:24:50','2024-11-21 19:24:50','2024-11-21 19:24:50'),(539,'submission','b19d63fc-7491-4b06-ba5b-adbe0726a94f',2154,2,'','','811448e','New Form',0,0,'92.255.85.164','Mozilla/5.0 (Windows NT 10.0.0; Win64; x64; ) AppleWebKit/537.36 (KHTML, like Gecko) Chrome/124.0.6367.62 Chrome/124.0.6367.62 Not-A.Brand/99  Safari/537.36',1,1,'new',0,'{\"edit_post_id\":\"2\"}','2024-11-22 05:00:17','2024-11-22 05:00:17','2024-11-22 00:00:17','2024-11-22 00:00:17'),(540,'submission','0b9f7fd4-87ef-4f41-a632-81ed4096f721',2158,2,'','','811448e','New Form',0,0,'37.19.223.242','Mozilla/5.0 (Windows NT 10.0.0; Win64; x64; ) AppleWebKit/537.36 (KHTML, like Gecko) Chrome/124.0.6367.60 Chrome/124.0.6367.60 Not-A.Brand/99  Safari/537.36',1,1,'new',0,'{\"edit_post_id\":\"2\"}','2024-11-23 10:22:10','2024-11-23 10:22:11','2024-11-23 05:22:10','2024-11-23 05:22:11'),(541,'submission','2ad4532b-40a5-4df6-bfcd-33b35581461e',2162,2,'','','811448e','New Form',0,0,'37.99.18.235','Mozilla/5.0 (Windows NT 10.0; Win64; x64) AppleWebKit/537.36 (KHTML, like Gecko) Chrome/103.0.5060.114 Safari/537.36',1,1,'new',0,'{\"edit_post_id\":\"2\"}','2024-11-23 22:17:10','2024-11-23 22:17:10','2024-11-23 17:17:10','2024-11-23 17:17:10'),(542,'submission','6d69af3f-8a20-465a-8388-8bda4afbd4b7',2166,2,'','','811448e','New Form',0,0,'185.147.125.24','Mozilla/5.0 (Windows NT 10.0.0; Win64; x64; ) AppleWebKit/537.36 (KHTML, like Gecko) Chrome/124.0.6367.119 Chrome/124.0.6367.119 Not-A.Brand/99  Safari/537.36',1,1,'new',0,'{\"edit_post_id\":\"2\"}','2024-11-24 15:51:04','2024-11-24 15:51:04','2024-11-24 10:51:04','2024-11-24 10:51:04'),(543,'submission','52dd120d-9b9f-477b-9ca5-829f58e831e9',2170,2,'','','811448e','New Form',0,0,'188.130.143.70','Mozilla/5.0 (Windows NT 10.0.0; Win64; x64; ) AppleWebKit/537.36 (KHTML, like Gecko) Chrome/124.0.6367.119 Chrome/124.0.6367.119 Not-A.Brand/99  Safari/537.36',1,1,'new',0,'{\"edit_post_id\":\"2\"}','2024-11-25 16:04:09','2024-11-25 16:04:09','2024-11-25 11:04:09','2024-11-25 11:04:09'),(544,'submission','e5db57f4-c30c-4c6a-b037-13fa256dae93',2174,2,'','','811448e','New Form',0,0,'185.147.125.16','Mozilla/5.0 (Windows NT 10.0.0; Win64; x64; ) AppleWebKit/537.36 (KHTML, like Gecko) Chrome/124.0.6367.63 Chrome/124.0.6367.63 Not-A.Brand/99  Safari/537.36',1,1,'new',0,'{\"edit_post_id\":\"2\"}','2024-11-26 01:15:41','2024-11-26 01:15:41','2024-11-25 20:15:41','2024-11-25 20:15:41'),(545,'submission','2fc81e99-717a-4826-9a94-43c22e621bb6',2178,2,'','','811448e','New Form',0,0,'188.130.128.144','Mozilla/5.0 (Windows NT 10.0.0; Win64; x64; ) AppleWebKit/537.36 (KHTML, like Gecko) Chrome/124.0.6367.62 Chrome/124.0.6367.62 Not-A.Brand/99  Safari/537.36',1,1,'new',0,'{\"edit_post_id\":\"2\"}','2024-11-26 06:24:43','2024-11-26 06:24:43','2024-11-26 01:24:43','2024-11-26 01:24:43'),(546,'submission','c10f9e39-7c60-44f6-87ff-5eb40f525f5e',2182,2,'https://lubricantesralyxxton.com/','','811448e','New Form',0,0,'212.102.33.207','Mozilla/5.0 (Windows NT 10.0; Win64; x64) AppleWebKit/537.36 (KHTML, like Gecko) Chrome/114.0.0.0 Safari/537.36 Edg/114.0.1264.71',1,1,'new',0,'{\"edit_post_id\":\"2\"}','2024-11-26 06:28:39','2024-11-26 06:28:40','2024-11-26 01:28:39','2024-11-26 01:28:40'),(547,'submission','661a5a5e-1e4e-4cb9-919d-a6fc64e6d17b',2186,2,'','','811448e','New Form',0,0,'37.99.19.85','Mozilla/5.0 (Windows NT 10.0; Win64; x64) AppleWebKit/537.36 (KHTML, like Gecko) Chrome/103.0.5060.134 Safari/537.36',1,1,'new',0,'{\"edit_post_id\":\"2\"}','2024-11-26 18:43:57','2024-11-26 18:43:57','2024-11-26 13:43:57','2024-11-26 13:43:57'),(548,'submission','0d21d5a1-fa29-472f-9378-a845e5f461f5',2190,2,'','','811448e','New Form',0,0,'185.147.125.24','Mozilla/5.0 (Windows NT 10.0; Win64; x64) AppleWebKit/537.36 (KHTML, like Gecko) Chrome/124.0.0.0 Safari/537.36',1,1,'new',0,'{\"edit_post_id\":\"2\"}','2024-11-27 09:53:12','2024-11-27 09:53:12','2024-11-27 04:53:12','2024-11-27 04:53:12'),(549,'submission','9f031a6a-aa8c-4147-988b-33a1a5be5c40',2194,2,'','','811448e','New Form',0,0,'37.99.43.148','Mozilla/5.0 (Windows NT 6.1; Win64; x64) AppleWebKit/537.36 (KHTML, like Gecko) Chrome/103.0.5060.114 Safari/537.36',1,1,'new',0,'{\"edit_post_id\":\"2\"}','2024-11-28 18:37:29','2024-11-28 18:37:29','2024-11-28 13:37:29','2024-11-28 13:37:29'),(550,'submission','c1fecca5-8c34-4c24-bc73-18b09b4c3ee0',2198,2,'','','811448e','New Form',0,0,'181.214.173.193','Mozilla/5.0 (Windows NT 10.0.0; Win64; x64; ) AppleWebKit/537.36 (KHTML, like Gecko) Chrome/124.0.6367.91 Chrome/124.0.6367.91 Not-A.Brand/99  Safari/537.36',1,1,'new',0,'{\"edit_post_id\":\"2\"}','2024-11-30 16:42:32','2024-11-30 16:42:33','2024-11-30 11:42:32','2024-11-30 11:42:33'),(551,'submission','839d0606-1ba5-4e1c-a3c5-382624d561ac',2202,2,'','','811448e','New Form',0,0,'37.99.33.139','Mozilla/5.0 (Windows NT 10.0; Win64; x64) AppleWebKit/537.36 (KHTML, like Gecko) Chrome/103.0.5060.114 Safari/537.36',1,1,'new',0,'{\"edit_post_id\":\"2\"}','2024-12-02 07:59:24','2024-12-02 07:59:25','2024-12-02 02:59:24','2024-12-02 02:59:25'),(552,'submission','06729f74-6bc9-4b8e-83cb-9a12b158bb9e',2206,2,'','','811448e','New Form',0,0,'89.117.18.183','Mozilla/5.0 (Windows NT 10.0; Win64; x64) AppleWebKit/537.36 (KHTML, like Gecko) Chrome/103.0.5060.66 Safari/537.36',1,1,'new',0,'{\"edit_post_id\":\"2\"}','2024-12-02 11:41:23','2024-12-02 11:41:23','2024-12-02 06:41:23','2024-12-02 06:41:23'),(553,'submission','6f20ed0d-e015-48aa-b5af-d37cd4d3e074',2210,2,'','','811448e','New Form',0,0,'95.165.172.108','Mozilla/5.0 (Windows NT 6.1; WOW64) AppleWebKit/537.36 (KHTML, like Gecko) Chrome/103.0.0.0 Safari/537.36',1,1,'new',0,'{\"edit_post_id\":\"2\"}','2024-12-03 04:33:50','2024-12-03 04:33:50','2024-12-02 23:33:50','2024-12-02 23:33:50'),(554,'submission','3cbbd840-bb16-49d8-a883-20c6a9846c37',2214,2,'','','811448e','New Form',0,0,'46.8.140.24','Mozilla/5.0 (Windows NT 10.0.0; Win64; x64; ) AppleWebKit/537.36 (KHTML, like Gecko) Chrome/124.0.6367.60 Chrome/124.0.6367.60 Not-A.Brand/99  Safari/537.36',1,1,'new',0,'{\"edit_post_id\":\"2\"}','2024-12-03 21:10:09','2024-12-03 21:10:09','2024-12-03 16:10:09','2024-12-03 16:10:09'),(555,'submission','833921cf-bc1a-435c-81f5-6b0d302d4901',2218,2,'','','811448e','New Form',0,0,'181.214.173.73','Mozilla/5.0 (Windows NT 10.0.0; Win64; x64; ) AppleWebKit/537.36 (KHTML, like Gecko) Chrome/124.0.6367.78 Chrome/124.0.6367.78 Not-A.Brand/99  Safari/537.36',1,1,'new',0,'{\"edit_post_id\":\"2\"}','2024-12-07 16:41:37','2024-12-07 16:41:37','2024-12-07 11:41:37','2024-12-07 11:41:37'),(556,'submission','88f7a7ca-05c9-46d8-a36d-6372b8b78ab6',2222,2,'','','811448e','New Form',0,0,'92.255.85.164','Mozilla/5.0 (Windows NT 10.0.0; Win64; x64; ) AppleWebKit/537.36 (KHTML, like Gecko) Chrome/124.0.6367.63 Chrome/124.0.6367.63 Not-A.Brand/99  Safari/537.36',1,1,'new',0,'{\"edit_post_id\":\"2\"}','2024-12-08 17:23:48','2024-12-08 17:23:48','2024-12-08 12:23:48','2024-12-08 12:23:48'),(557,'submission','20f8b5e8-4794-47d8-845b-6fffbed61efc',2226,2,'','','811448e','New Form',0,0,'196.196.53.140','Mozilla/5.0 (Windows NT 10.0.0; Win64; x64; ) AppleWebKit/537.36 (KHTML, like Gecko) Chrome/124.0.6367.62 Chrome/124.0.6367.62 Not-A.Brand/99  Safari/537.36',1,1,'new',0,'{\"edit_post_id\":\"2\"}','2024-12-08 23:56:33','2024-12-08 23:56:33','2024-12-08 18:56:33','2024-12-08 18:56:33'),(558,'submission','92fba1f0-a2b1-4447-80eb-c73a98d9b974',2230,2,'https://lubricantesralyxxton.com/','','811448e','New Form',0,0,'212.102.40.150','Mozilla/5.0 (X11; Linux i686; rv:114.0) Gecko/20100101 Firefox/114.0',1,1,'new',0,'{\"edit_post_id\":\"2\"}','2024-12-09 14:16:45','2024-12-09 14:16:45','2024-12-09 09:16:45','2024-12-09 09:16:45'),(559,'submission','036a9e03-f2ad-44b4-9349-d414aeaf08d3',2234,2,'','','811448e','New Form',0,0,'212.102.35.104','Mozilla/5.0 (Windows NT 10.0.0; Win64; x64; ) AppleWebKit/537.36 (KHTML, like Gecko) Chrome/124.0.6367.93 Chrome/124.0.6367.93 Not-A.Brand/99  Safari/537.36',1,1,'new',0,'{\"edit_post_id\":\"2\"}','2024-12-10 03:25:00','2024-12-10 03:25:00','2024-12-09 22:25:00','2024-12-09 22:25:00'),(560,'submission','7820a831-68a2-4abf-b87b-01646d03d80a',2238,2,'','','811448e','New Form',0,0,'95.165.172.108','Mozilla/5.0 (Windows NT 10.0; Win64; x64) AppleWebKit/537.36 (KHTML, like Gecko) Chrome/103.0.5060.66 Safari/537.36',1,1,'new',0,'{\"edit_post_id\":\"2\"}','2024-12-10 04:36:04','2024-12-10 04:36:04','2024-12-09 23:36:04','2024-12-09 23:36:04'),(561,'submission','db5a3a05-9115-46e0-a6f9-9dd4c61f93ed',2242,2,'','','811448e','New Form',0,0,'185.7.214.130','Mozilla/5.0 (Windows NT 10.0; Win64; x64) AppleWebKit/537.36 (KHTML, like Gecko) Chrome/124.0.6367.92 Safari/537.36',1,1,'new',0,'{\"edit_post_id\":\"2\"}','2024-12-12 03:30:53','2024-12-12 03:30:53','2024-12-11 22:30:53','2024-12-11 22:30:53'),(562,'submission','f934b225-cde6-444f-9eb5-6be7e8f41f4f',2246,2,'','','811448e','New Form',0,0,'37.19.223.100','Mozilla/5.0 (Windows NT 10.0.0; Win64; x64; ) AppleWebKit/537.36 (KHTML, like Gecko) Chrome/124.0.6367.93 Chrome/124.0.6367.93 Not-A.Brand/99  Safari/537.36',1,1,'new',0,'{\"edit_post_id\":\"2\"}','2024-12-12 03:49:07','2024-12-12 03:49:07','2024-12-11 22:49:07','2024-12-11 22:49:07'),(563,'submission','04aac813-f615-4fe5-ab83-e5c61ff886f6',2250,2,'','','811448e','New Form',0,0,'185.147.125.18','Mozilla/5.0 (Windows NT 10.0.0; Win64; x64; ) AppleWebKit/537.36 (KHTML, like Gecko) Chrome/124.0.6367.62 Chrome/124.0.6367.62 Not-A.Brand/99  Safari/537.36',1,1,'new',0,'{\"edit_post_id\":\"2\"}','2024-12-13 03:17:41','2024-12-13 03:17:42','2024-12-12 22:17:41','2024-12-12 22:17:42'),(564,'submission','a42558c1-f664-435b-9736-391e9deb0b96',2254,2,'','','811448e','New Form',0,0,'138.199.36.242','Mozilla/5.0 (Windows NT 10.0.0; Win64; x64; ) AppleWebKit/537.36 (KHTML, like Gecko) Chrome/124.0.6367.91 Chrome/124.0.6367.91 Not-A.Brand/99  Safari/537.36',1,1,'new',0,'{\"edit_post_id\":\"2\"}','2024-12-13 11:07:58','2024-12-13 11:07:58','2024-12-13 06:07:58','2024-12-13 06:07:58'),(565,'submission','a7cb3590-cb43-4120-8c7b-db4956dd6d83',2258,2,'','','811448e','New Form',0,0,'92.255.85.164','Mozilla/5.0 (Windows NT 10.0; Win64; x64) AppleWebKit/537.36 (KHTML, like Gecko) Chrome/124.0.6367.92 Safari/537.36',1,1,'new',0,'{\"edit_post_id\":\"2\"}','2024-12-14 08:41:03','2024-12-14 08:41:03','2024-12-14 03:41:03','2024-12-14 03:41:03'),(566,'submission','f7730f69-f7e7-4bca-8f13-5475ac3dc7bd',2262,2,'','','811448e','New Form',0,0,'185.147.125.24','Mozilla/5.0 (Windows NT 15.0.0; Win64; x64; ) AppleWebKit/537.36 (KHTML, like Gecko) Chrome/124.0.6367.60 Chrome/124.0.6367.60 Not-A.Brand/99  Safari/537.36',1,1,'new',0,'{\"edit_post_id\":\"2\"}','2024-12-14 11:33:33','2024-12-14 11:33:34','2024-12-14 06:33:33','2024-12-14 06:33:34'),(567,'submission','3c16b692-a1fa-435c-99fd-f69453d75a6d',2266,2,'','','811448e','New Form',0,0,'31.171.155.11','Mozilla/5.0 (Windows NT 10.0.0; Win64; x64; ) AppleWebKit/537.36 (KHTML, like Gecko) Chrome/124.0.6367.63 Chrome/124.0.6367.63 Not-A.Brand/99  Safari/537.36',1,1,'new',0,'{\"edit_post_id\":\"2\"}','2024-12-14 13:31:44','2024-12-14 13:31:44','2024-12-14 08:31:44','2024-12-14 08:31:44'),(568,'submission','1357e717-b3e4-4466-a4ed-528186652ef9',2270,2,'','','811448e','New Form',0,0,'185.147.125.18','Mozilla/5.0 (Windows NT 10.0.0; Win64; x64; ) AppleWebKit/537.36 (KHTML, like Gecko) Chrome/124.0.6367.62 Chrome/124.0.6367.62 Not-A.Brand/99  Safari/537.36',1,1,'new',0,'{\"edit_post_id\":\"2\"}','2024-12-15 03:54:17','2024-12-15 03:54:17','2024-12-14 22:54:17','2024-12-14 22:54:17'),(569,'submission','0fb33de4-4cc2-442d-8fc2-22c43f32f445',2274,2,'','','811448e','New Form',0,0,'185.147.125.24','Mozilla/5.0 (Windows NT 10.0.0; Win64; x64; ) AppleWebKit/537.36 (KHTML, like Gecko) Chrome/124.0.6367.63 Chrome/124.0.6367.63 Not-A.Brand/99  Safari/537.36',1,1,'new',0,'{\"edit_post_id\":\"2\"}','2024-12-15 07:16:21','2024-12-15 07:16:21','2024-12-15 02:16:21','2024-12-15 02:16:21'),(570,'submission','191bdfef-2a58-41f3-9263-d55e8ba28afb',2278,2,'','','811448e','New Form',0,0,'185.7.214.130','Mozilla/5.0 (Windows NT 15.0.0; Win64; x64; ) AppleWebKit/537.36 (KHTML, like Gecko) Chrome/124.0.6367.60 Chrome/124.0.6367.60 Not-A.Brand/99  Safari/537.36',1,1,'new',0,'{\"edit_post_id\":\"2\"}','2024-12-16 03:10:53','2024-12-16 03:10:53','2024-12-15 22:10:53','2024-12-15 22:10:53'),(571,'submission','21d9f618-1836-4ea0-b0ca-f2ad5dd1ccf4',2282,2,'','','811448e','New Form',0,0,'212.102.35.38','Mozilla/5.0 (Windows NT 10.0.0; Win64; x64; ) AppleWebKit/537.36 (KHTML, like Gecko) Chrome/124.0.6367.93 Chrome/124.0.6367.93 Not-A.Brand/99  Safari/537.36',1,1,'new',0,'{\"edit_post_id\":\"2\"}','2024-12-16 08:29:34','2024-12-16 08:29:34','2024-12-16 03:29:34','2024-12-16 03:29:34'),(572,'submission','82e9e68b-ed9a-4cb1-8159-0bd2ccdc789d',2286,2,'https://lubricantesralyxxton.com/','','811448e','New Form',0,0,'212.102.40.8','Mozilla/5.0 (Macintosh; Intel Mac OS X 12_5) AppleWebKit/537.36 (KHTML, like Gecko) Chrome/114.0.0.0 Safari/537.36 Edg/114.0.1264.71',1,1,'new',0,'{\"edit_post_id\":\"2\"}','2024-12-18 14:50:04','2024-12-18 14:50:04','2024-12-18 09:50:04','2024-12-18 09:50:04'),(573,'submission','d98a7c10-99fd-4f05-97a5-47163bb84318',2290,2,'https://lubricantesralyxxton.com/','','811448e','New Form',0,0,'191.102.157.220','Mozilla/5.0 (X11; Linux x86_64) AppleWebKit/537.36 (KHTML, like Gecko) Chrome/125.0.0.0 Safari/537.36',1,1,'new',0,'{\"edit_post_id\":\"2\"}','2024-12-19 23:02:12','2024-12-19 23:02:12','2024-12-19 18:02:12','2024-12-19 18:02:12'),(574,'submission','e6db10fb-28a6-4bf3-879c-530a9cec48ce',2294,2,'','','811448e','New Form',0,0,'46.183.109.49','Mozilla/5.0 (Windows NT 10.0) AppleWebKit/537.36 (KHTML, like Gecko) Chrome/103.0.0.0 Safari/537.36',1,1,'new',0,'{\"edit_post_id\":\"2\"}','2024-12-20 03:49:14','2024-12-20 03:49:14','2024-12-19 22:49:14','2024-12-19 22:49:14'),(575,'submission','58a6bc91-03c3-42de-b4a2-839c2ca9a3cd',2298,2,'','','811448e','New Form',0,0,'37.19.223.114','Mozilla/5.0 (Windows NT 10.0.0; Win64; x64; ) AppleWebKit/537.36 (KHTML, like Gecko) Chrome/124.0.6367.62 Chrome/124.0.6367.62 Not-A.Brand/99  Safari/537.36',1,1,'new',0,'{\"edit_post_id\":\"2\"}','2024-12-21 02:02:31','2024-12-21 02:02:31','2024-12-20 21:02:31','2024-12-20 21:02:31'),(576,'submission','ca171af5-bb7e-4933-bdad-7cf1f566f5ce',2302,2,'','','811448e','New Form',0,0,'92.255.85.164','Mozilla/5.0 (Windows NT 10.0; Win64; x64; ) AppleWebKit/537.36 (KHTML, like Gecko) Chrome/124.0.6367.61 Chrome/124.0.6367.61 Not-A.Brand/99  Safari/537.36',1,1,'new',0,'{\"edit_post_id\":\"2\"}','2024-12-24 03:50:13','2024-12-24 03:50:13','2024-12-23 22:50:13','2024-12-23 22:50:13'),(577,'submission','fa479616-76cb-4ef1-b389-7174143c406e',2306,2,'','','811448e','New Form',0,0,'37.46.113.218','Mozilla/5.0 (Windows NT 10.0.0; Win64; x64; ) AppleWebKit/537.36 (KHTML, like Gecko) Chrome/124.0.6367.93 Chrome/124.0.6367.93 Not-A.Brand/99  Safari/537.36',1,1,'new',0,'{\"edit_post_id\":\"2\"}','2024-12-25 22:29:04','2024-12-25 22:29:04','2024-12-25 17:29:04','2024-12-25 17:29:04'),(578,'submission','7b6656fc-0918-4879-a473-9e8c10c24e23',2310,2,'','','811448e','New Form',0,0,'185.147.125.24','Mozilla/5.0 (Windows NT 10.0.0; Win64; x64; ) AppleWebKit/537.36 (KHTML, like Gecko) Chrome/124.0.6367.63 Chrome/124.0.6367.63 Not-A.Brand/99  Safari/537.36',1,1,'new',0,'{\"edit_post_id\":\"2\"}','2024-12-27 23:37:44','2024-12-27 23:37:44','2024-12-27 18:37:44','2024-12-27 18:37:44'),(579,'submission','c98df2a2-c9b1-4e4b-aea8-f6a776903303',2314,2,'','','811448e','New Form',0,0,'181.214.173.59','Mozilla/5.0 (Windows NT 10.0; Win64; x64) AppleWebKit/537.36 (KHTML, like Gecko) Chrome/130.0.0.0 Safari/537.36 CCleaner/130.0.0.0',1,1,'new',0,'{\"edit_post_id\":\"2\"}','2024-12-28 08:47:48','2024-12-28 08:47:48','2024-12-28 03:47:48','2024-12-28 03:47:48'),(580,'submission','dbdf77dc-7ff4-438c-b18c-c8e9991fb3c2',2318,2,'','','811448e','New Form',0,0,'37.46.113.165','Mozilla/5.0 (Windows NT 10.0; Win64; x64) AppleWebKit/537.36 (KHTML, like Gecko) Chrome/124.0.0.0 Safari/537.36',1,1,'new',0,'{\"edit_post_id\":\"2\"}','2024-12-31 20:26:25','2024-12-31 20:26:25','2024-12-31 15:26:25','2024-12-31 15:26:25'),(581,'submission','02fe4437-5788-454c-bab1-e2ebc03eafba',2322,2,'','','811448e','New Form',0,0,'185.147.125.24','Mozilla/5.0 (Windows NT 10.0.0; Win64; x64; ) AppleWebKit/537.36 (KHTML, like Gecko) Chrome/124.0.6367.119 Chrome/124.0.6367.119 Not-A.Brand/99  Safari/537.36',1,1,'new',0,'{\"edit_post_id\":\"2\"}','2025-01-01 13:03:32','2025-01-01 13:03:32','2025-01-01 08:03:32','2025-01-01 08:03:32'),(582,'submission','6bf28a5a-7048-43e7-9f02-78b8ac68cc9e',2326,2,'','','811448e','New Form',0,0,'92.255.85.164','Mozilla/5.0 (Windows NT 10.0.0; Win64; x64; ) AppleWebKit/537.36 (KHTML, like Gecko) Chrome/124.0.6367.119 Chrome/124.0.6367.119 Not-A.Brand/99  Safari/537.36',1,1,'new',0,'{\"edit_post_id\":\"2\"}','2025-01-02 09:15:41','2025-01-02 09:15:41','2025-01-02 04:15:41','2025-01-02 04:15:41'),(583,'submission','1a210f17-e309-4d60-ba77-1bdc6bfdb33b',2330,2,'https://lubricantesralyxxton.com/','','811448e','New Form',0,0,'212.102.33.44','Mozilla/5.0 (Windows NT 10.0; WOW64) AppleWebKit/537.36 (KHTML, like Gecko) Chrome/114.0.0.0 Safari/537.36 Vivaldi/5.3.2679.68',1,1,'new',0,'{\"edit_post_id\":\"2\"}','2025-01-02 09:57:38','2025-01-02 09:57:38','2025-01-02 04:57:38','2025-01-02 04:57:38'),(584,'submission','1cb618e7-0185-4ede-b35e-912b04f45df9',2334,2,'','','811448e','New Form',0,0,'92.255.85.164','Mozilla/5.0 (Windows NT 10.0; Win64; x64; ) AppleWebKit/537.36 (KHTML, like Gecko) Chrome/124.0.6367.61 Chrome/124.0.6367.61 Not-A.Brand/99  Safari/537.36',1,1,'new',0,'{\"edit_post_id\":\"2\"}','2025-01-02 14:25:42','2025-01-02 14:25:42','2025-01-02 09:25:42','2025-01-02 09:25:42'),(585,'submission','7ac6959f-add3-49f5-b258-14c2870dec84',2338,2,'','','811448e','New Form',0,0,'185.7.214.130','Mozilla/5.0 (Windows NT 10.0.0; Win64; x64; ) AppleWebKit/537.36 (KHTML, like Gecko) Chrome/124.0.6367.78 Chrome/124.0.6367.78 Not-A.Brand/99  Safari/537.36',1,1,'new',0,'{\"edit_post_id\":\"2\"}','2025-01-02 22:58:26','2025-01-02 22:58:26','2025-01-02 17:58:26','2025-01-02 17:58:26'),(586,'submission','d8b05b75-d8bd-47d3-b2b2-7cca59cc6916',2342,2,'','','811448e','New Form',0,0,'151.106.12.248','Mozilla/5.0 (Windows NT 10.0; Win64; x64) AppleWebKit/537.36 (KHTML, like Gecko) Chrome/130.0.0.0 Safari/537.36 CCleaner/130.0.0.0',1,1,'new',0,'{\"edit_post_id\":\"2\"}','2025-01-05 02:35:11','2025-01-05 02:35:11','2025-01-04 21:35:11','2025-01-04 21:35:11'),(587,'submission','61bbb66a-e118-4531-b159-96d64e4596c5',2346,2,'','','811448e','New Form',0,0,'185.7.214.130','Mozilla/5.0 (Windows NT 10.0.0; Win64; x64; ) AppleWebKit/537.36 (KHTML, like Gecko) Chrome/124.0.6367.61 Chrome/124.0.6367.61 Not-A.Brand/99  Safari/537.36',1,1,'new',0,'{\"edit_post_id\":\"2\"}','2025-01-05 17:10:32','2025-01-05 17:10:32','2025-01-05 12:10:32','2025-01-05 12:10:32'),(588,'submission','303248dc-32ba-4aca-a678-2c29553ad5ed',2350,2,'','','811448e','New Form',0,0,'188.126.94.216','Mozilla/5.0 (Windows NT 10.0; Win64; x64) AppleWebKit/537.36 (KHTML, like Gecko) Chrome/131.0.0.0 Safari/537.36 Avast/131.0.0.0',1,1,'new',0,'{\"edit_post_id\":\"2\"}','2025-01-07 12:42:54','2025-01-07 12:42:54','2025-01-07 07:42:54','2025-01-07 07:42:54'),(589,'submission','a53f7adf-62f1-4565-b7d3-aca98b552858',2354,2,'','','811448e','New Form',0,0,'87.249.132.163','Mozilla/5.0 (Windows NT 10.0; Win64; x64) AppleWebKit/537.36 (KHTML, like Gecko) Chrome/131.0.0.0 Safari/537.36',1,1,'new',0,'{\"edit_post_id\":\"2\"}','2025-01-11 18:13:42','2025-01-11 18:13:42','2025-01-11 13:13:42','2025-01-11 13:13:42'),(590,'submission','7ff43548-a837-4bf0-b8e0-bdb0d25351a1',2358,2,'','','811448e','New Form',0,0,'84.17.60.14','Mozilla/5.0 (Windows NT 10.0; Win64; x64) AppleWebKit/537.36 (KHTML, like Gecko) Chrome/131.0.0.0 Safari/537.36',1,1,'new',0,'{\"edit_post_id\":\"2\"}','2025-01-12 00:16:31','2025-01-12 00:16:31','2025-01-11 19:16:31','2025-01-11 19:16:31'),(591,'submission','75f9ba21-f87d-485c-9f14-78fd3c1418c9',2362,2,'','','811448e','New Form',0,0,'185.147.125.24','Mozilla/5.0 (Windows NT 10.0.0; Win64; x64; ) AppleWebKit/537.36 (KHTML, like Gecko) Chrome/124.0.6367.60 Chrome/124.0.6367.60 Not-A.Brand/99  Safari/537.36',1,1,'new',0,'{\"edit_post_id\":\"2\"}','2025-01-12 01:07:30','2025-01-12 01:07:30','2025-01-11 20:07:30','2025-01-11 20:07:30'),(592,'submission','0b7e8c2a-fce2-43a5-bcf2-06e315d96752',2366,2,'https://lubricantesralyxxton.com/','','811448e','New Form',0,0,'162.253.129.133','Mozilla/5.0 (X11; Ubuntu; Linux x86_64; rv:114.0) Gecko/20100101 Firefox/114.0',1,1,'new',0,'{\"edit_post_id\":\"2\"}','2025-01-12 17:08:56','2025-01-12 17:08:56','2025-01-12 12:08:56','2025-01-12 12:08:56'),(593,'submission','3c0cae16-7f96-49cc-bbd8-dc1371d3b6f6',2370,2,'','','811448e','New Form',0,0,'185.173.37.194','Mozilla/5.0 (Windows NT 10.0; Win64; x64) AppleWebKit/537.36 (KHTML, like Gecko) Chrome/131.0.0.0 Safari/537.36 Avast/131.0.0.0',1,1,'new',0,'{\"edit_post_id\":\"2\"}','2025-01-13 03:21:02','2025-01-13 03:21:02','2025-01-12 22:21:02','2025-01-12 22:21:02'),(594,'submission','64a70301-c2e3-4d33-9de2-4966ee8e7199',2374,2,'','','811448e','New Form',0,0,'37.46.113.216','Mozilla/5.0 (Windows NT 15.0.0; Win64; x64; ) AppleWebKit/537.36 (KHTML, like Gecko) Chrome/124.0.6367.119 Chrome/124.0.6367.119 Not-A.Brand/99  Safari/537.36',1,1,'new',0,'{\"edit_post_id\":\"2\"}','2025-01-13 20:23:31','2025-01-13 20:23:31','2025-01-13 15:23:31','2025-01-13 15:23:31'),(595,'submission','14f88f0f-ed90-4324-b45d-ef90aa01e52d',2378,2,'','','811448e','New Form',0,0,'37.46.113.210','Mozilla/5.0 (Windows NT 10.0; Win64; x64) AppleWebKit/537.36 (KHTML, like Gecko) Chrome/131.0.0.0 Safari/537.36 Avast/131.0.0.0',1,1,'new',0,'{\"edit_post_id\":\"2\"}','2025-01-15 00:44:02','2025-01-15 00:44:02','2025-01-14 19:44:02','2025-01-14 19:44:02'),(596,'submission','a754dbde-c2fd-403d-97cd-deb736034d96',2382,2,'','','811448e','New Form',0,0,'185.147.125.24','Mozilla/5.0 (Windows NT 10.0; Win64; x64) AppleWebKit/537.36 (KHTML, like Gecko) Chrome/130.0.0.0 Safari/537.36 CCleaner/130.0.0.0',1,1,'new',0,'{\"edit_post_id\":\"2\"}','2025-01-15 20:57:26','2025-01-15 20:57:26','2025-01-15 15:57:26','2025-01-15 15:57:26'),(597,'submission','4fb9b1a9-8c0a-4fcf-bd21-f10dc847d38e',2386,2,'','','811448e','New Form',0,0,'37.99.42.106','Mozilla/5.0 (Windows NT 10.0; Win64; x64) AppleWebKit/537.36 (KHTML, like Gecko) Chrome/103.0.5060.114 Safari/537.36',1,1,'new',0,'{\"edit_post_id\":\"2\"}','2025-01-15 21:46:57','2025-01-15 21:46:57','2025-01-15 16:46:57','2025-01-15 16:46:57'),(598,'submission','7f55d951-3ce1-4986-b609-834467101949',2390,2,'','','811448e','New Form',0,0,'92.255.85.164','Mozilla/5.0 (Windows NT 10.0; Win64; x64) AppleWebKit/537.36 (KHTML, like Gecko) Chrome/131.0.0.0 Safari/537.36 Avast/131.0.0.0',1,1,'new',0,'{\"edit_post_id\":\"2\"}','2025-01-16 07:17:49','2025-01-16 07:17:49','2025-01-16 02:17:49','2025-01-16 02:17:49'),(599,'submission','c00e7860-3529-4f3c-8896-f79a33b57c64',2394,2,'','','811448e','New Form',0,0,'37.46.113.210','Mozilla/5.0 (Windows NT 10.0; Win64; x64) AppleWebKit/537.36 (KHTML, like Gecko) Chrome/129.0.0.0 Safari/537.36',1,1,'new',0,'{\"edit_post_id\":\"2\"}','2025-01-16 09:38:00','2025-01-16 09:38:00','2025-01-16 04:38:00','2025-01-16 04:38:00'),(600,'submission','5628ce14-6620-4d2c-8c54-d212e1281dbf',2398,2,'','','811448e','New Form',0,0,'138.199.26.88','Mozilla/5.0 (Windows NT 10.0; Win64; x64) AppleWebKit/537.36 (KHTML, like Gecko) Chrome/131.0.0.0 Safari/537.36',1,1,'new',0,'{\"edit_post_id\":\"2\"}','2025-01-16 19:10:20','2025-01-16 19:10:20','2025-01-16 14:10:20','2025-01-16 14:10:20'),(601,'submission','76095521-4737-4931-893c-b449fc996734',2402,2,'','','811448e','New Form',0,0,'185.147.125.18','Mozilla/5.0 (Windows NT 10.0; Win64; x64) AppleWebKit/537.36 (KHTML, like Gecko) Chrome/131.0.0.0 Safari/537.36 Avast/131.0.0.0',1,1,'new',0,'{\"edit_post_id\":\"2\"}','2025-01-17 08:40:53','2025-01-17 08:40:53','2025-01-17 03:40:53','2025-01-17 03:40:53'),(602,'submission','e3cf49a9-3179-4d7d-9555-8e9c7c0c6fe7',2406,2,'','','811448e','New Form',0,0,'92.255.85.164','Mozilla/5.0 (Windows NT 10.0; Win64; x64) AppleWebKit/537.36 (KHTML, like Gecko) Chrome/130.0.0.0 Safari/537.36',1,1,'new',0,'{\"edit_post_id\":\"2\"}','2025-01-17 08:43:19','2025-01-17 08:43:19','2025-01-17 03:43:19','2025-01-17 03:43:19'),(603,'submission','f4247af5-5515-499e-9e22-7cf0e560206c',2410,2,'','','811448e','New Form',0,0,'37.46.113.210','Mozilla/5.0 (Windows NT 10.0; Win64; x64) AppleWebKit/537.36 (KHTML, like Gecko) Chrome/130.0.0.0 Safari/537.36 CCleaner/130.0.0.0',1,1,'new',0,'{\"edit_post_id\":\"2\"}','2025-01-18 00:25:44','2025-01-18 00:25:44','2025-01-17 19:25:44','2025-01-17 19:25:44'),(604,'submission','46c4fdd0-9be0-4d8a-925d-cf77208267d4',2414,2,'','','811448e','New Form',0,0,'46.8.23.80','Mozilla/5.0 (Windows NT 10.0; Win64; x64) AppleWebKit/537.36 (KHTML, like Gecko) Chrome/131.0.0.0 Safari/537.36 Avast/131.0.0.0',1,1,'new',0,'{\"edit_post_id\":\"2\"}','2025-01-18 04:17:55','2025-01-18 04:17:55','2025-01-17 23:17:55','2025-01-17 23:17:55'),(605,'submission','1cff0cd7-78ac-4d88-afd1-b1706775a67e',2418,2,'https://lubricantesralyxxton.com/','','811448e','New Form',0,0,'156.146.38.131','Mozilla/5.0 (Macintosh; Intel Mac OS X 12_5) AppleWebKit/537.36 (KHTML, like Gecko) Chrome/114.0.0.0 Safari/537.36 Vivaldi/5.3.2679.68',1,1,'new',0,'{\"edit_post_id\":\"2\"}','2025-01-18 15:40:16','2025-01-18 15:40:16','2025-01-18 10:40:16','2025-01-18 10:40:16'),(606,'submission','d259898f-8aa9-4f37-b282-9159a767404f',2422,2,'','','811448e','New Form',0,0,'45.154.153.16','Mozilla/5.0 (Windows NT 10.0; Win64; x64) AppleWebKit/537.36 (KHTML, like Gecko) Chrome/130.0.0.0 Safari/537.36 CCleaner/130.0.0.0',1,1,'new',0,'{\"edit_post_id\":\"2\"}','2025-01-19 04:04:21','2025-01-19 04:04:21','2025-01-18 23:04:21','2025-01-18 23:04:21'),(607,'submission','ca557d6f-c474-4fcf-bb02-87aa03067cfe',2426,2,'','','811448e','New Form',0,0,'185.147.125.18','Mozilla/5.0 (Windows NT 10.0; Win64; x64) AppleWebKit/537.36 (KHTML, like Gecko) Chrome/131.0.0.0 Safari/537.36 Avast/131.0.0.0',1,1,'new',0,'{\"edit_post_id\":\"2\"}','2025-01-19 15:41:29','2025-01-19 15:41:29','2025-01-19 10:41:29','2025-01-19 10:41:29'),(608,'submission','6bf7547b-8336-4eb6-b064-a8d467671e3a',2430,2,'','','811448e','New Form',0,0,'37.46.113.161','Mozilla/5.0 (Windows NT 10.0; Win64; x64) AppleWebKit/537.36 (KHTML, like Gecko) Chrome/131.0.0.0 Safari/537.36',1,1,'new',0,'{\"edit_post_id\":\"2\"}','2025-01-21 11:04:54','2025-01-21 11:04:54','2025-01-21 06:04:54','2025-01-21 06:04:54'),(609,'submission','18d0b2a2-30ce-4879-bd87-46361ef994b3',2434,2,'','','811448e','New Form',0,0,'91.201.113.132','Mozilla/5.0 (Windows NT 10.0; Win64; x64) AppleWebKit/537.36 (KHTML, like Gecko) Chrome/130.0.0.0 Safari/537.36',1,1,'new',0,'{\"edit_post_id\":\"2\"}','2025-01-22 22:51:27','2025-01-22 22:51:27','2025-01-22 17:51:27','2025-01-22 17:51:27'),(610,'submission','aa05ca25-f3a8-49bd-9051-a71aac1a94c6',2438,2,'','','811448e','New Form',0,0,'95.165.172.108','Mozilla/5.0 (Windows NT 6.3; Win64; x64) AppleWebKit/537.36 (KHTML, like Gecko) Chrome/103.0.0.0 Safari/537.36',1,1,'new',0,'{\"edit_post_id\":\"2\"}','2025-01-23 23:07:40','2025-01-23 23:07:40','2025-01-23 18:07:40','2025-01-23 18:07:40'),(611,'submission','557c5cac-66f9-4d0b-b128-3ae3e01404d1',2442,2,'','','811448e','New Form',0,0,'185.7.214.130','Mozilla/5.0 (Windows NT 10.0; Win64; x64) AppleWebKit/537.36 (KHTML, like Gecko) Chrome/131.0.0.0 Safari/537.36 Avast/131.0.0.0',1,1,'new',0,'{\"edit_post_id\":\"2\"}','2025-01-25 20:51:59','2025-01-25 20:51:59','2025-01-25 15:51:59','2025-01-25 15:51:59'),(612,'submission','f8d24b67-7195-4bc7-816e-19579e507bc6',2446,2,'','','811448e','New Form',0,0,'87.249.132.187','Mozilla/5.0 (Windows NT 10.0; Win64; x64) AppleWebKit/537.36 (KHTML, like Gecko) Chrome/131.0.0.0 Safari/537.36',1,1,'new',0,'{\"edit_post_id\":\"2\"}','2025-01-26 02:01:15','2025-01-26 02:01:15','2025-01-25 21:01:15','2025-01-25 21:01:15'),(613,'submission','8400ab9b-f8cc-4cd8-814e-92fe4f3d9219',2450,2,'','','811448e','New Form',0,0,'84.38.188.16','Mozilla/5.0 (Windows NT 10.0; Win64; x64) AppleWebKit/537.36 (KHTML, like Gecko) Chrome/103.0.5060.53 Safari/537.36',1,1,'new',0,'{\"edit_post_id\":\"2\"}','2025-01-26 13:12:38','2025-01-26 13:12:38','2025-01-26 08:12:38','2025-01-26 08:12:38'),(614,'submission','a54eb98d-5304-4219-9750-98a51f83d730',2454,2,'','','811448e','New Form',0,0,'185.173.37.194','Mozilla/5.0 (Windows NT 10.0; Win64; x64) AppleWebKit/537.36 (KHTML, like Gecko) Chrome/131.0.0.0 Safari/537.36',1,1,'new',0,'{\"edit_post_id\":\"2\"}','2025-01-27 05:38:29','2025-01-27 05:38:30','2025-01-27 00:38:29','2025-01-27 00:38:30'),(615,'submission','18282762-934c-4c31-bf7e-a34b1fd90ac0',2458,2,'','','811448e','New Form',0,0,'95.165.172.108','Mozilla/5.0 (Windows NT 10.0; WOW64) AppleWebKit/537.36 (KHTML, like Gecko) Chrome/103.0.0.0 Safari/537.36',1,1,'new',0,'{\"edit_post_id\":\"2\"}','2025-01-27 23:09:57','2025-01-27 23:09:57','2025-01-27 18:09:57','2025-01-27 18:09:57'),(616,'submission','6340f25a-b722-44fe-a0c9-91ec1c74c8ee',2462,2,'','','811448e','New Form',0,0,'212.66.41.21','Mozilla/5.0 (Windows NT 10.0; Win64; x64) AppleWebKit/537.36 (KHTML, like Gecko) Chrome/129.0.0.0 Safari/537.36',1,1,'new',0,'{\"edit_post_id\":\"2\"}','2025-01-28 18:01:09','2025-01-28 18:01:10','2025-01-28 13:01:09','2025-01-28 13:01:10'),(617,'submission','2e69a345-5c99-4977-8d21-fbca29e3c2db',2466,2,'','','811448e','New Form',0,0,'185.7.214.130','Mozilla/5.0 (Windows NT 10.0; Win64; x64) AppleWebKit/537.36 (KHTML, like Gecko) Chrome/129.0.0.0 Safari/537.36',1,1,'new',0,'{\"edit_post_id\":\"2\"}','2025-01-29 22:22:13','2025-01-29 22:22:13','2025-01-29 17:22:13','2025-01-29 17:22:13'),(618,'submission','7ca6a030-2ecd-4a7a-a30c-6a7cd79301c1',2470,2,'','','811448e','New Form',0,0,'185.162.33.172','Mozilla/5.0 (Windows NT 10.0; Win64; x64) AppleWebKit/537.36 (KHTML, like Gecko) Chrome/131.0.0.0 Safari/537.36',1,1,'new',0,'{\"edit_post_id\":\"2\"}','2025-01-30 15:20:44','2025-01-30 15:20:44','2025-01-30 10:20:44','2025-01-30 10:20:44'),(619,'submission','3bd26a54-a318-4486-9f94-3175e05a1c44',2474,2,'','','811448e','New Form',0,0,'37.19.223.122','Mozilla/5.0 (Windows NT 10.0; Win64; x64) AppleWebKit/537.36 (KHTML, like Gecko) Chrome/130.0.0.0 Safari/537.36',1,1,'new',0,'{\"edit_post_id\":\"2\"}','2025-02-01 19:24:54','2025-02-01 19:24:54','2025-02-01 14:24:54','2025-02-01 14:24:54'),(620,'submission','e5d4a0dc-33c3-4ae8-a6d0-62a3aa1bd23e',2478,2,'','','811448e','New Form',0,0,'31.171.152.103','Mozilla/5.0 (Windows NT 10.0; Win64; x64) AppleWebKit/537.36 (KHTML, like Gecko) Chrome/130.0.0.0 Safari/537.36 CCleaner/130.0.0.0',1,1,'new',0,'{\"edit_post_id\":\"2\"}','2025-02-03 09:37:10','2025-02-03 09:37:10','2025-02-03 04:37:10','2025-02-03 04:37:10'),(621,'submission','baece51f-9f51-4f55-b645-83c9f65d06c6',2482,2,'','','811448e','New Form',0,0,'91.201.113.132','Mozilla/5.0 (Windows NT 10.0; Win64; x64) AppleWebKit/537.36 (KHTML, like Gecko) Chrome/131.0.0.0 Safari/537.36',1,1,'new',0,'{\"edit_post_id\":\"2\"}','2025-02-05 12:40:12','2025-02-05 12:40:12','2025-02-05 07:40:12','2025-02-05 07:40:12'),(622,'submission','63eae558-e631-4506-a81c-02d5440d5e28',2486,2,'','','811448e','New Form',0,0,'37.46.113.163','Mozilla/5.0 (Windows NT 10.0; Win64; x64) AppleWebKit/537.36 (KHTML, like Gecko) Chrome/129.0.0.0 Safari/537.36',1,1,'new',0,'{\"edit_post_id\":\"2\"}','2025-02-05 20:10:37','2025-02-05 20:10:37','2025-02-05 15:10:37','2025-02-05 15:10:37'),(623,'submission','eb3c5bf8-0eb9-44c3-ac65-a3c29cf9eb10',2490,2,'','','811448e','New Form',0,0,'37.46.113.163','Mozilla/5.0 (Windows NT 10.0; Win64; x64) AppleWebKit/537.36 (KHTML, like Gecko) Chrome/129.0.0.0 Safari/537.36',1,1,'new',0,'{\"edit_post_id\":\"2\"}','2025-02-06 22:07:41','2025-02-06 22:07:41','2025-02-06 17:07:41','2025-02-06 17:07:41'),(624,'submission','fed44e1d-3777-469d-aaeb-943236b6ba54',2494,2,'','','811448e','New Form',0,0,'92.255.85.164','Mozilla/5.0 (Windows NT 10.0; Win64; x64) AppleWebKit/537.36 (KHTML, like Gecko) Chrome/130.0.0.0 Safari/537.36',1,1,'new',0,'{\"edit_post_id\":\"2\"}','2025-02-06 23:51:28','2025-02-06 23:51:28','2025-02-06 18:51:28','2025-02-06 18:51:28'),(625,'submission','298322c6-ea05-4dd7-b535-87e3eff27d40',2498,2,'https://lubricantesralyxxton.com/','','811448e','New Form',0,0,'76.164.207.178','Mozilla/5.0 (X11; Linux x86_64) AppleWebKit/537.36 (KHTML, like Gecko) Chrome/114.0.0.0 Safari/537.36 OPR/89.0.4447.51',1,1,'new',0,'{\"edit_post_id\":\"2\"}','2025-02-07 15:06:20','2025-02-07 15:06:20','2025-02-07 10:06:20','2025-02-07 10:06:20'),(626,'submission','f456b97a-284e-4969-b88a-cfc4d1650e11',2502,2,'','','811448e','New Form',0,0,'185.7.214.130','Mozilla/5.0 (Windows NT 10.0; Win64; x64) AppleWebKit/537.36 (KHTML, like Gecko) Chrome/130.0.0.0 Safari/537.36 CCleaner/130.0.0.0',1,1,'new',0,'{\"edit_post_id\":\"2\"}','2025-02-08 13:50:55','2025-02-08 13:50:55','2025-02-08 08:50:55','2025-02-08 08:50:55'),(627,'submission','6dd7a366-b7c5-412d-a440-cac0323af514',2506,2,'','','811448e','New Form',0,0,'185.189.114.119','Mozilla/5.0 (Windows NT 10.0; Win64; x64) AppleWebKit/537.36 (KHTML, like Gecko) Chrome/131.0.0.0 Safari/537.36 Avast/131.0.0.0',1,1,'new',0,'{\"edit_post_id\":\"2\"}','2025-02-08 14:01:23','2025-02-08 14:01:23','2025-02-08 09:01:23','2025-02-08 09:01:23'),(628,'submission','95d47d8f-268c-4c83-8d8a-a6727fb7c279',2510,2,'','','811448e','New Form',0,0,'84.17.49.76','Mozilla/5.0 (Windows NT 10.0; Win64; x64) AppleWebKit/537.36 (KHTML, like Gecko) Chrome/130.0.0.0 Safari/537.36',1,1,'new',0,'{\"edit_post_id\":\"2\"}','2025-02-08 20:15:29','2025-02-08 20:15:29','2025-02-08 15:15:29','2025-02-08 15:15:29'),(629,'submission','92763c80-d34a-4bce-9bee-01643d1d9ac3',2514,2,'','','811448e','New Form',0,0,'92.255.85.164','Mozilla/5.0 (Windows NT 10.0; Win64; x64) AppleWebKit/537.36 (KHTML, like Gecko) Chrome/131.0.0.0 Safari/537.36',1,1,'new',0,'{\"edit_post_id\":\"2\"}','2025-02-10 08:45:19','2025-02-10 08:45:19','2025-02-10 03:45:19','2025-02-10 03:45:19'),(630,'submission','5349c479-7f2c-445d-9910-f4b4e572869b',2518,2,'','','811448e','New Form',0,0,'95.165.172.108','Mozilla/5.0 (Windows NT 6.1) AppleWebKit/537.36 (KHTML, like Gecko) Chrome/103.0.0.0 Safari/537.36',1,1,'new',0,'{\"edit_post_id\":\"2\"}','2025-02-10 11:48:59','2025-02-10 11:48:59','2025-02-10 06:48:59','2025-02-10 06:48:59'),(631,'submission','4e51bd58-3d53-4423-b40f-b53eab9d9d9a',2522,2,'','','811448e','New Form',0,0,'92.255.57.39','Mozilla/5.0 (Windows NT 10.0; Win64; x64) AppleWebKit/537.36 (KHTML, like Gecko) Chrome/129.0.0.0 Safari/537.36',1,1,'new',0,'{\"edit_post_id\":\"2\"}','2025-02-11 18:07:15','2025-02-11 18:07:15','2025-02-11 13:07:15','2025-02-11 13:07:15'),(632,'submission','6600796f-062b-4627-9c09-1f05308a20a3',2526,2,'','','811448e','New Form',0,0,'89.110.113.233','Mozilla/5.0 (Windows NT 10.0; Win64; x64) AppleWebKit/537.36 (KHTML, like Gecko) Chrome/130.0.0.0 Safari/537.36',1,1,'new',0,'{\"edit_post_id\":\"2\"}','2025-02-12 09:40:40','2025-02-12 09:40:40','2025-02-12 04:40:40','2025-02-12 04:40:40'),(633,'submission','25fbfcc3-8d99-4366-881a-58f4d0316e00',2530,2,'','','811448e','New Form',0,0,'95.165.172.108','Mozilla/5.0 (Windows NT 10.0; WOW64) AppleWebKit/537.36 (KHTML, like Gecko) Chrome/103.0.0.0 Safari/537.36',1,1,'new',0,'{\"edit_post_id\":\"2\"}','2025-02-12 20:25:56','2025-02-12 20:25:56','2025-02-12 15:25:56','2025-02-12 15:25:56'),(634,'submission','7eaa05fa-1f26-44d2-b19b-6dd027012f4f',2534,2,'https://lubricantesralyxxton.com/','','811448e','New Form',0,0,'104.245.144.230','Mozilla/5.0 (Macintosh; Intel Mac OS X 12.5; rv:114.0) Gecko/20100101 Firefox/114.0',1,1,'new',0,'{\"edit_post_id\":\"2\"}','2025-02-12 22:41:13','2025-02-12 22:41:13','2025-02-12 17:41:13','2025-02-12 17:41:13'),(635,'submission','3fb1566d-5602-44f8-831f-63ccc8b5c0ca',2538,2,'','','811448e','New Form',0,0,'78.24.217.99','Mozilla/5.0 (Windows NT 10.0; Win64; x64) AppleWebKit/537.36 (KHTML, like Gecko) Chrome/103.0.5060.66 Safari/537.36',1,1,'new',0,'{\"edit_post_id\":\"2\"}','2025-02-15 12:28:10','2025-02-15 12:28:10','2025-02-15 07:28:10','2025-02-15 07:28:10'),(636,'submission','1eb5f430-7bea-4f3c-bc50-20a74bd61ac3',2542,2,'','','811448e','New Form',0,0,'212.34.148.203','Mozilla/5.0 (Windows NT 10.0; Win64; x64) AppleWebKit/537.36 (KHTML, like Gecko) Chrome/131.0.0.0 Safari/537.36 Avast/131.0.0.0',1,1,'new',0,'{\"edit_post_id\":\"2\"}','2025-02-15 19:48:26','2025-02-15 19:48:26','2025-02-15 14:48:26','2025-02-15 14:48:26'),(637,'submission','532055a0-b6ca-4c55-91fd-1fff66ede711',2546,2,'','','811448e','New Form',0,0,'37.19.223.218','Mozilla/5.0 (Windows NT 10.0; Win64; x64) AppleWebKit/537.36 (KHTML, like Gecko) Chrome/130.0.0.0 Safari/537.36 CCleaner/130.0.0.0',1,1,'new',0,'{\"edit_post_id\":\"2\"}','2025-02-16 02:09:41','2025-02-16 02:09:41','2025-02-15 21:09:41','2025-02-15 21:09:41'),(638,'submission','23704ad2-dc38-47b6-8f81-3c73cc817d4e',2550,2,'https://lubricantesralyxxton.com/','','811448e','New Form',0,0,'193.35.88.87','Mozilla/5.0 (Windows NT 10.0; Win64; x64) AppleWebKit/537.36 (KHTML, like Gecko) Chrome/121.0.0.0 Safari/537.36',1,1,'new',0,'{\"edit_post_id\":\"2\"}','2025-02-16 16:56:06','2025-02-16 16:56:06','2025-02-16 11:56:06','2025-02-16 11:56:06'),(639,'submission','ec341944-3c4e-436a-8b14-0a190d02e6e4',2554,2,'','','811448e','New Form',0,0,'185.147.125.18','Mozilla/5.0 (Windows NT 10.0; Win64; x64) AppleWebKit/537.36 (KHTML, like Gecko) Chrome/129.0.0.0 Safari/537.36',1,1,'new',0,'{\"edit_post_id\":\"2\"}','2025-02-19 06:01:39','2025-02-19 06:01:39','2025-02-19 01:01:39','2025-02-19 01:01:39'),(640,'submission','2d1fb4b3-bdb2-49b3-a171-769cfc933ef5',2558,2,'','','811448e','New Form',0,0,'87.249.132.8','Mozilla/5.0 (Windows NT 10.0; Win64; x64) AppleWebKit/537.36 (KHTML, like Gecko) Chrome/130.0.0.0 Safari/537.36 CCleaner/130.0.0.0',1,1,'new',0,'{\"edit_post_id\":\"2\"}','2025-02-19 06:30:50','2025-02-19 06:30:51','2025-02-19 01:30:50','2025-02-19 01:30:51'),(641,'submission','c8ed5276-896c-4ed0-9708-5cc18c0bfb12',2562,2,'','','811448e','New Form',0,0,'212.34.148.203','Mozilla/5.0 (Windows NT 10.0; Win64; x64) AppleWebKit/537.36 (KHTML, like Gecko) Chrome/129.0.0.0 Safari/537.36',1,1,'new',0,'{\"edit_post_id\":\"2\"}','2025-02-19 14:34:03','2025-02-19 14:34:03','2025-02-19 09:34:03','2025-02-19 09:34:03'),(642,'submission','94927c0f-5e56-4a6c-aa71-53b0b69ff99c',2566,2,'','','811448e','New Form',0,0,'185.147.125.18','Mozilla/5.0 (Windows NT 10.0; Win64; x64) AppleWebKit/537.36 (KHTML, like Gecko) Chrome/130.0.0.0 Safari/537.36',1,1,'new',0,'{\"edit_post_id\":\"2\"}','2025-02-19 20:30:42','2025-02-19 20:30:42','2025-02-19 15:30:42','2025-02-19 15:30:42'),(643,'submission','cf962206-0446-4e9d-8d26-4eb9b22549fa',2570,2,'','','811448e','New Form',0,0,'78.24.217.99','Mozilla/5.0 (Windows NT 6.3; Win64; x64) AppleWebKit/537.36 (KHTML, like Gecko) Chrome/103.0.5060.53 Safari/537.36',1,1,'new',0,'{\"edit_post_id\":\"2\"}','2025-02-20 08:14:37','2025-02-20 08:14:37','2025-02-20 03:14:37','2025-02-20 03:14:37'),(644,'submission','a6b78ef3-21a4-42d9-8ed9-393e3af75a2c',2574,2,'','','811448e','New Form',0,0,'95.165.172.108','Mozilla/5.0 (Windows NT 10.0; Win64; x64) AppleWebKit/537.36 (KHTML, like Gecko) Chrome/103.0.0.0 Safari/537.36 Herring/95.1.8810.11',1,1,'new',0,'{\"edit_post_id\":\"2\"}','2025-02-20 20:50:00','2025-02-20 20:50:00','2025-02-20 15:50:00','2025-02-20 15:50:00'),(645,'submission','02c50903-68ef-4504-af2e-adf593cd9092',2578,2,'','','811448e','New Form',0,0,'92.255.57.39','Mozilla/5.0 (Windows NT 10.0; Win64; x64) AppleWebKit/537.36 (KHTML, like Gecko) Chrome/130.0.0.0 Safari/537.36 CCleaner/130.0.0.0',1,1,'new',0,'{\"edit_post_id\":\"2\"}','2025-02-21 09:05:52','2025-02-21 09:05:52','2025-02-21 04:05:52','2025-02-21 04:05:52'),(646,'submission','67f733cd-212f-4e34-9272-d166841cfd38',2582,2,'','','811448e','New Form',0,0,'95.165.172.108','Mozilla/5.0 (Windows NT 10.0; Win64; x64) AppleWebKit/537.36 (KHTML, like Gecko) Chrome/103.0.5060.134 Safari/537.36',1,1,'new',0,'{\"edit_post_id\":\"2\"}','2025-02-21 14:03:01','2025-02-21 14:03:01','2025-02-21 09:03:01','2025-02-21 09:03:01'),(647,'submission','539347e9-f45d-440e-a8ef-9cfb8dfb08d4',2586,2,'','','811448e','New Form',0,0,'92.255.85.164','Mozilla/5.0 (Windows NT 10.0; Win64; x64) AppleWebKit/537.36 (KHTML, like Gecko) Chrome/131.0.0.0 Safari/537.36',1,1,'new',0,'{\"edit_post_id\":\"2\"}','2025-02-22 10:24:07','2025-02-22 10:24:07','2025-02-22 05:24:07','2025-02-22 05:24:07'),(648,'submission','b53b867e-b674-436b-92c2-3d16a5dfecd0',2590,2,'','','811448e','New Form',0,0,'92.255.85.164','Mozilla/5.0 (Windows NT 10.0; Win64; x64) AppleWebKit/537.36 (KHTML, like Gecko) Chrome/129.0.0.0 Safari/537.36',1,1,'new',0,'{\"edit_post_id\":\"2\"}','2025-02-23 19:49:47','2025-02-23 19:49:47','2025-02-23 14:49:47','2025-02-23 14:49:47'),(649,'submission','ba144dc3-296d-4ada-8dae-e57d194334bd',2594,2,'','','811448e','New Form',0,0,'37.99.97.77','Mozilla/5.0 (Windows NT 6.1; WOW64) AppleWebKit/537.36 (KHTML, like Gecko) Chrome/103.0.0.0 Safari/537.36',1,1,'new',0,'{\"edit_post_id\":\"2\"}','2025-02-24 20:02:23','2025-02-24 20:02:23','2025-02-24 15:02:23','2025-02-24 15:02:23'),(650,'submission','40c6ec67-605f-4804-9a70-56edcd24e7ba',2598,2,'','','811448e','New Form',0,0,'95.165.172.108','Mozilla/5.0 (Windows NT 10.0; Win64; x64) AppleWebKit/537.36 (KHTML, like Gecko) Chrome/103.0.5060.114 Safari/537.36',1,1,'new',0,'{\"edit_post_id\":\"2\"}','2025-02-24 20:58:46','2025-02-24 20:58:46','2025-02-24 15:58:46','2025-02-24 15:58:46'),(651,'submission','646ed38c-74f6-474e-b302-5de97ba7f073',2602,2,'','','811448e','New Form',0,0,'185.7.214.130','Mozilla/5.0 (Windows NT 10.0; Win64; x64) AppleWebKit/537.36 (KHTML, like Gecko) Chrome/131.0.0.0 Safari/537.36',1,1,'new',0,'{\"edit_post_id\":\"2\"}','2025-02-25 03:50:27','2025-02-25 03:50:27','2025-02-24 22:50:27','2025-02-24 22:50:27'),(652,'submission','15c3a58d-be0e-44aa-bebf-c3ef2bf6c499',2606,2,'','','811448e','New Form',0,0,'95.165.172.108','Mozilla/5.0 (Windows NT 6.1; Win64; x64) AppleWebKit/537.36 (KHTML, like Gecko) Chrome/103.0.5060.114 Safari/537.36',1,1,'new',0,'{\"edit_post_id\":\"2\"}','2025-02-25 18:56:53','2025-02-25 18:56:53','2025-02-25 13:56:53','2025-02-25 13:56:53'),(653,'submission','5e40e0d6-fe7a-4240-a3c8-11403e5e6b44',2610,2,'','','811448e','New Form',0,0,'95.165.172.108','Mozilla/5.0 (Windows NT 6.1; Win64; x64) AppleWebKit/537.36 (KHTML, like Gecko) Chrome/103.0.5060.114 Safari/537.36',1,1,'new',0,'{\"edit_post_id\":\"2\"}','2025-02-26 16:53:53','2025-02-26 16:53:53','2025-02-26 11:53:53','2025-02-26 11:53:53'),(654,'submission','d3e9de0a-8ed6-44be-bda6-f09ebc35ee0f',2614,2,'https://lubricantesralyxxton.com/','','811448e','New Form',0,0,'193.34.74.201','Mozilla/5.0 (Windows NT 10.0; Win64; x64; rv:126.0) Gecko/20100101 Firefox/126.0',1,1,'new',0,'{\"edit_post_id\":\"2\"}','2025-02-26 17:19:14','2025-02-26 17:19:14','2025-02-26 12:19:14','2025-02-26 12:19:14'),(655,'submission','070767c7-1a81-4015-82c5-2fc37046221f',2618,2,'','','811448e','New Form',0,0,'92.255.57.39','Mozilla/5.0 (Windows NT 10.0; Win64; x64) AppleWebKit/537.36 (KHTML, like Gecko) Chrome/131.0.0.0 Safari/537.36 Avast/131.0.0.0',1,1,'new',0,'{\"edit_post_id\":\"2\"}','2025-02-27 03:21:42','2025-02-27 03:21:42','2025-02-26 22:21:42','2025-02-26 22:21:42'),(656,'submission','62578ee1-7dcd-46fa-8ea4-82d8f55d14ad',2622,2,'','','811448e','New Form',0,0,'89.105.223.182','Mozilla/5.0 (Windows NT 6.3; Win64; x64) AppleWebKit/537.36 (KHTML, like Gecko) Chrome/103.0.5060.114 Safari/537.36',1,1,'new',0,'{\"edit_post_id\":\"2\"}','2025-02-27 04:04:32','2025-02-27 04:04:32','2025-02-26 23:04:32','2025-02-26 23:04:32'),(657,'submission','5ee75661-80b1-4a66-96af-9353a1cdfcf1',2626,2,'','','811448e','New Form',0,0,'95.165.172.108','Mozilla/5.0 (Windows NT 10.0; Win64; x64) AppleWebKit/537.36 (KHTML, like Gecko) Chrome/103.0.5060.53 Safari/537.36',1,1,'new',0,'{\"edit_post_id\":\"2\"}','2025-02-27 16:44:41','2025-02-27 16:44:41','2025-02-27 11:44:41','2025-02-27 11:44:41'),(658,'submission','8eb96bc5-34c9-4efd-bb02-eb8a5375f6d1',2630,2,'','','811448e','New Form',0,0,'37.19.223.25','Mozilla/5.0 (Windows NT 10.0; Win64; x64) AppleWebKit/537.36 (KHTML, like Gecko) Chrome/129.0.0.0 Safari/537.36',1,1,'new',0,'{\"edit_post_id\":\"2\"}','2025-02-27 19:35:06','2025-02-27 19:35:06','2025-02-27 14:35:06','2025-02-27 14:35:06');

--
